{"id":9,"date":"2022-01-14T01:42:52","date_gmt":"2022-01-14T01:42:52","guid":{"rendered":"https:\/\/publissoft.dev\/spasante\/?page_id=9"},"modified":"2024-04-29T17:11:49","modified_gmt":"2024-04-29T21:11:49","slug":"accueil","status":"publish","type":"page","link":"https:\/\/publissoft.dev\/spasante\/accueil\/","title":{"rendered":"Accueil"},"content":{"rendered":"<div class=\"section parallax-bg SP-product\">\n<div class=\"parallax parallax__home\"><\/div>\n<div class=\"certifCadeau relative\">\n<p class=\"certifCadeau__text\">Certificat Cadeau<\/p>\n<p><img decoding=\"async\" class=\"certifCadeau__img\" src=\"https:\/\/publissoft.dev\/spasante\/wp-content\/uploads\/2022\/02\/cadeau.png\" alt=\"Certificat Cadeau\" \/><\/p>\n<div class=\"url__absolute\"><a class=\"link\" title=\"Certificat Cadeau\" href=\"https:\/\/publissoft.dev\/spasante\/categorie-produit\/forfaits\/#fortaits-category\">.<\/a><\/div>\n<\/div>\n<\/div>\n<div class=\"grid__services_produits\">\n<div class=\"grid__service_produits-box\">\n<div class=\"service__produits-info\">\n<div class=\"img-container\"><img decoding=\"async\" src=\"https:\/\/cdn.shopify.com\/s\/files\/1\/0553\/4226\/8556\/files\/photo_Massotherapie.jpg?v=1636696718\" alt=\"massotherapie\" \/><\/div>\n<p class=\"service__produits-text\">Massoth\u00e9rapie<\/p>\n<div class=\"overlay-green\"><\/div>\n<div class=\"link-container\"><a href=\"\/categorie-produit\/massotherapie\/#masso-category\">.<\/a><\/div>\n<\/div>\n<\/div>\n<div class=\"grid__service_produits-box\">\n<div class=\"service__produits-info\">\n<div class=\"img-container\"><img decoding=\"async\" src=\"https:\/\/cdn.shopify.com\/s\/files\/1\/0553\/4226\/8556\/files\/photo_produits.jpg?v=1636697521\" alt=\"produits\" \/><\/div>\n<p class=\"service__produits-text text-center\">Produits<\/p>\n<div class=\"overlay-gray\"><\/div>\n<div class=\"link-container\"><a href=\"\/categorie-produit\/produits\/#products-category\">.<\/a><\/div>\n<\/div>\n<\/div>\n<div class=\"grid__service_produits-box\">\n<div class=\"service__produits-info\">\n<div class=\"img-container\"><img decoding=\"async\" src=\"https:\/\/cdn.shopify.com\/s\/files\/1\/0553\/4226\/8556\/files\/photo_spa.jpg?v=1636697550\" alt=\"spa\" \/><\/div>\n<p class=\"service__produits-text\">Spa<\/p>\n<div class=\"overlay-brown\"><\/div>\n<div class=\"link-container\"><a href=\"\/categorie-produit\/bains-thermiques\/#bains-category\">.<\/a><\/div>\n<\/div>\n<\/div>\n<div class=\"grid__service_produits-box\">\n<div class=\"service__produits-info\">\n<div class=\"img-container\"><img decoding=\"async\" src=\"https:\/\/cdn.shopify.com\/s\/files\/1\/0553\/4226\/8556\/files\/photo_soins.jpg?v=1636697580\" alt=\"soins\" \/><\/div>\n<p class=\"service__produits-text text-center\">Soins<\/p>\n<div class=\"overlay-green\"><\/div>\n<div class=\"link-container\"><a href=\"\/categorie-produit\/soins\/#soins-category\">.<\/a><\/div>\n<\/div>\n<\/div>\n<div class=\"grid__service_produits-box\">\n<div class=\"service__produits-info\">\n<div class=\"img-container\"><img decoding=\"async\" src=\"https:\/\/cdn.shopify.com\/s\/files\/1\/0553\/4226\/8556\/files\/photo_forfaits.jpg?v=1636697612\" alt=\"forfaits\" \/><\/div>\n<p class=\"service__produits-text\">Forfaits<\/p>\n<div class=\"overlay-gray\"><\/div>\n<div class=\"link-container\"><a href=\"\/categorie-produit\/forfaits\/#fortaits-category\">.<\/a><\/div>\n<\/div>\n<\/div>\n<div class=\"grid__service_produits-box\">\n<div class=\"service__produits-info\">\n<div class=\"img-container\"><img decoding=\"async\" src=\"https:\/\/cdn.shopify.com\/s\/files\/1\/0553\/4226\/8556\/files\/photo_promotions.jpg?v=1636697637\" alt=\"promotions\" \/><\/div>\n<p class=\"service__produits-text\">Promotions<\/p>\n<div class=\"overlay-brown\"><\/div>\n<div class=\"link-container\"><a href=\"\/categorie-produit\/promotions-du-mois\/#promo-category\">.<\/a><\/div>\n<\/div>\n<\/div>\n<\/div>\n<div class=\"conteiner-filter\">\n<div class=\"conteiner-text\">\n<h4>TOUS LES PRODUITS<\/h4>\n<\/div>\n<div class=\"woocommerce columns-4 \"><div class=\"row gutter-md\"><div class=\"entry flex-entry col col-xs-12 col-sm-6 col-md-6 col-lg-3 has-image-none column product type-product post-1218 status-publish first instock product_cat-aquafolia product_cat-gift-card product_cat-produits product_cat-tous has-post-thumbnail taxable shipping-taxable purchasable product-type-variable\">\n\t<a href=\"https:\/\/publissoft.dev\/spasante\/produit\/mousse-nettoyante-cell-probio\/\" class=\"woocommerce-LoopProduct-link woocommerce-loop-product__link\"><img fetchpriority=\"high\" decoding=\"async\" width=\"561\" height=\"560\" src=\"https:\/\/publissoft.dev\/spasante\/wp-content\/uploads\/2022\/01\/SpaSanteLeNenuphar-MousseNettoyanteCellProbio.jpg\" class=\"attachment-woocommerce_thumbnail size-woocommerce_thumbnail\" alt=\"\" data-xooWscFly=\"fly\" \/><div class=\"entry-content\"><h2 class=\"woocommerce-loop-product__title\">Aquafolia &#8211; Mousse Nettoyante Cell Probio<\/h2>\n\t<span class=\"price\"><span class=\"woocommerce-Price-amount amount\"><bdi><span class=\"woocommerce-Price-currencySymbol\">&#36;<\/span>51.50<\/bdi><\/span> &ndash; <span class=\"woocommerce-Price-amount amount\"><bdi><span class=\"woocommerce-Price-currencySymbol\">&#36;<\/span>103.00<\/bdi><\/span><\/span>\n<\/a><a href=\"https:\/\/publissoft.dev\/spasante\/produit\/mousse-nettoyante-cell-probio\/\" data-quantity=\"1\" class=\"button product_type_variable add_to_cart_button\" data-product_id=\"1218\" data-product_sku=\"6713097126028-mousse-nettoyante-cell-probio\" aria-label=\"Select options for &ldquo;Aquafolia - Mousse Nettoyante Cell Probio&rdquo;\" aria-describedby=\"This product has multiple variants. The options may be chosen on the product page\" rel=\"nofollow\">Select options<\/a><\/div><\/div>\n<div class=\"entry flex-entry col col-xs-12 col-sm-6 col-md-6 col-lg-3 has-image-none column product type-product post-495 status-publish instock product_cat-aquafolia product_cat-gift-card product_cat-produits product_cat-tous has-post-thumbnail taxable shipping-taxable purchasable product-type-variable\">\n\t<a href=\"https:\/\/publissoft.dev\/spasante\/produit\/fluide-triple-action-3a\/\" class=\"woocommerce-LoopProduct-link woocommerce-loop-product__link\"><img decoding=\"async\" width=\"902\" height=\"2560\" src=\"https:\/\/publissoft.dev\/spasante\/wp-content\/uploads\/2022\/01\/SpaSanteLeNenuphar_Fluide_30ml-scaled.jpg\" class=\"attachment-woocommerce_thumbnail size-woocommerce_thumbnail\" alt=\"\" data-xooWscFly=\"fly\" \/><div class=\"entry-content\"><h2 class=\"woocommerce-loop-product__title\">Aquafolia &#8211; Fluide Triple Action 3A<\/h2>\n\t<span class=\"price\"><span class=\"woocommerce-Price-amount amount\"><bdi><span class=\"woocommerce-Price-currencySymbol\">&#36;<\/span>66.00<\/bdi><\/span><\/span>\n<\/a><a href=\"https:\/\/publissoft.dev\/spasante\/produit\/fluide-triple-action-3a\/\" data-quantity=\"1\" class=\"button product_type_variable add_to_cart_button\" data-product_id=\"495\" data-product_sku=\"6713021694092-fluide-triple-action-3a\" aria-label=\"Select options for &ldquo;Aquafolia - Fluide Triple Action 3A&rdquo;\" aria-describedby=\"This product has multiple variants. The options may be chosen on the product page\" rel=\"nofollow\">Select options<\/a><\/div><\/div>\n<div class=\"entry flex-entry col col-xs-12 col-sm-6 col-md-6 col-lg-3 has-image-none column product type-product post-466 status-publish instock product_cat-aquafolia product_cat-gift-card product_cat-produits product_cat-tous has-post-thumbnail taxable shipping-taxable purchasable product-type-simple\">\n\t<a href=\"https:\/\/publissoft.dev\/spasante\/produit\/elixir-relipidant\/\" class=\"woocommerce-LoopProduct-link woocommerce-loop-product__link\"><img decoding=\"async\" width=\"240\" height=\"300\" src=\"https:\/\/publissoft.dev\/spasante\/wp-content\/uploads\/2022\/01\/ElixirRelipidantAquaNUTRIA.jpg\" class=\"attachment-woocommerce_thumbnail size-woocommerce_thumbnail\" alt=\"\" data-xooWscFly=\"fly\" \/><div class=\"entry-content\"><h2 class=\"woocommerce-loop-product__title\">Aquafolia &#8211; \u00c9lixir Relipidant<\/h2>\n\t<span class=\"price\"><span class=\"woocommerce-Price-amount amount\"><bdi><span class=\"woocommerce-Price-currencySymbol\">&#36;<\/span>93.00<\/bdi><\/span><\/span>\n<\/a><a href=\"?add-to-cart=466\" data-quantity=\"1\" class=\"button product_type_simple add_to_cart_button ajax_add_to_cart\" data-product_id=\"466\" data-product_sku=\"\" aria-label=\"Add to cart: &ldquo;Aquafolia - \u00c9lixir Relipidant&rdquo;\" aria-describedby=\"\" rel=\"nofollow\">Add to cart<\/a><\/div><\/div>\n<div class=\"entry flex-entry col col-xs-12 col-sm-6 col-md-6 col-lg-3 has-image-none column product type-product post-288 status-publish last instock product_cat-aquafolia product_cat-gift-card product_cat-produits product_cat-tous has-post-thumbnail taxable shipping-taxable purchasable product-type-variable\">\n\t<a href=\"https:\/\/publissoft.dev\/spasante\/produit\/creme-triple-action-3a\/\" class=\"woocommerce-LoopProduct-link woocommerce-loop-product__link\"><img loading=\"lazy\" decoding=\"async\" width=\"902\" height=\"2560\" src=\"https:\/\/publissoft.dev\/spasante\/wp-content\/uploads\/2022\/01\/SpaSanteLeNenuphar_Creme_30ml-scaled.jpg\" class=\"attachment-woocommerce_thumbnail size-woocommerce_thumbnail\" alt=\"\" data-xooWscFly=\"fly\" \/><div class=\"entry-content\"><h2 class=\"woocommerce-loop-product__title\">Aquafolia &#8211; Cr\u00e8me Triple Action 3A<\/h2>\n\t<span class=\"price\"><span class=\"woocommerce-Price-amount amount\"><bdi><span class=\"woocommerce-Price-currencySymbol\">&#36;<\/span>66.00<\/bdi><\/span><\/span>\n<\/a><a href=\"https:\/\/publissoft.dev\/spasante\/produit\/creme-triple-action-3a\/\" data-quantity=\"1\" class=\"button product_type_variable add_to_cart_button\" data-product_id=\"288\" data-product_sku=\"6713025757324-creme-triple-action-3a\" aria-label=\"Select options for &ldquo;Aquafolia - Cr\u00e8me Triple Action 3A&rdquo;\" aria-describedby=\"This product has multiple variants. The options may be chosen on the product page\" rel=\"nofollow\">Select options<\/a><\/div><\/div>\n<div class=\"entry flex-entry col col-xs-12 col-sm-6 col-md-6 col-lg-3 has-image-none column product type-product post-275 status-publish first instock product_cat-aquafolia product_cat-gift-card product_cat-produits product_cat-tous has-post-thumbnail taxable shipping-taxable purchasable product-type-variable\">\n\t<a href=\"https:\/\/publissoft.dev\/spasante\/produit\/creme-aquaunde\/\" class=\"woocommerce-LoopProduct-link woocommerce-loop-product__link\"><img loading=\"lazy\" decoding=\"async\" width=\"662\" height=\"2560\" src=\"https:\/\/publissoft.dev\/spasante\/wp-content\/uploads\/2022\/01\/SpaSanteLeNenuphar_AquaUnde_Creme_50ml-scaled.jpg\" class=\"attachment-woocommerce_thumbnail size-woocommerce_thumbnail\" alt=\"\" data-xooWscFly=\"fly\" \/><div class=\"entry-content\"><h2 class=\"woocommerce-loop-product__title\">Aquafolia &#8211; Cr\u00e8me AquaUNDE<\/h2>\n\t<span class=\"price\"><span class=\"woocommerce-Price-amount amount\"><bdi><span class=\"woocommerce-Price-currencySymbol\">&#36;<\/span>95.00<\/bdi><\/span> &ndash; <span class=\"woocommerce-Price-amount amount\"><bdi><span class=\"woocommerce-Price-currencySymbol\">&#36;<\/span>147.00<\/bdi><\/span><\/span>\n<\/a><a href=\"https:\/\/publissoft.dev\/spasante\/produit\/creme-aquaunde\/\" data-quantity=\"1\" class=\"button product_type_variable add_to_cart_button\" data-product_id=\"275\" data-product_sku=\"6713069535372-creme-aquaunde\" aria-label=\"Select options for &ldquo;Aquafolia - Cr\u00e8me AquaUNDE&rdquo;\" aria-describedby=\"This product has multiple variants. The options may be chosen on the product page\" rel=\"nofollow\">Select options<\/a><\/div><\/div>\n<div class=\"entry flex-entry col col-xs-12 col-sm-6 col-md-6 col-lg-3 has-image-none column product type-product post-273 status-publish instock product_cat-aquafolia product_cat-gift-card product_cat-produits product_cat-tous has-post-thumbnail taxable shipping-taxable purchasable product-type-variable\">\n\t<a href=\"https:\/\/publissoft.dev\/spasante\/produit\/creme-aqua-secours\/\" class=\"woocommerce-LoopProduct-link woocommerce-loop-product__link\"><img loading=\"lazy\" decoding=\"async\" width=\"240\" height=\"622\" src=\"https:\/\/publissoft.dev\/spasante\/wp-content\/uploads\/2022\/01\/SpaSanteLeNenuphar_AquaSecours_Creme_60ml-e1643317189393.jpg\" class=\"attachment-woocommerce_thumbnail size-woocommerce_thumbnail\" alt=\"\" data-xooWscFly=\"fly\" \/><div class=\"entry-content\"><h2 class=\"woocommerce-loop-product__title\">Aquafolia &#8211; Cr\u00e8me Aqua Secours<\/h2>\n\t<span class=\"price\"><span class=\"woocommerce-Price-amount amount\"><bdi><span class=\"woocommerce-Price-currencySymbol\">&#36;<\/span>67.50<\/bdi><\/span><\/span>\n<\/a><a href=\"https:\/\/publissoft.dev\/spasante\/produit\/creme-aqua-secours\/\" data-quantity=\"1\" class=\"button product_type_variable add_to_cart_button\" data-product_id=\"273\" data-product_sku=\"\" aria-label=\"Select options for &ldquo;Aquafolia - Cr\u00e8me Aqua Secours&rdquo;\" aria-describedby=\"This product has multiple variants. The options may be chosen on the product page\" rel=\"nofollow\">Select options<\/a><\/div><\/div>\n<div class=\"entry flex-entry col col-xs-12 col-sm-6 col-md-6 col-lg-3 has-image-none column product type-product post-78 status-publish instock product_cat-aquafolia product_cat-gift-card product_cat-produits product_cat-tous has-post-thumbnail taxable shipping-taxable purchasable product-type-variable\">\n\t<a href=\"https:\/\/publissoft.dev\/spasante\/produit\/aqua-secours-lift-gel\/\" class=\"woocommerce-LoopProduct-link woocommerce-loop-product__link\"><img loading=\"lazy\" decoding=\"async\" width=\"240\" height=\"681\" src=\"https:\/\/publissoft.dev\/spasante\/wp-content\/uploads\/2022\/01\/SpaSanteLeNenuphar_AquaSecours_Lift_Gel_30ml-e1643316325826.jpg\" class=\"attachment-woocommerce_thumbnail size-woocommerce_thumbnail\" alt=\"\" data-xooWscFly=\"fly\" \/><div class=\"entry-content\"><h2 class=\"woocommerce-loop-product__title\">Aquafolia &#8211; Aqua Secours Lift Gel<\/h2>\n\t<span class=\"price\"><span class=\"woocommerce-Price-amount amount\"><bdi><span class=\"woocommerce-Price-currencySymbol\">&#36;<\/span>78.00<\/bdi><\/span><\/span>\n<\/a><a href=\"https:\/\/publissoft.dev\/spasante\/produit\/aqua-secours-lift-gel\/\" data-quantity=\"1\" class=\"button product_type_variable add_to_cart_button\" data-product_id=\"78\" data-product_sku=\"6713051283596-aquasecours-lift-gel\" aria-label=\"Select options for &ldquo;Aquafolia - Aqua Secours Lift Gel&rdquo;\" aria-describedby=\"This product has multiple variants. The options may be chosen on the product page\" rel=\"nofollow\">Select options<\/a><\/div><\/div>\n<\/div><\/div>\n<p style=\"text-align: center;\"><a class=\"btn_primary\" href=\"https:\/\/publissoft.dev\/spasante\/categorie-produit\/aquafolia\/\"> Tout Afficher<\/a><\/p>\n<\/div>\n<div style=\"padding: 1% 5% 1.5% 5%;\">\n<h2 style=\"text-align: center; font-weight: 600;\"><strong>S&#8217;inscrire \u00e0 notre infolettre.<\/strong><\/h2>\n<div class=\"tnp tnp-subscription\">\n<form action=\"https:\/\/publissoft.dev\/spasante\/?na=s\" method=\"post\">\n<p style=\"text-align: center;\"><input name=\"nlang\" type=\"hidden\" value=\"\" \/><\/p>\n<div class=\"tnp-field tnp-field-email\" style=\"text-align: center;\">\n<p>Soyez les premiers \u00e0 \u00eatre inform\u00e9s des nouvelles collections et des offres exclusives.<\/p>\n<p><input id=\"tnp-1\" class=\"tnp-email\" name=\"ne\" required=\"\" type=\"email\" value=\"\" placeholder=\"E-mail\" \/><\/p>\n<\/div>\n<div class=\"tnp-field tnp-field-button\" style=\"text-align: center;\"><input class=\"tnp-submit\" type=\"submit\" value=\"s'abonner\" \/><\/div>\n<\/form>\n<\/div>\n<\/div>\n","protected":false},"excerpt":{"rendered":"<p>Certificat Cadeau . Massoth\u00e9rapie . Produits . Spa . Soins . Forfaits . Promotions . TOUS LES PRODUITS Tout Afficher S&#8217;inscrire \u00e0 notre infolettre. Soyez les premiers \u00e0 \u00eatre inform\u00e9s des nouvelles collections et des offres exclusives.<\/p>\n","protected":false},"author":1,"featured_media":0,"parent":0,"menu_order":0,"comment_status":"closed","ping_status":"closed","template":"sections.php","meta":{"_acf_changed":false,"_genesis_hide_title":false,"_genesis_hide_breadcrumbs":false,"_genesis_hide_singular_image":false,"_genesis_hide_footer_widgets":false,"_genesis_custom_body_class":"","_genesis_custom_post_class":"","_genesis_layout":"","footnotes":""},"class_list":{"0":"post-9","1":"page","2":"type-page","3":"status-publish","5":"entry"},"acf":[],"yoast_head":"<!-- This site is optimized with the Yoast SEO plugin v22.5 - https:\/\/yoast.com\/wordpress\/plugins\/seo\/ -->\n<title>Massage, soins corporels et bains \u00e0 Terrebonne \u2013 Spa Sant\u00e9 Le N\u00e9nuphar<\/title>\n<meta name=\"description\" content=\"Spa sant\u00e9 Le N\u00e9nuphar - Massage, soins corporels et bains \u00e0 Terrebonne\" \/>\n<meta name=\"robots\" content=\"noindex, follow, max-snippet:-1, max-image-preview:large, max-video-preview:-1\" \/>\n<meta property=\"og:locale\" content=\"fr_CA\" \/>\n<meta property=\"og:type\" content=\"article\" \/>\n<meta property=\"og:title\" content=\"Massage, soins corporels et bains \u00e0 Terrebonne \u2013 Spa Sant\u00e9 Le N\u00e9nuphar\" \/>\n<meta property=\"og:description\" content=\"Spa sant\u00e9 Le N\u00e9nuphar - Massage, soins corporels et bains \u00e0 Terrebonne\" \/>\n<meta property=\"og:url\" content=\"https:\/\/publissoft.dev\/spasante\/accueil\/\" \/>\n<meta property=\"og:site_name\" content=\"Spa Sant\u00e9 Le N\u00e9nuphar\" \/>\n<meta property=\"article:publisher\" content=\"https:\/\/www.facebook.com\/SpaSanteLeNenuphar\" \/>\n<meta property=\"article:modified_time\" content=\"2024-04-29T21:11:49+00:00\" \/>\n<meta property=\"og:image\" content=\"https:\/\/publissoft.dev\/spasante\/wp-content\/uploads\/2022\/02\/cadeau.png\" \/>\n<meta name=\"twitter:card\" content=\"summary_large_image\" \/>\n<meta name=\"twitter:label1\" content=\"Estimation du temps de lecture\" \/>\n\t<meta name=\"twitter:data1\" content=\"3 minutes\" \/>\n<script type=\"application\/ld+json\" class=\"yoast-schema-graph\">{\"@context\":\"https:\/\/schema.org\",\"@graph\":[{\"@type\":\"WebPage\",\"@id\":\"https:\/\/publissoft.dev\/spasante\/accueil\/\",\"url\":\"https:\/\/publissoft.dev\/spasante\/accueil\/\",\"name\":\"Massage, soins corporels et bains \u00e0 Terrebonne \u2013 Spa Sant\u00e9 Le N\u00e9nuphar\",\"isPartOf\":{\"@id\":\"https:\/\/publissoft.dev\/spasante\/#website\"},\"primaryImageOfPage\":{\"@id\":\"https:\/\/publissoft.dev\/spasante\/accueil\/#primaryimage\"},\"image\":{\"@id\":\"https:\/\/publissoft.dev\/spasante\/accueil\/#primaryimage\"},\"thumbnailUrl\":\"https:\/\/publissoft.dev\/spasante\/wp-content\/uploads\/2022\/02\/cadeau.png\",\"datePublished\":\"2022-01-14T01:42:52+00:00\",\"dateModified\":\"2024-04-29T21:11:49+00:00\",\"description\":\"Spa sant\u00e9 Le N\u00e9nuphar - Massage, soins corporels et bains \u00e0 Terrebonne\",\"breadcrumb\":{\"@id\":\"https:\/\/publissoft.dev\/spasante\/accueil\/#breadcrumb\"},\"inLanguage\":\"fr-CA\",\"potentialAction\":[{\"@type\":\"ReadAction\",\"target\":[\"https:\/\/publissoft.dev\/spasante\/accueil\/\"]}]},{\"@type\":\"ImageObject\",\"inLanguage\":\"fr-CA\",\"@id\":\"https:\/\/publissoft.dev\/spasante\/accueil\/#primaryimage\",\"url\":\"https:\/\/publissoft.dev\/spasante\/wp-content\/uploads\/2022\/02\/cadeau.png\",\"contentUrl\":\"https:\/\/publissoft.dev\/spasante\/wp-content\/uploads\/2022\/02\/cadeau.png\",\"width\":88,\"height\":106,\"caption\":\"cadeau\"},{\"@type\":\"BreadcrumbList\",\"@id\":\"https:\/\/publissoft.dev\/spasante\/accueil\/#breadcrumb\",\"itemListElement\":[{\"@type\":\"ListItem\",\"position\":1,\"name\":\"Accueil\",\"item\":\"https:\/\/publissoft.dev\/spasante\/\"},{\"@type\":\"ListItem\",\"position\":2,\"name\":\"Accueil\"}]},{\"@type\":\"WebSite\",\"@id\":\"https:\/\/publissoft.dev\/spasante\/#website\",\"url\":\"https:\/\/publissoft.dev\/spasante\/\",\"name\":\"Spa Sant\u00e9 Le N\u00e9nuphar\",\"description\":\"\",\"publisher\":{\"@id\":\"https:\/\/publissoft.dev\/spasante\/#organization\"},\"potentialAction\":[{\"@type\":\"SearchAction\",\"target\":{\"@type\":\"EntryPoint\",\"urlTemplate\":\"https:\/\/publissoft.dev\/spasante\/?s={search_term_string}\"},\"query-input\":\"required name=search_term_string\"}],\"inLanguage\":\"fr-CA\"},{\"@type\":\"Organization\",\"@id\":\"https:\/\/publissoft.dev\/spasante\/#organization\",\"name\":\"Spa Sant\u00e9 Le N\u00e9nuphar\",\"url\":\"https:\/\/publissoft.dev\/spasante\/\",\"logo\":{\"@type\":\"ImageObject\",\"inLanguage\":\"fr-CA\",\"@id\":\"https:\/\/publissoft.dev\/spasante\/#\/schema\/logo\/image\/\",\"url\":\"https:\/\/publissoft.dev\/spasante\/wp-content\/uploads\/2022\/11\/logo-jpg.jpeg\",\"contentUrl\":\"https:\/\/publissoft.dev\/spasante\/wp-content\/uploads\/2022\/11\/logo-jpg.jpeg\",\"width\":900,\"height\":900,\"caption\":\"Spa Sant\u00e9 Le N\u00e9nuphar\"},\"image\":{\"@id\":\"https:\/\/publissoft.dev\/spasante\/#\/schema\/logo\/image\/\"},\"sameAs\":[\"https:\/\/www.facebook.com\/SpaSanteLeNenuphar\",\"https:\/\/www.instagram.com\/spasantelenenuphar\/?hl=fr\"]}]}<\/script>\n<!-- \/ Yoast SEO plugin. -->","yoast_head_json":{"title":"Massage, soins corporels et bains \u00e0 Terrebonne \u2013 Spa Sant\u00e9 Le N\u00e9nuphar","description":"Spa sant\u00e9 Le N\u00e9nuphar - Massage, soins corporels et bains \u00e0 Terrebonne","robots":{"index":"noindex","follow":"follow","max-snippet":"max-snippet:-1","max-image-preview":"max-image-preview:large","max-video-preview":"max-video-preview:-1"},"og_locale":"fr_CA","og_type":"article","og_title":"Massage, soins corporels et bains \u00e0 Terrebonne \u2013 Spa Sant\u00e9 Le N\u00e9nuphar","og_description":"Spa sant\u00e9 Le N\u00e9nuphar - Massage, soins corporels et bains \u00e0 Terrebonne","og_url":"https:\/\/publissoft.dev\/spasante\/accueil\/","og_site_name":"Spa Sant\u00e9 Le N\u00e9nuphar","article_publisher":"https:\/\/www.facebook.com\/SpaSanteLeNenuphar","article_modified_time":"2024-04-29T21:11:49+00:00","og_image":[{"url":"https:\/\/publissoft.dev\/spasante\/wp-content\/uploads\/2022\/02\/cadeau.png"}],"twitter_card":"summary_large_image","twitter_misc":{"Estimation du temps de lecture":"3 minutes"},"schema":{"@context":"https:\/\/schema.org","@graph":[{"@type":"WebPage","@id":"https:\/\/publissoft.dev\/spasante\/accueil\/","url":"https:\/\/publissoft.dev\/spasante\/accueil\/","name":"Massage, soins corporels et bains \u00e0 Terrebonne \u2013 Spa Sant\u00e9 Le N\u00e9nuphar","isPartOf":{"@id":"https:\/\/publissoft.dev\/spasante\/#website"},"primaryImageOfPage":{"@id":"https:\/\/publissoft.dev\/spasante\/accueil\/#primaryimage"},"image":{"@id":"https:\/\/publissoft.dev\/spasante\/accueil\/#primaryimage"},"thumbnailUrl":"https:\/\/publissoft.dev\/spasante\/wp-content\/uploads\/2022\/02\/cadeau.png","datePublished":"2022-01-14T01:42:52+00:00","dateModified":"2024-04-29T21:11:49+00:00","description":"Spa sant\u00e9 Le N\u00e9nuphar - Massage, soins corporels et bains \u00e0 Terrebonne","breadcrumb":{"@id":"https:\/\/publissoft.dev\/spasante\/accueil\/#breadcrumb"},"inLanguage":"fr-CA","potentialAction":[{"@type":"ReadAction","target":["https:\/\/publissoft.dev\/spasante\/accueil\/"]}]},{"@type":"ImageObject","inLanguage":"fr-CA","@id":"https:\/\/publissoft.dev\/spasante\/accueil\/#primaryimage","url":"https:\/\/publissoft.dev\/spasante\/wp-content\/uploads\/2022\/02\/cadeau.png","contentUrl":"https:\/\/publissoft.dev\/spasante\/wp-content\/uploads\/2022\/02\/cadeau.png","width":88,"height":106,"caption":"cadeau"},{"@type":"BreadcrumbList","@id":"https:\/\/publissoft.dev\/spasante\/accueil\/#breadcrumb","itemListElement":[{"@type":"ListItem","position":1,"name":"Accueil","item":"https:\/\/publissoft.dev\/spasante\/"},{"@type":"ListItem","position":2,"name":"Accueil"}]},{"@type":"WebSite","@id":"https:\/\/publissoft.dev\/spasante\/#website","url":"https:\/\/publissoft.dev\/spasante\/","name":"Spa Sant\u00e9 Le N\u00e9nuphar","description":"","publisher":{"@id":"https:\/\/publissoft.dev\/spasante\/#organization"},"potentialAction":[{"@type":"SearchAction","target":{"@type":"EntryPoint","urlTemplate":"https:\/\/publissoft.dev\/spasante\/?s={search_term_string}"},"query-input":"required name=search_term_string"}],"inLanguage":"fr-CA"},{"@type":"Organization","@id":"https:\/\/publissoft.dev\/spasante\/#organization","name":"Spa Sant\u00e9 Le N\u00e9nuphar","url":"https:\/\/publissoft.dev\/spasante\/","logo":{"@type":"ImageObject","inLanguage":"fr-CA","@id":"https:\/\/publissoft.dev\/spasante\/#\/schema\/logo\/image\/","url":"https:\/\/publissoft.dev\/spasante\/wp-content\/uploads\/2022\/11\/logo-jpg.jpeg","contentUrl":"https:\/\/publissoft.dev\/spasante\/wp-content\/uploads\/2022\/11\/logo-jpg.jpeg","width":900,"height":900,"caption":"Spa Sant\u00e9 Le N\u00e9nuphar"},"image":{"@id":"https:\/\/publissoft.dev\/spasante\/#\/schema\/logo\/image\/"},"sameAs":["https:\/\/www.facebook.com\/SpaSanteLeNenuphar","https:\/\/www.instagram.com\/spasantelenenuphar\/?hl=fr"]}]}},"_links":{"self":[{"href":"https:\/\/publissoft.dev\/spasante\/wp-json\/wp\/v2\/pages\/9","targetHints":{"allow":["GET"]}}],"collection":[{"href":"https:\/\/publissoft.dev\/spasante\/wp-json\/wp\/v2\/pages"}],"about":[{"href":"https:\/\/publissoft.dev\/spasante\/wp-json\/wp\/v2\/types\/page"}],"author":[{"embeddable":true,"href":"https:\/\/publissoft.dev\/spasante\/wp-json\/wp\/v2\/users\/1"}],"replies":[{"embeddable":true,"href":"https:\/\/publissoft.dev\/spasante\/wp-json\/wp\/v2\/comments?post=9"}],"version-history":[{"count":32,"href":"https:\/\/publissoft.dev\/spasante\/wp-json\/wp\/v2\/pages\/9\/revisions"}],"predecessor-version":[{"id":6568,"href":"https:\/\/publissoft.dev\/spasante\/wp-json\/wp\/v2\/pages\/9\/revisions\/6568"}],"wp:attachment":[{"href":"https:\/\/publissoft.dev\/spasante\/wp-json\/wp\/v2\/media?parent=9"}],"curies":[{"name":"wp","href":"https:\/\/api.w.org\/{rel}","templated":true}]}}