{"id":1105,"date":"2022-01-27T14:40:24","date_gmt":"2022-01-27T14:40:24","guid":{"rendered":"https:\/\/publissoft.dev\/spasante\/produit\/les-meticuleuses-solution-cuticules-amande-amere-cerisier-15-ml\/"},"modified":"2022-04-04T17:09:54","modified_gmt":"2022-04-04T17:09:54","slug":"les-meticuleuses-solution-cuticules-15-ml-spa-sante-le-nenuphar","status":"publish","type":"product","link":"https:\/\/publissoft.dev\/spasante\/produit\/les-meticuleuses-solution-cuticules-15-ml-spa-sante-le-nenuphar\/","title":{"rendered":"Les m\u00e9ticuleuses solution cuticules (amande am\u00e8re &#038; cerisier) 15 ml"},"content":{"rendered":"<p data-mce-fragment=\"1\">Enfin ! Une huile pour cuticules qui r\u00e9g\u00e9n\u00e8re, assouplit et traite vos cuticules ! Un m\u00e9lange \u00e9quilibr\u00e9 d\u2019huiles toutes aussi performantes les unes que les autres avec l\u2019ajout d\u2019huiles essentielles qui favoriseront la sant\u00e9 de vos cuticules. Amande am\u00e8re &amp; Cerisier, une odeur sucr\u00e9e-fruit\u00e9e tr\u00e8s agr\u00e9able !<\/p>\n<h2 data-mce-fragment=\"1\"><span data-mce-fragment=\"1\">Mode d\u2019application :<\/span><\/h2>\n<p data-mce-fragment=\"1\"><strong data-mce-fragment=\"1\">\u00a0<\/strong><\/p>\n<p data-mce-fragment=\"1\">Appliquer sur les cuticules et masser pour bien faire p\u00e9n\u00e9trer. Peut \u00eatre appliqu\u00e9 au besoin !<\/p>\n<table data-mce-fragment=\"1\">\n<tbody data-mce-fragment=\"1\">\n<tr data-mce-fragment=\"1\">\n<td data-mce-fragment=\"1\">\n<p data-mce-fragment=\"1\"><span data-mce-fragment=\"1\"><strong data-mce-fragment=\"1\">Ingr\u00e9dients Principaux<\/strong><\/span><\/p>\n<\/td>\n<td data-mce-fragment=\"1\">\n<p data-mce-fragment=\"1\"><span data-mce-fragment=\"1\"><strong data-mce-fragment=\"1\">B\u00e9n\u00e9fices \/ Propri\u00e9t\u00e9s<\/strong><\/span><\/p>\n<\/td>\n<\/tr>\n<tr data-mce-fragment=\"1\">\n<td data-mce-fragment=\"1\">\n<p data-mce-fragment=\"1\"><strong data-mce-fragment=\"1\">Huile de graines de carthame<\/strong><\/p>\n<\/td>\n<td data-mce-fragment=\"1\">\n<p data-mce-fragment=\"1\">Restructurante et r\u00e9paratrice, elle pr\u00e9serve l&#8217;\u00e9lasticit\u00e9 de la peau. Relipidante, nourrissante, \u00e9molliente, fluide et l\u00e9g\u00e8re, elle p\u00e9n\u00e8tre facilement dans la peau.<\/p>\n<\/td>\n<\/tr>\n<tr data-mce-fragment=\"1\">\n<td data-mce-fragment=\"1\">\n<p data-mce-fragment=\"1\">\u00a0<strong data-mce-fragment=\"1\">Huile de graines de tournesol<\/strong><\/p>\n<\/td>\n<td data-mce-fragment=\"1\">\n<p data-mce-fragment=\"1\">L&#8217;huile de Tournesol est souvent utilis\u00e9e par l&#8217;industrie cosm\u00e9tique pour sa concentration en vitamine E. Elle fait partie du trio indissociable &#8220;vitamines A, C, E&#8221; qui pi\u00e8ge les radicaux libres.<\/p>\n<\/td>\n<\/tr>\n<tr data-mce-fragment=\"1\">\n<td data-mce-fragment=\"1\">\n<p data-mce-fragment=\"1\">\u00a0<strong data-mce-fragment=\"1\">Huile d\u2019argan<\/strong><\/p>\n<\/td>\n<td data-mce-fragment=\"1\">\n<p data-mce-fragment=\"1\">Comme la peau, les ongles s&#8217;ab\u00eement, se dess\u00e8chent et se cassent avec le froid, l&#8217;eau, les d\u00e9tergents, etc. L&#8217;huile d&#8217;argan regorge de propri\u00e9t\u00e9s hautement hydratantes, antioxydantes et r\u00e9g\u00e9n\u00e9ratrices.<\/p>\n<\/td>\n<\/tr>\n<tr data-mce-fragment=\"1\">\n<td data-mce-fragment=\"1\">\n<p data-mce-fragment=\"1\"><strong data-mce-fragment=\"1\">Huile essentielle d&#8217;amande am\u00e8re<\/strong><\/p>\n<\/td>\n<td data-mce-fragment=\"1\">\n<p data-mce-fragment=\"1\">Poudr\u00e9e et envo\u00fbtante, elle parfumera vos compositions avec gr\u00e2ce et s\u00e9duction.<\/p>\n<\/td>\n<\/tr>\n<tr data-mce-fragment=\"1\">\n<td data-mce-fragment=\"1\">\n<p data-mce-fragment=\"1\"><strong data-mce-fragment=\"1\">Huile essentielle de cerisier noir<\/strong><\/p>\n<\/td>\n<td data-mce-fragment=\"1\">\n<p data-mce-fragment=\"1\">L&#8217;huile essentielle de cerise est une huile naturelle aux propri\u00e9t\u00e9s hydratante et restructurante de l&#8217;\u00e9piderme.<\/p>\n<\/td>\n<\/tr>\n<\/tbody>\n<\/table>\n<p data-mce-fragment=\"1\">Format : 15 ml<\/p>\n","protected":false},"excerpt":{"rendered":"<p>Enfin ! Une huile pour cuticules qui r\u00e9g\u00e9n\u00e8re, assouplit et traite vos cuticules ! Un m\u00e9lange \u00e9quilibr\u00e9 d\u2019huiles toutes aussi performantes les unes que les autres avec l\u2019ajout d\u2019huiles essentielles qui favoriseront la sant\u00e9 de vos cuticules. Amande am\u00e8re &amp; Cerisier, une odeur sucr\u00e9e-fruit\u00e9e tr\u00e8s agr\u00e9able ! Mode d\u2019application : \u00a0 Appliquer sur les cuticules &hellip;<\/p>\n","protected":false},"featured_media":1141,"template":"","meta":{"_acf_changed":false,"_genesis_hide_title":false,"_genesis_hide_breadcrumbs":false,"_genesis_hide_singular_image":false,"_genesis_hide_footer_widgets":false,"_genesis_custom_body_class":"","_genesis_custom_post_class":"","_genesis_layout":""},"product_cat":[53,37,46],"product_tag":[],"giftcard-category":[],"class_list":{"0":"post-1105","1":"product","2":"type-product","3":"status-publish","4":"has-post-thumbnail","6":"product_cat-gift-card","7":"product_cat-produits","8":"product_cat-tous","9":"entry","11":"first","12":"instock","13":"taxable","14":"shipping-taxable","15":"purchasable","16":"product-type-simple"},"acf":[],"yoast_head":"<!-- This site is optimized with the Yoast SEO plugin v22.5 - https:\/\/yoast.com\/wordpress\/plugins\/seo\/ -->\n<title>Les m\u00e9ticuleuses solution cuticules (amande am\u00e8re &amp; cerisier) 15 ml - Spa Sant\u00e9 Le N\u00e9nuphar<\/title>\n<meta name=\"description\" content=\"Les m\u00e9ticuleuses solution cuticules (amande am\u00e8re &amp; cerisier) 15 ml - R\u00e9g\u00e9n\u00e8re, adoucit et soigne vos cuticules. C&#039;est un bon produit, disponible ici !\" \/>\n<meta name=\"robots\" content=\"noindex, follow, max-snippet:-1, max-image-preview:large, max-video-preview:-1\" \/>\n<meta property=\"og:locale\" content=\"fr_CA\" \/>\n<meta property=\"og:type\" content=\"article\" \/>\n<meta property=\"og:title\" content=\"Les m\u00e9ticuleuses solution cuticules (amande am\u00e8re &amp; cerisier) 15 ml - Spa Sant\u00e9 Le N\u00e9nuphar\" \/>\n<meta property=\"og:description\" content=\"Les m\u00e9ticuleuses solution cuticules (amande am\u00e8re &amp; cerisier) 15 ml - R\u00e9g\u00e9n\u00e8re, adoucit et soigne vos cuticules. C&#039;est un bon produit, disponible ici !\" \/>\n<meta property=\"og:url\" content=\"https:\/\/publissoft.dev\/spasante\/produit\/les-meticuleuses-solution-cuticules-15-ml-spa-sante-le-nenuphar\/\" \/>\n<meta property=\"og:site_name\" content=\"Spa Sant\u00e9 Le N\u00e9nuphar\" \/>\n<meta property=\"article:publisher\" content=\"https:\/\/www.facebook.com\/SpaSanteLeNenuphar\" \/>\n<meta property=\"article:modified_time\" content=\"2022-04-04T17:09:54+00:00\" \/>\n<meta property=\"og:image\" content=\"https:\/\/publissoft.dev\/spasante\/wp-content\/uploads\/2022\/01\/Lesmeticuleusessolutioncuticules_amandeamere_cerisier_15ml.jpg\" \/>\n\t<meta property=\"og:image:width\" content=\"550\" \/>\n\t<meta property=\"og:image:height\" content=\"550\" \/>\n\t<meta property=\"og:image:type\" content=\"image\/jpeg\" \/>\n<meta name=\"twitter:card\" content=\"summary_large_image\" \/>\n<meta name=\"twitter:label1\" content=\"Estimation du temps de lecture\" \/>\n\t<meta name=\"twitter:data1\" content=\"1 minute\" \/>\n<script type=\"application\/ld+json\" class=\"yoast-schema-graph\">{\"@context\":\"https:\/\/schema.org\",\"@graph\":[{\"@type\":\"WebPage\",\"@id\":\"https:\/\/publissoft.dev\/spasante\/produit\/les-meticuleuses-solution-cuticules-15-ml-spa-sante-le-nenuphar\/\",\"url\":\"https:\/\/publissoft.dev\/spasante\/produit\/les-meticuleuses-solution-cuticules-15-ml-spa-sante-le-nenuphar\/\",\"name\":\"Les m\u00e9ticuleuses solution cuticules (amande am\u00e8re & cerisier) 15 ml - Spa Sant\u00e9 Le N\u00e9nuphar\",\"isPartOf\":{\"@id\":\"https:\/\/publissoft.dev\/spasante\/#website\"},\"primaryImageOfPage\":{\"@id\":\"https:\/\/publissoft.dev\/spasante\/produit\/les-meticuleuses-solution-cuticules-15-ml-spa-sante-le-nenuphar\/#primaryimage\"},\"image\":{\"@id\":\"https:\/\/publissoft.dev\/spasante\/produit\/les-meticuleuses-solution-cuticules-15-ml-spa-sante-le-nenuphar\/#primaryimage\"},\"thumbnailUrl\":\"https:\/\/publissoft.dev\/spasante\/wp-content\/uploads\/2022\/01\/Lesmeticuleusessolutioncuticules_amandeamere_cerisier_15ml.jpg\",\"datePublished\":\"2022-01-27T14:40:24+00:00\",\"dateModified\":\"2022-04-04T17:09:54+00:00\",\"description\":\"Les m\u00e9ticuleuses solution cuticules (amande am\u00e8re & cerisier) 15 ml - R\u00e9g\u00e9n\u00e8re, adoucit et soigne vos cuticules. C'est un bon produit, disponible ici !\",\"breadcrumb\":{\"@id\":\"https:\/\/publissoft.dev\/spasante\/produit\/les-meticuleuses-solution-cuticules-15-ml-spa-sante-le-nenuphar\/#breadcrumb\"},\"inLanguage\":\"fr-CA\",\"potentialAction\":[{\"@type\":\"ReadAction\",\"target\":[\"https:\/\/publissoft.dev\/spasante\/produit\/les-meticuleuses-solution-cuticules-15-ml-spa-sante-le-nenuphar\/\"]}]},{\"@type\":\"ImageObject\",\"inLanguage\":\"fr-CA\",\"@id\":\"https:\/\/publissoft.dev\/spasante\/produit\/les-meticuleuses-solution-cuticules-15-ml-spa-sante-le-nenuphar\/#primaryimage\",\"url\":\"https:\/\/publissoft.dev\/spasante\/wp-content\/uploads\/2022\/01\/Lesmeticuleusessolutioncuticules_amandeamere_cerisier_15ml.jpg\",\"contentUrl\":\"https:\/\/publissoft.dev\/spasante\/wp-content\/uploads\/2022\/01\/Lesmeticuleusessolutioncuticules_amandeamere_cerisier_15ml.jpg\",\"width\":550,\"height\":550},{\"@type\":\"BreadcrumbList\",\"@id\":\"https:\/\/publissoft.dev\/spasante\/produit\/les-meticuleuses-solution-cuticules-15-ml-spa-sante-le-nenuphar\/#breadcrumb\",\"itemListElement\":[{\"@type\":\"ListItem\",\"position\":1,\"name\":\"Accueil\",\"item\":\"https:\/\/publissoft.dev\/spasante\/\"},{\"@type\":\"ListItem\",\"position\":2,\"name\":\"Boutique\",\"item\":\"https:\/\/publissoft.dev\/spasante\/boutique\/\"},{\"@type\":\"ListItem\",\"position\":3,\"name\":\"Les m\u00e9ticuleuses solution cuticules (amande am\u00e8re &#038; cerisier) 15 ml\"}]},{\"@type\":\"WebSite\",\"@id\":\"https:\/\/publissoft.dev\/spasante\/#website\",\"url\":\"https:\/\/publissoft.dev\/spasante\/\",\"name\":\"Spa Sant\u00e9 Le N\u00e9nuphar\",\"description\":\"\",\"publisher\":{\"@id\":\"https:\/\/publissoft.dev\/spasante\/#organization\"},\"potentialAction\":[{\"@type\":\"SearchAction\",\"target\":{\"@type\":\"EntryPoint\",\"urlTemplate\":\"https:\/\/publissoft.dev\/spasante\/?s={search_term_string}\"},\"query-input\":\"required name=search_term_string\"}],\"inLanguage\":\"fr-CA\"},{\"@type\":\"Organization\",\"@id\":\"https:\/\/publissoft.dev\/spasante\/#organization\",\"name\":\"Spa Sant\u00e9 Le N\u00e9nuphar\",\"url\":\"https:\/\/publissoft.dev\/spasante\/\",\"logo\":{\"@type\":\"ImageObject\",\"inLanguage\":\"fr-CA\",\"@id\":\"https:\/\/publissoft.dev\/spasante\/#\/schema\/logo\/image\/\",\"url\":\"https:\/\/publissoft.dev\/spasante\/wp-content\/uploads\/2022\/11\/logo-jpg.jpeg\",\"contentUrl\":\"https:\/\/publissoft.dev\/spasante\/wp-content\/uploads\/2022\/11\/logo-jpg.jpeg\",\"width\":900,\"height\":900,\"caption\":\"Spa Sant\u00e9 Le N\u00e9nuphar\"},\"image\":{\"@id\":\"https:\/\/publissoft.dev\/spasante\/#\/schema\/logo\/image\/\"},\"sameAs\":[\"https:\/\/www.facebook.com\/SpaSanteLeNenuphar\",\"https:\/\/www.instagram.com\/spasantelenenuphar\/?hl=fr\"]}]}<\/script>\n<!-- \/ Yoast SEO plugin. -->","yoast_head_json":{"title":"Les m\u00e9ticuleuses solution cuticules (amande am\u00e8re & cerisier) 15 ml - Spa Sant\u00e9 Le N\u00e9nuphar","description":"Les m\u00e9ticuleuses solution cuticules (amande am\u00e8re & cerisier) 15 ml - R\u00e9g\u00e9n\u00e8re, adoucit et soigne vos cuticules. C'est un bon produit, disponible ici !","robots":{"index":"noindex","follow":"follow","max-snippet":"max-snippet:-1","max-image-preview":"max-image-preview:large","max-video-preview":"max-video-preview:-1"},"og_locale":"fr_CA","og_type":"article","og_title":"Les m\u00e9ticuleuses solution cuticules (amande am\u00e8re & cerisier) 15 ml - Spa Sant\u00e9 Le N\u00e9nuphar","og_description":"Les m\u00e9ticuleuses solution cuticules (amande am\u00e8re & cerisier) 15 ml - R\u00e9g\u00e9n\u00e8re, adoucit et soigne vos cuticules. C'est un bon produit, disponible ici !","og_url":"https:\/\/publissoft.dev\/spasante\/produit\/les-meticuleuses-solution-cuticules-15-ml-spa-sante-le-nenuphar\/","og_site_name":"Spa Sant\u00e9 Le N\u00e9nuphar","article_publisher":"https:\/\/www.facebook.com\/SpaSanteLeNenuphar","article_modified_time":"2022-04-04T17:09:54+00:00","og_image":[{"width":550,"height":550,"url":"https:\/\/publissoft.dev\/spasante\/wp-content\/uploads\/2022\/01\/Lesmeticuleusessolutioncuticules_amandeamere_cerisier_15ml.jpg","type":"image\/jpeg"}],"twitter_card":"summary_large_image","twitter_misc":{"Estimation du temps de lecture":"1 minute"},"schema":{"@context":"https:\/\/schema.org","@graph":[{"@type":"WebPage","@id":"https:\/\/publissoft.dev\/spasante\/produit\/les-meticuleuses-solution-cuticules-15-ml-spa-sante-le-nenuphar\/","url":"https:\/\/publissoft.dev\/spasante\/produit\/les-meticuleuses-solution-cuticules-15-ml-spa-sante-le-nenuphar\/","name":"Les m\u00e9ticuleuses solution cuticules (amande am\u00e8re & cerisier) 15 ml - Spa Sant\u00e9 Le N\u00e9nuphar","isPartOf":{"@id":"https:\/\/publissoft.dev\/spasante\/#website"},"primaryImageOfPage":{"@id":"https:\/\/publissoft.dev\/spasante\/produit\/les-meticuleuses-solution-cuticules-15-ml-spa-sante-le-nenuphar\/#primaryimage"},"image":{"@id":"https:\/\/publissoft.dev\/spasante\/produit\/les-meticuleuses-solution-cuticules-15-ml-spa-sante-le-nenuphar\/#primaryimage"},"thumbnailUrl":"https:\/\/publissoft.dev\/spasante\/wp-content\/uploads\/2022\/01\/Lesmeticuleusessolutioncuticules_amandeamere_cerisier_15ml.jpg","datePublished":"2022-01-27T14:40:24+00:00","dateModified":"2022-04-04T17:09:54+00:00","description":"Les m\u00e9ticuleuses solution cuticules (amande am\u00e8re & cerisier) 15 ml - R\u00e9g\u00e9n\u00e8re, adoucit et soigne vos cuticules. C'est un bon produit, disponible ici !","breadcrumb":{"@id":"https:\/\/publissoft.dev\/spasante\/produit\/les-meticuleuses-solution-cuticules-15-ml-spa-sante-le-nenuphar\/#breadcrumb"},"inLanguage":"fr-CA","potentialAction":[{"@type":"ReadAction","target":["https:\/\/publissoft.dev\/spasante\/produit\/les-meticuleuses-solution-cuticules-15-ml-spa-sante-le-nenuphar\/"]}]},{"@type":"ImageObject","inLanguage":"fr-CA","@id":"https:\/\/publissoft.dev\/spasante\/produit\/les-meticuleuses-solution-cuticules-15-ml-spa-sante-le-nenuphar\/#primaryimage","url":"https:\/\/publissoft.dev\/spasante\/wp-content\/uploads\/2022\/01\/Lesmeticuleusessolutioncuticules_amandeamere_cerisier_15ml.jpg","contentUrl":"https:\/\/publissoft.dev\/spasante\/wp-content\/uploads\/2022\/01\/Lesmeticuleusessolutioncuticules_amandeamere_cerisier_15ml.jpg","width":550,"height":550},{"@type":"BreadcrumbList","@id":"https:\/\/publissoft.dev\/spasante\/produit\/les-meticuleuses-solution-cuticules-15-ml-spa-sante-le-nenuphar\/#breadcrumb","itemListElement":[{"@type":"ListItem","position":1,"name":"Accueil","item":"https:\/\/publissoft.dev\/spasante\/"},{"@type":"ListItem","position":2,"name":"Boutique","item":"https:\/\/publissoft.dev\/spasante\/boutique\/"},{"@type":"ListItem","position":3,"name":"Les m\u00e9ticuleuses solution cuticules (amande am\u00e8re &#038; cerisier) 15 ml"}]},{"@type":"WebSite","@id":"https:\/\/publissoft.dev\/spasante\/#website","url":"https:\/\/publissoft.dev\/spasante\/","name":"Spa Sant\u00e9 Le N\u00e9nuphar","description":"","publisher":{"@id":"https:\/\/publissoft.dev\/spasante\/#organization"},"potentialAction":[{"@type":"SearchAction","target":{"@type":"EntryPoint","urlTemplate":"https:\/\/publissoft.dev\/spasante\/?s={search_term_string}"},"query-input":"required name=search_term_string"}],"inLanguage":"fr-CA"},{"@type":"Organization","@id":"https:\/\/publissoft.dev\/spasante\/#organization","name":"Spa Sant\u00e9 Le N\u00e9nuphar","url":"https:\/\/publissoft.dev\/spasante\/","logo":{"@type":"ImageObject","inLanguage":"fr-CA","@id":"https:\/\/publissoft.dev\/spasante\/#\/schema\/logo\/image\/","url":"https:\/\/publissoft.dev\/spasante\/wp-content\/uploads\/2022\/11\/logo-jpg.jpeg","contentUrl":"https:\/\/publissoft.dev\/spasante\/wp-content\/uploads\/2022\/11\/logo-jpg.jpeg","width":900,"height":900,"caption":"Spa Sant\u00e9 Le N\u00e9nuphar"},"image":{"@id":"https:\/\/publissoft.dev\/spasante\/#\/schema\/logo\/image\/"},"sameAs":["https:\/\/www.facebook.com\/SpaSanteLeNenuphar","https:\/\/www.instagram.com\/spasantelenenuphar\/?hl=fr"]}]}},"_links":{"self":[{"href":"https:\/\/publissoft.dev\/spasante\/wp-json\/wp\/v2\/product\/1105","targetHints":{"allow":["GET"]}}],"collection":[{"href":"https:\/\/publissoft.dev\/spasante\/wp-json\/wp\/v2\/product"}],"about":[{"href":"https:\/\/publissoft.dev\/spasante\/wp-json\/wp\/v2\/types\/product"}],"wp:featuredmedia":[{"embeddable":true,"href":"https:\/\/publissoft.dev\/spasante\/wp-json\/wp\/v2\/media\/1141"}],"wp:attachment":[{"href":"https:\/\/publissoft.dev\/spasante\/wp-json\/wp\/v2\/media?parent=1105"}],"wp:term":[{"taxonomy":"product_cat","embeddable":true,"href":"https:\/\/publissoft.dev\/spasante\/wp-json\/wp\/v2\/product_cat?post=1105"},{"taxonomy":"product_tag","embeddable":true,"href":"https:\/\/publissoft.dev\/spasante\/wp-json\/wp\/v2\/product_tag?post=1105"},{"taxonomy":"giftcard-category","embeddable":true,"href":"https:\/\/publissoft.dev\/spasante\/wp-json\/wp\/v2\/giftcard-category?post=1105"}],"curies":[{"name":"wp","href":"https:\/\/api.w.org\/{rel}","templated":true}]}}