{"id":1481,"date":"2022-01-27T14:43:55","date_gmt":"2022-01-27T19:43:55","guid":{"rendered":"https:\/\/publissoft.dev\/spasante\/produit\/solution-cristaux-marins-apaisants-vinaigre-de-cidre-de-pommes-gingembre-600-g\/"},"modified":"2023-04-17T14:44:06","modified_gmt":"2023-04-17T18:44:06","slug":"solution-cristaux-marins-apaisants-spa-sante-le-nenuphar","status":"publish","type":"product","link":"https:\/\/publissoft.dev\/spasante\/produit\/solution-cristaux-marins-apaisants-spa-sante-le-nenuphar\/","title":{"rendered":"PodoSens\u00e9 &#8211; SOLUTION Cristaux Marins Apaisants (Vinaigre de cidre de pommes &#038; gingembre) 600 g"},"content":{"rendered":"<div class=\"descProd\" data-mce-fragment=\"1\">\n<p data-mce-fragment=\"1\">La SOLUTION Apaisante Cristaux Marins ( Vinaigre de cidre de pommes &amp; gingembre )\u00a0 sont des sels de trempage que nous utilisons surtout dans les cas de mycoses ou de d\u00e9mangeaisons aux pieds. Le vinaigre de cidre contient plus d\u2019une trentaine de substances nutritives: des min\u00e9raux, des vitamines et des acides essentiels, plusieurs enzymes et une bonne dose de pectine. Il est particuli\u00e8rement riche en potassium et en d\u2019autres oligo-\u00e9l\u00e9ments tels que le phosphore, le calcium, le magn\u00e9sium, le soufre, le fer, le fluor, le silicium, le bore et bien d\u2019autres.<\/p>\n<h2 data-mce-fragment=\"1\"><span style=\"color: #000000; font-size: 17px;\" data-mce-fragment=\"1\">Mode d\u2019application :<\/span><\/h2>\n<p data-mce-fragment=\"1\">Versez 2-3 cuill\u00e8res \u00e0 table (+\/- 45 g) de Cristaux dans un bassin rempli d\u2019eau chaude. Laissez tremper de 7 \u00e0 10 minutes. Id\u00e9al pour les pieds fatigu\u00e9s, les jambes lourdes, pour un effet relaxant. Convient aux diab\u00e9tiques, cardiaques et autres conditions de sant\u00e9. Usage externe seulement.<\/p>\n<table style=\"border-collapse: collapse; border-spacing: 0px; color: #666666; font-family: open sans,sans-serif; font-size: 12px; max-width: 100%;\" data-mce-fragment=\"1\">\n<tbody data-mce-fragment=\"1\">\n<tr data-mce-fragment=\"1\">\n<td data-mce-fragment=\"1\">\n<p data-mce-fragment=\"1\"><span style=\"color: #000000; font-size: 16px;\" data-mce-fragment=\"1\"><strong data-mce-fragment=\"1\">Ingr\u00e9dients Principaux<\/strong><\/span><\/p>\n<\/td>\n<td data-mce-fragment=\"1\">\n<p data-mce-fragment=\"1\"><span style=\"color: #000000; font-size: 16px;\" data-mce-fragment=\"1\"><strong data-mce-fragment=\"1\">B\u00e9n\u00e9fices \/ Propri\u00e9t\u00e9s<\/strong><\/span><\/p>\n<\/td>\n<\/tr>\n<tr data-mce-fragment=\"1\">\n<td data-mce-fragment=\"1\">\n<p data-mce-fragment=\"1\"><strong data-mce-fragment=\"1\">Extrait de pommes<\/strong><\/p>\n<p data-mce-fragment=\"1\"><strong data-mce-fragment=\"1\">Vinaigre de Cidre de Pommes<\/strong><\/p>\n<\/td>\n<td data-mce-fragment=\"1\">\n<p data-mce-fragment=\"1\">La pomme est associ\u00e9e \u00e0 un risque r\u00e9duit de maladies cardiovasculaires, de certains cancers et d\u2019asthme. Des \u00e9tudes ont d\u00e9montr\u00e9 que la pomme a un grand pouvoir antioxydant.<\/p>\n<p data-mce-fragment=\"1\">Propri\u00e9t\u00e9s purifiantes et fortifiantes.<\/p>\n<p data-mce-fragment=\"1\">Calme les d\u00e9mangeaisons caus\u00e9es par des probl\u00e8mes cutan\u00e9s.<\/p>\n<\/td>\n<\/tr>\n<tr data-mce-fragment=\"1\">\n<td data-mce-fragment=\"1\">\n<p data-mce-fragment=\"1\"><strong data-mce-fragment=\"1\">Ginger (Gingembre)<\/strong><\/p>\n<\/td>\n<td data-mce-fragment=\"1\">\n<p data-mce-fragment=\"1\">Augmente l&#8217;\u00e9clat de la peau et diminue l&#8217;inflammation qui d\u00e9coule de conditions telles que le psoriasis et l&#8217;acn\u00e9, antioxydant.<\/p>\n<\/td>\n<\/tr>\n<\/tbody>\n<\/table>\n<h2 data-mce-fragment=\"1\"><br data-mce-fragment=\"1\" \/><span style=\"font-size: 16px;\" data-mce-fragment=\"1\">Format : 600g<\/span><\/h2>\n<p data-mce-fragment=\"1\"><span style=\"color: #666666; font-family: open sans,sans-serif; font-size: 12px;\" data-mce-fragment=\"1\">Balises:\u00a0<\/span><a style=\"box-sizing: border-box; background-image: initial; background-position: 0px 0px; background-size: initial; background-repeat: initial; background-attachment: initial; background-origin: initial; background-clip: initial; color: #23a1d1; text-decoration-line: none;\" href=\"https:\/\/podosense.ca\/boutique\/fr\/product\/search\/?tag=Mycose\" data-mce-fragment=\"1\">Mycose<\/a><span style=\"color: #666666; font-family: open sans,sans-serif; font-size: 12px;\" data-mce-fragment=\"1\">,\u00a0<\/span><a style=\"box-sizing: border-box; background-image: initial; background-position: 0px 0px; background-size: initial; background-repeat: initial; background-attachment: initial; background-origin: initial; background-clip: initial; color: #23a1d1; text-decoration-line: none;\" href=\"https:\/\/podosense.ca\/boutique\/fr\/product\/search\/?tag=Bain%20de%20pied\" data-mce-fragment=\"1\">Bain de pied<\/a><span style=\"color: #666666; font-family: open sans,sans-serif; font-size: 12px;\" data-mce-fragment=\"1\">,\u00a0<\/span><a style=\"box-sizing: border-box; background-image: initial; background-position: 0px 0px; background-size: initial; background-repeat: initial; background-attachment: initial; background-origin: initial; background-clip: initial; color: #23a1d1; text-decoration-line: none;\" href=\"https:\/\/podosense.ca\/boutique\/fr\/product\/search\/?tag=D%C3%A9mangeaisons\" data-mce-fragment=\"1\">D\u00e9mangeaisons<\/a><\/p>\n<\/div>\n","protected":false},"excerpt":{"rendered":"<p>La SOLUTION Apaisante Cristaux Marins ( Vinaigre de cidre de pommes &amp; gingembre )\u00a0 sont des sels de trempage que nous utilisons surtout dans les cas de mycoses ou de d\u00e9mangeaisons aux pieds. Le vinaigre de cidre contient plus d\u2019une trentaine de substances nutritives: des min\u00e9raux, des vitamines et des acides essentiels, plusieurs enzymes et &hellip;<\/p>\n","protected":false},"featured_media":1483,"template":"","meta":{"_acf_changed":false,"_genesis_hide_title":false,"_genesis_hide_breadcrumbs":false,"_genesis_hide_singular_image":false,"_genesis_hide_footer_widgets":false,"_genesis_custom_body_class":"","_genesis_custom_post_class":"","_genesis_layout":""},"product_cat":[37,36],"product_tag":[],"giftcard-category":[],"class_list":{"0":"post-1481","1":"product","2":"type-product","3":"status-publish","4":"has-post-thumbnail","6":"product_cat-produits","7":"product_cat-podosense","8":"entry","10":"first","11":"instock","12":"taxable","13":"shipping-taxable","14":"purchasable","15":"product-type-simple"},"acf":[],"yoast_head":"<!-- This site is optimized with the Yoast SEO plugin v22.5 - https:\/\/yoast.com\/wordpress\/plugins\/seo\/ -->\n<title>PodoSens\u00e9 - SOLUTION Cristaux Marins Apaisants (Vinaigre de cidre de pommes &amp; gingembre) 600 g - Spa Sant\u00e9 Le N\u00e9nuphar<\/title>\n<meta name=\"description\" content=\"SOLUTION Cristaux Marins Apaisants (Vinaigre de cidre de pommes &amp; gingembre) 600 g - Il est riche en potassium et autres oligo-\u00e9l\u00e9ments. Visitez-nous !\" \/>\n<meta name=\"robots\" content=\"noindex, follow, max-snippet:-1, max-image-preview:large, max-video-preview:-1\" \/>\n<meta property=\"og:locale\" content=\"fr_CA\" \/>\n<meta property=\"og:type\" content=\"article\" \/>\n<meta property=\"og:title\" content=\"PodoSens\u00e9 - SOLUTION Cristaux Marins Apaisants (Vinaigre de cidre de pommes &amp; gingembre) 600 g - Spa Sant\u00e9 Le N\u00e9nuphar\" \/>\n<meta property=\"og:description\" content=\"SOLUTION Cristaux Marins Apaisants (Vinaigre de cidre de pommes &amp; gingembre) 600 g - Il est riche en potassium et autres oligo-\u00e9l\u00e9ments. Visitez-nous !\" \/>\n<meta property=\"og:url\" content=\"https:\/\/publissoft.dev\/spasante\/produit\/solution-cristaux-marins-apaisants-spa-sante-le-nenuphar\/\" \/>\n<meta property=\"og:site_name\" content=\"Spa Sant\u00e9 Le N\u00e9nuphar\" \/>\n<meta property=\"article:publisher\" content=\"https:\/\/www.facebook.com\/SpaSanteLeNenuphar\" \/>\n<meta property=\"article:modified_time\" content=\"2023-04-17T18:44:06+00:00\" \/>\n<meta property=\"og:image\" content=\"https:\/\/publissoft.dev\/spasante\/wp-content\/uploads\/2022\/01\/SOLUTION-Cristaux-Marins-Apaisants-_Vinaigre-de-cidre-de-pommes-_-gingembre_-600-g.jpg\" \/>\n\t<meta property=\"og:image:width\" content=\"474\" \/>\n\t<meta property=\"og:image:height\" content=\"512\" \/>\n\t<meta property=\"og:image:type\" content=\"image\/jpeg\" \/>\n<meta name=\"twitter:card\" content=\"summary_large_image\" \/>\n<meta name=\"twitter:label1\" content=\"Estimation du temps de lecture\" \/>\n\t<meta name=\"twitter:data1\" content=\"2 minutes\" \/>\n<script type=\"application\/ld+json\" class=\"yoast-schema-graph\">{\"@context\":\"https:\/\/schema.org\",\"@graph\":[{\"@type\":\"WebPage\",\"@id\":\"https:\/\/publissoft.dev\/spasante\/produit\/solution-cristaux-marins-apaisants-spa-sante-le-nenuphar\/\",\"url\":\"https:\/\/publissoft.dev\/spasante\/produit\/solution-cristaux-marins-apaisants-spa-sante-le-nenuphar\/\",\"name\":\"PodoSens\u00e9 - SOLUTION Cristaux Marins Apaisants (Vinaigre de cidre de pommes & gingembre) 600 g - Spa Sant\u00e9 Le N\u00e9nuphar\",\"isPartOf\":{\"@id\":\"https:\/\/publissoft.dev\/spasante\/#website\"},\"primaryImageOfPage\":{\"@id\":\"https:\/\/publissoft.dev\/spasante\/produit\/solution-cristaux-marins-apaisants-spa-sante-le-nenuphar\/#primaryimage\"},\"image\":{\"@id\":\"https:\/\/publissoft.dev\/spasante\/produit\/solution-cristaux-marins-apaisants-spa-sante-le-nenuphar\/#primaryimage\"},\"thumbnailUrl\":\"https:\/\/publissoft.dev\/spasante\/wp-content\/uploads\/2022\/01\/SOLUTION-Cristaux-Marins-Apaisants-_Vinaigre-de-cidre-de-pommes-_-gingembre_-600-g.jpg\",\"datePublished\":\"2022-01-27T19:43:55+00:00\",\"dateModified\":\"2023-04-17T18:44:06+00:00\",\"description\":\"SOLUTION Cristaux Marins Apaisants (Vinaigre de cidre de pommes & gingembre) 600 g - Il est riche en potassium et autres oligo-\u00e9l\u00e9ments. Visitez-nous !\",\"breadcrumb\":{\"@id\":\"https:\/\/publissoft.dev\/spasante\/produit\/solution-cristaux-marins-apaisants-spa-sante-le-nenuphar\/#breadcrumb\"},\"inLanguage\":\"fr-CA\",\"potentialAction\":[{\"@type\":\"ReadAction\",\"target\":[\"https:\/\/publissoft.dev\/spasante\/produit\/solution-cristaux-marins-apaisants-spa-sante-le-nenuphar\/\"]}]},{\"@type\":\"ImageObject\",\"inLanguage\":\"fr-CA\",\"@id\":\"https:\/\/publissoft.dev\/spasante\/produit\/solution-cristaux-marins-apaisants-spa-sante-le-nenuphar\/#primaryimage\",\"url\":\"https:\/\/publissoft.dev\/spasante\/wp-content\/uploads\/2022\/01\/SOLUTION-Cristaux-Marins-Apaisants-_Vinaigre-de-cidre-de-pommes-_-gingembre_-600-g.jpg\",\"contentUrl\":\"https:\/\/publissoft.dev\/spasante\/wp-content\/uploads\/2022\/01\/SOLUTION-Cristaux-Marins-Apaisants-_Vinaigre-de-cidre-de-pommes-_-gingembre_-600-g.jpg\",\"width\":474,\"height\":512},{\"@type\":\"BreadcrumbList\",\"@id\":\"https:\/\/publissoft.dev\/spasante\/produit\/solution-cristaux-marins-apaisants-spa-sante-le-nenuphar\/#breadcrumb\",\"itemListElement\":[{\"@type\":\"ListItem\",\"position\":1,\"name\":\"Accueil\",\"item\":\"https:\/\/publissoft.dev\/spasante\/\"},{\"@type\":\"ListItem\",\"position\":2,\"name\":\"Boutique\",\"item\":\"https:\/\/publissoft.dev\/spasante\/boutique\/\"},{\"@type\":\"ListItem\",\"position\":3,\"name\":\"PodoSens\u00e9 &#8211; SOLUTION Cristaux Marins Apaisants (Vinaigre de cidre de pommes &#038; gingembre) 600 g\"}]},{\"@type\":\"WebSite\",\"@id\":\"https:\/\/publissoft.dev\/spasante\/#website\",\"url\":\"https:\/\/publissoft.dev\/spasante\/\",\"name\":\"Spa Sant\u00e9 Le N\u00e9nuphar\",\"description\":\"\",\"publisher\":{\"@id\":\"https:\/\/publissoft.dev\/spasante\/#organization\"},\"potentialAction\":[{\"@type\":\"SearchAction\",\"target\":{\"@type\":\"EntryPoint\",\"urlTemplate\":\"https:\/\/publissoft.dev\/spasante\/?s={search_term_string}\"},\"query-input\":\"required name=search_term_string\"}],\"inLanguage\":\"fr-CA\"},{\"@type\":\"Organization\",\"@id\":\"https:\/\/publissoft.dev\/spasante\/#organization\",\"name\":\"Spa Sant\u00e9 Le N\u00e9nuphar\",\"url\":\"https:\/\/publissoft.dev\/spasante\/\",\"logo\":{\"@type\":\"ImageObject\",\"inLanguage\":\"fr-CA\",\"@id\":\"https:\/\/publissoft.dev\/spasante\/#\/schema\/logo\/image\/\",\"url\":\"https:\/\/publissoft.dev\/spasante\/wp-content\/uploads\/2022\/11\/logo-jpg.jpeg\",\"contentUrl\":\"https:\/\/publissoft.dev\/spasante\/wp-content\/uploads\/2022\/11\/logo-jpg.jpeg\",\"width\":900,\"height\":900,\"caption\":\"Spa Sant\u00e9 Le N\u00e9nuphar\"},\"image\":{\"@id\":\"https:\/\/publissoft.dev\/spasante\/#\/schema\/logo\/image\/\"},\"sameAs\":[\"https:\/\/www.facebook.com\/SpaSanteLeNenuphar\",\"https:\/\/www.instagram.com\/spasantelenenuphar\/?hl=fr\"]}]}<\/script>\n<!-- \/ Yoast SEO plugin. -->","yoast_head_json":{"title":"PodoSens\u00e9 - SOLUTION Cristaux Marins Apaisants (Vinaigre de cidre de pommes & gingembre) 600 g - Spa Sant\u00e9 Le N\u00e9nuphar","description":"SOLUTION Cristaux Marins Apaisants (Vinaigre de cidre de pommes & gingembre) 600 g - Il est riche en potassium et autres oligo-\u00e9l\u00e9ments. Visitez-nous !","robots":{"index":"noindex","follow":"follow","max-snippet":"max-snippet:-1","max-image-preview":"max-image-preview:large","max-video-preview":"max-video-preview:-1"},"og_locale":"fr_CA","og_type":"article","og_title":"PodoSens\u00e9 - SOLUTION Cristaux Marins Apaisants (Vinaigre de cidre de pommes & gingembre) 600 g - Spa Sant\u00e9 Le N\u00e9nuphar","og_description":"SOLUTION Cristaux Marins Apaisants (Vinaigre de cidre de pommes & gingembre) 600 g - Il est riche en potassium et autres oligo-\u00e9l\u00e9ments. Visitez-nous !","og_url":"https:\/\/publissoft.dev\/spasante\/produit\/solution-cristaux-marins-apaisants-spa-sante-le-nenuphar\/","og_site_name":"Spa Sant\u00e9 Le N\u00e9nuphar","article_publisher":"https:\/\/www.facebook.com\/SpaSanteLeNenuphar","article_modified_time":"2023-04-17T18:44:06+00:00","og_image":[{"width":474,"height":512,"url":"https:\/\/publissoft.dev\/spasante\/wp-content\/uploads\/2022\/01\/SOLUTION-Cristaux-Marins-Apaisants-_Vinaigre-de-cidre-de-pommes-_-gingembre_-600-g.jpg","type":"image\/jpeg"}],"twitter_card":"summary_large_image","twitter_misc":{"Estimation du temps de lecture":"2 minutes"},"schema":{"@context":"https:\/\/schema.org","@graph":[{"@type":"WebPage","@id":"https:\/\/publissoft.dev\/spasante\/produit\/solution-cristaux-marins-apaisants-spa-sante-le-nenuphar\/","url":"https:\/\/publissoft.dev\/spasante\/produit\/solution-cristaux-marins-apaisants-spa-sante-le-nenuphar\/","name":"PodoSens\u00e9 - SOLUTION Cristaux Marins Apaisants (Vinaigre de cidre de pommes & gingembre) 600 g - Spa Sant\u00e9 Le N\u00e9nuphar","isPartOf":{"@id":"https:\/\/publissoft.dev\/spasante\/#website"},"primaryImageOfPage":{"@id":"https:\/\/publissoft.dev\/spasante\/produit\/solution-cristaux-marins-apaisants-spa-sante-le-nenuphar\/#primaryimage"},"image":{"@id":"https:\/\/publissoft.dev\/spasante\/produit\/solution-cristaux-marins-apaisants-spa-sante-le-nenuphar\/#primaryimage"},"thumbnailUrl":"https:\/\/publissoft.dev\/spasante\/wp-content\/uploads\/2022\/01\/SOLUTION-Cristaux-Marins-Apaisants-_Vinaigre-de-cidre-de-pommes-_-gingembre_-600-g.jpg","datePublished":"2022-01-27T19:43:55+00:00","dateModified":"2023-04-17T18:44:06+00:00","description":"SOLUTION Cristaux Marins Apaisants (Vinaigre de cidre de pommes & gingembre) 600 g - Il est riche en potassium et autres oligo-\u00e9l\u00e9ments. Visitez-nous !","breadcrumb":{"@id":"https:\/\/publissoft.dev\/spasante\/produit\/solution-cristaux-marins-apaisants-spa-sante-le-nenuphar\/#breadcrumb"},"inLanguage":"fr-CA","potentialAction":[{"@type":"ReadAction","target":["https:\/\/publissoft.dev\/spasante\/produit\/solution-cristaux-marins-apaisants-spa-sante-le-nenuphar\/"]}]},{"@type":"ImageObject","inLanguage":"fr-CA","@id":"https:\/\/publissoft.dev\/spasante\/produit\/solution-cristaux-marins-apaisants-spa-sante-le-nenuphar\/#primaryimage","url":"https:\/\/publissoft.dev\/spasante\/wp-content\/uploads\/2022\/01\/SOLUTION-Cristaux-Marins-Apaisants-_Vinaigre-de-cidre-de-pommes-_-gingembre_-600-g.jpg","contentUrl":"https:\/\/publissoft.dev\/spasante\/wp-content\/uploads\/2022\/01\/SOLUTION-Cristaux-Marins-Apaisants-_Vinaigre-de-cidre-de-pommes-_-gingembre_-600-g.jpg","width":474,"height":512},{"@type":"BreadcrumbList","@id":"https:\/\/publissoft.dev\/spasante\/produit\/solution-cristaux-marins-apaisants-spa-sante-le-nenuphar\/#breadcrumb","itemListElement":[{"@type":"ListItem","position":1,"name":"Accueil","item":"https:\/\/publissoft.dev\/spasante\/"},{"@type":"ListItem","position":2,"name":"Boutique","item":"https:\/\/publissoft.dev\/spasante\/boutique\/"},{"@type":"ListItem","position":3,"name":"PodoSens\u00e9 &#8211; SOLUTION Cristaux Marins Apaisants (Vinaigre de cidre de pommes &#038; gingembre) 600 g"}]},{"@type":"WebSite","@id":"https:\/\/publissoft.dev\/spasante\/#website","url":"https:\/\/publissoft.dev\/spasante\/","name":"Spa Sant\u00e9 Le N\u00e9nuphar","description":"","publisher":{"@id":"https:\/\/publissoft.dev\/spasante\/#organization"},"potentialAction":[{"@type":"SearchAction","target":{"@type":"EntryPoint","urlTemplate":"https:\/\/publissoft.dev\/spasante\/?s={search_term_string}"},"query-input":"required name=search_term_string"}],"inLanguage":"fr-CA"},{"@type":"Organization","@id":"https:\/\/publissoft.dev\/spasante\/#organization","name":"Spa Sant\u00e9 Le N\u00e9nuphar","url":"https:\/\/publissoft.dev\/spasante\/","logo":{"@type":"ImageObject","inLanguage":"fr-CA","@id":"https:\/\/publissoft.dev\/spasante\/#\/schema\/logo\/image\/","url":"https:\/\/publissoft.dev\/spasante\/wp-content\/uploads\/2022\/11\/logo-jpg.jpeg","contentUrl":"https:\/\/publissoft.dev\/spasante\/wp-content\/uploads\/2022\/11\/logo-jpg.jpeg","width":900,"height":900,"caption":"Spa Sant\u00e9 Le N\u00e9nuphar"},"image":{"@id":"https:\/\/publissoft.dev\/spasante\/#\/schema\/logo\/image\/"},"sameAs":["https:\/\/www.facebook.com\/SpaSanteLeNenuphar","https:\/\/www.instagram.com\/spasantelenenuphar\/?hl=fr"]}]}},"_links":{"self":[{"href":"https:\/\/publissoft.dev\/spasante\/wp-json\/wp\/v2\/product\/1481","targetHints":{"allow":["GET"]}}],"collection":[{"href":"https:\/\/publissoft.dev\/spasante\/wp-json\/wp\/v2\/product"}],"about":[{"href":"https:\/\/publissoft.dev\/spasante\/wp-json\/wp\/v2\/types\/product"}],"wp:featuredmedia":[{"embeddable":true,"href":"https:\/\/publissoft.dev\/spasante\/wp-json\/wp\/v2\/media\/1483"}],"wp:attachment":[{"href":"https:\/\/publissoft.dev\/spasante\/wp-json\/wp\/v2\/media?parent=1481"}],"wp:term":[{"taxonomy":"product_cat","embeddable":true,"href":"https:\/\/publissoft.dev\/spasante\/wp-json\/wp\/v2\/product_cat?post=1481"},{"taxonomy":"product_tag","embeddable":true,"href":"https:\/\/publissoft.dev\/spasante\/wp-json\/wp\/v2\/product_tag?post=1481"},{"taxonomy":"giftcard-category","embeddable":true,"href":"https:\/\/publissoft.dev\/spasante\/wp-json\/wp\/v2\/giftcard-category?post=1481"}],"curies":[{"name":"wp","href":"https:\/\/api.w.org\/{rel}","templated":true}]}}