{"id":1521,"date":"2022-01-27T14:44:24","date_gmt":"2022-01-27T19:44:24","guid":{"rendered":"https:\/\/publissoft.dev\/spasante\/produit\/traitement-de-lacne-photoacne\/"},"modified":"2023-07-10T13:43:03","modified_gmt":"2023-07-10T17:43:03","slug":"traitement-de-lacne-photoacne-spa-sante-le-nenuphar","status":"publish","type":"product","link":"https:\/\/publissoft.dev\/spasante\/produit\/traitement-de-lacne-photoacne-spa-sante-le-nenuphar\/","title":{"rendered":"Traitement de l&#8217;acn\u00e9 &#8211; Photoacn\u00e9"},"content":{"rendered":"<div data-mce-fragment=\"1\">Consultation gratuite<\/div>\n<div data-mce-fragment=\"1\">Prix par s\u00e9ance.<\/div>\n<div data-mce-fragment=\"1\">R\u00e9sultats optimaux avec un minimum de 8 \u00e0 10 s\u00e9ances.<\/div>\n<div data-mce-fragment=\"1\"><\/div>\n<div data-mce-fragment=\"1\">Alternative sans m\u00e9dicaments pour traiter cette acn\u00e9 chronique.<\/div>\n<div data-mce-fragment=\"1\">\n<div data-mce-fragment=\"1\">\n<p data-mce-fragment=\"1\">R\u00e9v\u00e9lez votre peau nette gr\u00e2ce aux traitements exceptionnels contre l\u2019acn\u00e9 avec le laser\u00a0SharpLight.<\/p>\n<p data-mce-fragment=\"1\">Traitant\u00a0efficacement l&#8217;acn\u00e9 inflammatoire l\u00e9g\u00e8re et mod\u00e9r\u00e9e avec une m\u00e9thode s\u00fbre et fiable, sans m\u00e9dicaments.<\/p>\n<p data-mce-fragment=\"1\">Premi\u00e8rement, la\u00a0technologie du laser pour l&#8217;acn\u00e9\u00a0met\u00a0en \u0153uvre l&#8217;absorption de la lumi\u00e8re bleue visible pour produire des radicaux libres dans la glande s\u00e9bac\u00e9e, qui d\u00e9truit les bact\u00e9ries qui se trouvent dans les l\u00e9sions d&#8217;acn\u00e9; deuxi\u00e8mement, la lumi\u00e8re jaune est utilis\u00e9e pour coaguler les vaisseaux sanguins d&#8217;alimentation, am\u00e9liorant ainsi leur gu\u00e9rison; et, enfin, la lumi\u00e8re infrarouge est appliqu\u00e9e pour s\u00e9cher les l\u00e9sions. Ce processus de traitement se traduit g\u00e9n\u00e9ralement par une r\u00e9duction de 60 \u00e0 65 % des papules et des pustules.<\/p>\n<\/div>\n<div data-mce-fragment=\"1\">\n<p data-mce-fragment=\"1\">En plus d&#8217;obtenir ces r\u00e9sultats en seulement quelques sessions sans machine de traitement pour l&#8217;acn\u00e9, les clients profitent de traitements qui sont relativement sans douleur et compl\u00e8tement exempts de m\u00e9dication.<\/p>\n<p data-mce-fragment=\"1\"><strong data-mce-fragment=\"1\">Principaux avantages<\/strong><\/p>\n<p data-mce-fragment=\"1\">Voici quelques-uns des principaux avantages des traitements de l&#8217;acn\u00e9 de SharpLight :<\/p>\n<ul data-mce-fragment=\"1\">\n<li data-mce-fragment=\"1\">Les r\u00e9sultats sont obtenus rapidement et sans effets secondaires.<\/li>\n<li data-mce-fragment=\"1\">Les traitements sont une alternative efficace et saine aux m\u00e9dicaments contre l&#8217;acn\u00e9.<\/li>\n<li data-mce-fragment=\"1\">Les traitements sont non invasifs, s\u00fbrs et relativement indolores.<\/li>\n<li data-mce-fragment=\"1\">Il n&#8217;y a pas de temps d&#8217;arr\u00eat.<\/li>\n<li data-mce-fragment=\"1\">Les traitements se sont av\u00e9r\u00e9s efficaces pour des milliers de clients satisfaits.<\/li>\n<\/ul>\n<\/div>\n<\/div>\n","protected":false},"excerpt":{"rendered":"<p>Consultation gratuite Prix par s\u00e9ance. R\u00e9sultats optimaux avec un minimum de 8 \u00e0 10 s\u00e9ances. Alternative sans m\u00e9dicaments pour traiter cette acn\u00e9 chronique. R\u00e9v\u00e9lez votre peau nette gr\u00e2ce aux traitements exceptionnels contre l\u2019acn\u00e9 avec le laser\u00a0SharpLight. Traitant\u00a0efficacement l&#8217;acn\u00e9 inflammatoire l\u00e9g\u00e8re et mod\u00e9r\u00e9e avec une m\u00e9thode s\u00fbre et fiable, sans m\u00e9dicaments. Premi\u00e8rement, la\u00a0technologie du laser pour &hellip;<\/p>\n","protected":false},"featured_media":3478,"template":"","meta":{"_acf_changed":false,"_genesis_hide_title":false,"_genesis_hide_breadcrumbs":false,"_genesis_hide_singular_image":false,"_genesis_hide_footer_widgets":false,"_genesis_custom_body_class":"","_genesis_custom_post_class":"","_genesis_layout":""},"product_cat":[53,67,43],"product_tag":[],"giftcard-category":[],"class_list":{"0":"post-1521","1":"product","2":"type-product","3":"status-publish","4":"has-post-thumbnail","6":"product_cat-gift-card","7":"product_cat-soin-du-visage","8":"product_cat-soins","9":"entry","11":"first","12":"instock","13":"virtual","14":"taxable","15":"purchasable","16":"product-type-simple"},"acf":[],"yoast_head":"<!-- This site is optimized with the Yoast SEO plugin v22.5 - https:\/\/yoast.com\/wordpress\/plugins\/seo\/ -->\n<title>Traitement de l&#039;acn\u00e9 - Photoacn\u00e9 - Spa Sant\u00e9 Le N\u00e9nuphar<\/title>\n<meta name=\"description\" content=\"Pr\u00e9sentation de notre Traitement de l&#039;acn\u00e9 - Photoacn\u00e9. Une alternative sans m\u00e9dicament pour traiter l&#039;acn\u00e9 chronique. Consultation gratuite, visitez-nous !\" \/>\n<meta name=\"robots\" content=\"noindex, follow, max-snippet:-1, max-image-preview:large, max-video-preview:-1\" \/>\n<meta property=\"og:locale\" content=\"fr_CA\" \/>\n<meta property=\"og:type\" content=\"article\" \/>\n<meta property=\"og:title\" content=\"Traitement de l&#039;acn\u00e9 - Photoacn\u00e9 - Spa Sant\u00e9 Le N\u00e9nuphar\" \/>\n<meta property=\"og:description\" content=\"Pr\u00e9sentation de notre Traitement de l&#039;acn\u00e9 - Photoacn\u00e9. Une alternative sans m\u00e9dicament pour traiter l&#039;acn\u00e9 chronique. Consultation gratuite, visitez-nous !\" \/>\n<meta property=\"og:url\" content=\"https:\/\/publissoft.dev\/spasante\/produit\/traitement-de-lacne-photoacne-spa-sante-le-nenuphar\/\" \/>\n<meta property=\"og:site_name\" content=\"Spa Sant\u00e9 Le N\u00e9nuphar\" \/>\n<meta property=\"article:publisher\" content=\"https:\/\/www.facebook.com\/SpaSanteLeNenuphar\" \/>\n<meta property=\"article:modified_time\" content=\"2023-07-10T17:43:03+00:00\" \/>\n<meta property=\"og:image\" content=\"https:\/\/publissoft.dev\/spasante\/wp-content\/uploads\/2022\/01\/avant-apres-photo-acne.png\" \/>\n\t<meta property=\"og:image:width\" content=\"940\" \/>\n\t<meta property=\"og:image:height\" content=\"788\" \/>\n\t<meta property=\"og:image:type\" content=\"image\/png\" \/>\n<meta name=\"twitter:card\" content=\"summary_large_image\" \/>\n<meta name=\"twitter:label1\" content=\"Estimation du temps de lecture\" \/>\n\t<meta name=\"twitter:data1\" content=\"2 minutes\" \/>\n<script type=\"application\/ld+json\" class=\"yoast-schema-graph\">{\"@context\":\"https:\/\/schema.org\",\"@graph\":[{\"@type\":\"WebPage\",\"@id\":\"https:\/\/publissoft.dev\/spasante\/produit\/traitement-de-lacne-photoacne-spa-sante-le-nenuphar\/\",\"url\":\"https:\/\/publissoft.dev\/spasante\/produit\/traitement-de-lacne-photoacne-spa-sante-le-nenuphar\/\",\"name\":\"Traitement de l'acn\u00e9 - Photoacn\u00e9 - Spa Sant\u00e9 Le N\u00e9nuphar\",\"isPartOf\":{\"@id\":\"https:\/\/publissoft.dev\/spasante\/#website\"},\"primaryImageOfPage\":{\"@id\":\"https:\/\/publissoft.dev\/spasante\/produit\/traitement-de-lacne-photoacne-spa-sante-le-nenuphar\/#primaryimage\"},\"image\":{\"@id\":\"https:\/\/publissoft.dev\/spasante\/produit\/traitement-de-lacne-photoacne-spa-sante-le-nenuphar\/#primaryimage\"},\"thumbnailUrl\":\"https:\/\/publissoft.dev\/spasante\/wp-content\/uploads\/2022\/01\/avant-apres-photo-acne.png\",\"datePublished\":\"2022-01-27T19:44:24+00:00\",\"dateModified\":\"2023-07-10T17:43:03+00:00\",\"description\":\"Pr\u00e9sentation de notre Traitement de l'acn\u00e9 - Photoacn\u00e9. Une alternative sans m\u00e9dicament pour traiter l'acn\u00e9 chronique. Consultation gratuite, visitez-nous !\",\"breadcrumb\":{\"@id\":\"https:\/\/publissoft.dev\/spasante\/produit\/traitement-de-lacne-photoacne-spa-sante-le-nenuphar\/#breadcrumb\"},\"inLanguage\":\"fr-CA\",\"potentialAction\":[{\"@type\":\"ReadAction\",\"target\":[\"https:\/\/publissoft.dev\/spasante\/produit\/traitement-de-lacne-photoacne-spa-sante-le-nenuphar\/\"]}]},{\"@type\":\"ImageObject\",\"inLanguage\":\"fr-CA\",\"@id\":\"https:\/\/publissoft.dev\/spasante\/produit\/traitement-de-lacne-photoacne-spa-sante-le-nenuphar\/#primaryimage\",\"url\":\"https:\/\/publissoft.dev\/spasante\/wp-content\/uploads\/2022\/01\/avant-apres-photo-acne.png\",\"contentUrl\":\"https:\/\/publissoft.dev\/spasante\/wp-content\/uploads\/2022\/01\/avant-apres-photo-acne.png\",\"width\":940,\"height\":788},{\"@type\":\"BreadcrumbList\",\"@id\":\"https:\/\/publissoft.dev\/spasante\/produit\/traitement-de-lacne-photoacne-spa-sante-le-nenuphar\/#breadcrumb\",\"itemListElement\":[{\"@type\":\"ListItem\",\"position\":1,\"name\":\"Accueil\",\"item\":\"https:\/\/publissoft.dev\/spasante\/\"},{\"@type\":\"ListItem\",\"position\":2,\"name\":\"Boutique\",\"item\":\"https:\/\/publissoft.dev\/spasante\/boutique\/\"},{\"@type\":\"ListItem\",\"position\":3,\"name\":\"Traitement de l&#8217;acn\u00e9 &#8211; Photoacn\u00e9\"}]},{\"@type\":\"WebSite\",\"@id\":\"https:\/\/publissoft.dev\/spasante\/#website\",\"url\":\"https:\/\/publissoft.dev\/spasante\/\",\"name\":\"Spa Sant\u00e9 Le N\u00e9nuphar\",\"description\":\"\",\"publisher\":{\"@id\":\"https:\/\/publissoft.dev\/spasante\/#organization\"},\"potentialAction\":[{\"@type\":\"SearchAction\",\"target\":{\"@type\":\"EntryPoint\",\"urlTemplate\":\"https:\/\/publissoft.dev\/spasante\/?s={search_term_string}\"},\"query-input\":\"required name=search_term_string\"}],\"inLanguage\":\"fr-CA\"},{\"@type\":\"Organization\",\"@id\":\"https:\/\/publissoft.dev\/spasante\/#organization\",\"name\":\"Spa Sant\u00e9 Le N\u00e9nuphar\",\"url\":\"https:\/\/publissoft.dev\/spasante\/\",\"logo\":{\"@type\":\"ImageObject\",\"inLanguage\":\"fr-CA\",\"@id\":\"https:\/\/publissoft.dev\/spasante\/#\/schema\/logo\/image\/\",\"url\":\"https:\/\/publissoft.dev\/spasante\/wp-content\/uploads\/2022\/11\/logo-jpg.jpeg\",\"contentUrl\":\"https:\/\/publissoft.dev\/spasante\/wp-content\/uploads\/2022\/11\/logo-jpg.jpeg\",\"width\":900,\"height\":900,\"caption\":\"Spa Sant\u00e9 Le N\u00e9nuphar\"},\"image\":{\"@id\":\"https:\/\/publissoft.dev\/spasante\/#\/schema\/logo\/image\/\"},\"sameAs\":[\"https:\/\/www.facebook.com\/SpaSanteLeNenuphar\",\"https:\/\/www.instagram.com\/spasantelenenuphar\/?hl=fr\"]}]}<\/script>\n<!-- \/ Yoast SEO plugin. -->","yoast_head_json":{"title":"Traitement de l'acn\u00e9 - Photoacn\u00e9 - Spa Sant\u00e9 Le N\u00e9nuphar","description":"Pr\u00e9sentation de notre Traitement de l'acn\u00e9 - Photoacn\u00e9. Une alternative sans m\u00e9dicament pour traiter l'acn\u00e9 chronique. Consultation gratuite, visitez-nous !","robots":{"index":"noindex","follow":"follow","max-snippet":"max-snippet:-1","max-image-preview":"max-image-preview:large","max-video-preview":"max-video-preview:-1"},"og_locale":"fr_CA","og_type":"article","og_title":"Traitement de l'acn\u00e9 - Photoacn\u00e9 - Spa Sant\u00e9 Le N\u00e9nuphar","og_description":"Pr\u00e9sentation de notre Traitement de l'acn\u00e9 - Photoacn\u00e9. Une alternative sans m\u00e9dicament pour traiter l'acn\u00e9 chronique. Consultation gratuite, visitez-nous !","og_url":"https:\/\/publissoft.dev\/spasante\/produit\/traitement-de-lacne-photoacne-spa-sante-le-nenuphar\/","og_site_name":"Spa Sant\u00e9 Le N\u00e9nuphar","article_publisher":"https:\/\/www.facebook.com\/SpaSanteLeNenuphar","article_modified_time":"2023-07-10T17:43:03+00:00","og_image":[{"width":940,"height":788,"url":"https:\/\/publissoft.dev\/spasante\/wp-content\/uploads\/2022\/01\/avant-apres-photo-acne.png","type":"image\/png"}],"twitter_card":"summary_large_image","twitter_misc":{"Estimation du temps de lecture":"2 minutes"},"schema":{"@context":"https:\/\/schema.org","@graph":[{"@type":"WebPage","@id":"https:\/\/publissoft.dev\/spasante\/produit\/traitement-de-lacne-photoacne-spa-sante-le-nenuphar\/","url":"https:\/\/publissoft.dev\/spasante\/produit\/traitement-de-lacne-photoacne-spa-sante-le-nenuphar\/","name":"Traitement de l'acn\u00e9 - Photoacn\u00e9 - Spa Sant\u00e9 Le N\u00e9nuphar","isPartOf":{"@id":"https:\/\/publissoft.dev\/spasante\/#website"},"primaryImageOfPage":{"@id":"https:\/\/publissoft.dev\/spasante\/produit\/traitement-de-lacne-photoacne-spa-sante-le-nenuphar\/#primaryimage"},"image":{"@id":"https:\/\/publissoft.dev\/spasante\/produit\/traitement-de-lacne-photoacne-spa-sante-le-nenuphar\/#primaryimage"},"thumbnailUrl":"https:\/\/publissoft.dev\/spasante\/wp-content\/uploads\/2022\/01\/avant-apres-photo-acne.png","datePublished":"2022-01-27T19:44:24+00:00","dateModified":"2023-07-10T17:43:03+00:00","description":"Pr\u00e9sentation de notre Traitement de l'acn\u00e9 - Photoacn\u00e9. Une alternative sans m\u00e9dicament pour traiter l'acn\u00e9 chronique. Consultation gratuite, visitez-nous !","breadcrumb":{"@id":"https:\/\/publissoft.dev\/spasante\/produit\/traitement-de-lacne-photoacne-spa-sante-le-nenuphar\/#breadcrumb"},"inLanguage":"fr-CA","potentialAction":[{"@type":"ReadAction","target":["https:\/\/publissoft.dev\/spasante\/produit\/traitement-de-lacne-photoacne-spa-sante-le-nenuphar\/"]}]},{"@type":"ImageObject","inLanguage":"fr-CA","@id":"https:\/\/publissoft.dev\/spasante\/produit\/traitement-de-lacne-photoacne-spa-sante-le-nenuphar\/#primaryimage","url":"https:\/\/publissoft.dev\/spasante\/wp-content\/uploads\/2022\/01\/avant-apres-photo-acne.png","contentUrl":"https:\/\/publissoft.dev\/spasante\/wp-content\/uploads\/2022\/01\/avant-apres-photo-acne.png","width":940,"height":788},{"@type":"BreadcrumbList","@id":"https:\/\/publissoft.dev\/spasante\/produit\/traitement-de-lacne-photoacne-spa-sante-le-nenuphar\/#breadcrumb","itemListElement":[{"@type":"ListItem","position":1,"name":"Accueil","item":"https:\/\/publissoft.dev\/spasante\/"},{"@type":"ListItem","position":2,"name":"Boutique","item":"https:\/\/publissoft.dev\/spasante\/boutique\/"},{"@type":"ListItem","position":3,"name":"Traitement de l&#8217;acn\u00e9 &#8211; Photoacn\u00e9"}]},{"@type":"WebSite","@id":"https:\/\/publissoft.dev\/spasante\/#website","url":"https:\/\/publissoft.dev\/spasante\/","name":"Spa Sant\u00e9 Le N\u00e9nuphar","description":"","publisher":{"@id":"https:\/\/publissoft.dev\/spasante\/#organization"},"potentialAction":[{"@type":"SearchAction","target":{"@type":"EntryPoint","urlTemplate":"https:\/\/publissoft.dev\/spasante\/?s={search_term_string}"},"query-input":"required name=search_term_string"}],"inLanguage":"fr-CA"},{"@type":"Organization","@id":"https:\/\/publissoft.dev\/spasante\/#organization","name":"Spa Sant\u00e9 Le N\u00e9nuphar","url":"https:\/\/publissoft.dev\/spasante\/","logo":{"@type":"ImageObject","inLanguage":"fr-CA","@id":"https:\/\/publissoft.dev\/spasante\/#\/schema\/logo\/image\/","url":"https:\/\/publissoft.dev\/spasante\/wp-content\/uploads\/2022\/11\/logo-jpg.jpeg","contentUrl":"https:\/\/publissoft.dev\/spasante\/wp-content\/uploads\/2022\/11\/logo-jpg.jpeg","width":900,"height":900,"caption":"Spa Sant\u00e9 Le N\u00e9nuphar"},"image":{"@id":"https:\/\/publissoft.dev\/spasante\/#\/schema\/logo\/image\/"},"sameAs":["https:\/\/www.facebook.com\/SpaSanteLeNenuphar","https:\/\/www.instagram.com\/spasantelenenuphar\/?hl=fr"]}]}},"_links":{"self":[{"href":"https:\/\/publissoft.dev\/spasante\/wp-json\/wp\/v2\/product\/1521","targetHints":{"allow":["GET"]}}],"collection":[{"href":"https:\/\/publissoft.dev\/spasante\/wp-json\/wp\/v2\/product"}],"about":[{"href":"https:\/\/publissoft.dev\/spasante\/wp-json\/wp\/v2\/types\/product"}],"wp:featuredmedia":[{"embeddable":true,"href":"https:\/\/publissoft.dev\/spasante\/wp-json\/wp\/v2\/media\/3478"}],"wp:attachment":[{"href":"https:\/\/publissoft.dev\/spasante\/wp-json\/wp\/v2\/media?parent=1521"}],"wp:term":[{"taxonomy":"product_cat","embeddable":true,"href":"https:\/\/publissoft.dev\/spasante\/wp-json\/wp\/v2\/product_cat?post=1521"},{"taxonomy":"product_tag","embeddable":true,"href":"https:\/\/publissoft.dev\/spasante\/wp-json\/wp\/v2\/product_tag?post=1521"},{"taxonomy":"giftcard-category","embeddable":true,"href":"https:\/\/publissoft.dev\/spasante\/wp-json\/wp\/v2\/giftcard-category?post=1521"}],"curies":[{"name":"wp","href":"https:\/\/api.w.org\/{rel}","templated":true}]}}