{"id":2117,"date":"2022-04-07T23:34:10","date_gmt":"2022-04-08T03:34:10","guid":{"rendered":"https:\/\/publissoft.dev\/spasante\/produit\/dr-renaud-radiance-white-serum-correcteur-de-pigment\/"},"modified":"2024-04-22T14:43:11","modified_gmt":"2024-04-22T18:43:11","slug":"dr-renaud-radiance-white-serum-correcteur-de-pigment","status":"publish","type":"product","link":"https:\/\/publissoft.dev\/spasante\/produit\/dr-renaud-radiance-white-serum-correcteur-de-pigment\/","title":{"rendered":"Dr. Renaud &#8211; Radiance White S\u00e9rum Correcteur de Pigment"},"content":{"rendered":"<p>Pour tous les types de peau, m\u00eame les plus sensibles<\/p>\n<p>Un puissant s\u00e9rum qui cible les taches brunes dues \u00e0 l\u2019\u00e2ge, au soleil, ou \u00e0 l\u2019inflammation<\/p>\n<p>\u2022 Att\u00e9nue les taches brunes. l\u2019acide tranexamique aide \u00e0 visiblement att\u00e9nuer l\u2019hyperpigmentation, diminue l\u2019apparence des marques post-acn\u00e9, r\u00e9duit visiblement le m\u00e9lasma et diminue les rougeurs gr\u00e2ce \u00e0 son action anti-inflammatoire. l\u2019acide kojique est largement utilis\u00e9 dans les soins \u00e9claircissants. Il agit en inhibant la tyrosinase, l\u2019enzyme qui catalyse la production de m\u00e9lanine.<\/p>\n<p>\u2022 Corrige les signes de vieillissements la niacinamide offre de nombreux b\u00e9n\u00e9fices. La niacinamide r\u00e9duit les ridules, am\u00e9liore significativement l\u2019\u00e9lasticit\u00e9 de la peau, diminue l\u2019hyperpigmentation et am\u00e9liore la fonction barri\u00e8re et de l\u2019hydratation.<\/p>\n<p>\u2022 L\u00e9g\u00e8re exfoliation l\u2019acide citrique est un AHA qui diminuer la visibilit\u00e9 des taches pigmentaires en acc\u00e9l\u00e9rant l\u2019exfoliation de la couche corn\u00e9e charg\u00e9e de m\u00e9lanine \u2022 Maintien l\u2019hydratation acide hyaluronique poss\u00e8de des capacit\u00e9s exceptionnelles de r\u00e9tention d\u2019eau. Cette mol\u00e9cule \u00e0 haut poids mol\u00e9culaire forme un film non-occlusif et maintient l\u2019hydratation et limite la perte insensible en eau<\/p>\n<p>Conseil de pro :<\/p>\n<p>Matin et soir, et pour 8 \u00e0 12 semaines, apr\u00e8s un nettoyage minutieux de la peau, appliquer sur l\u2019ensemble du visage. Appliquer ensuite la cr\u00e8me de jour ou de nuit habituelle<\/p>\n<p>\u2022 Le jour, utiliser syst\u00e9matiquement un soin de protection solaire \u2022 Pour une action anti-taches renforc\u00e9e : Superposer le S\u00e9rum Vitamine C 10% avec M2 PE et le S\u00e9rum Correcteur de pigment Radiance W<\/p>\n","protected":false},"excerpt":{"rendered":"<p>Pour tous les types de peau, m\u00eame les plus sensibles Un puissant s\u00e9rum qui cible les taches brunes dues \u00e0 l\u2019\u00e2ge, au soleil, ou \u00e0 l\u2019inflammation \u2022 Att\u00e9nue les taches brunes. l\u2019acide tranexamique aide \u00e0 visiblement att\u00e9nuer l\u2019hyperpigmentation, diminue l\u2019apparence des marques post-acn\u00e9, r\u00e9duit visiblement le m\u00e9lasma et diminue les rougeurs gr\u00e2ce \u00e0 son action &hellip;<\/p>\n","protected":false},"featured_media":2120,"template":"","meta":{"_acf_changed":false,"_genesis_hide_title":false,"_genesis_hide_breadcrumbs":false,"_genesis_hide_singular_image":false,"_genesis_hide_footer_widgets":false,"_genesis_custom_body_class":"","_genesis_custom_post_class":"","_genesis_layout":""},"product_cat":[37,92,31],"product_tag":[],"giftcard-category":[],"class_list":{"0":"post-2117","1":"product","2":"type-product","3":"status-publish","4":"has-post-thumbnail","6":"product_cat-produits","7":"product_cat-produits-en-liquidation","8":"product_cat-laboratoire-dr-renaud","9":"entry","11":"first","12":"instock","13":"sale","14":"taxable","15":"shipping-taxable","16":"purchasable","17":"product-type-simple"},"acf":[],"yoast_head":"<!-- This site is optimized with the Yoast SEO plugin v22.5 - https:\/\/yoast.com\/wordpress\/plugins\/seo\/ -->\n<title>Dr. Renaud - Radiance White S\u00e9rum Correcteur de Pigment - Spa Sant\u00e9 Le N\u00e9nuphar<\/title>\n<meta name=\"robots\" content=\"noindex, follow, max-snippet:-1, max-image-preview:large, max-video-preview:-1\" \/>\n<meta property=\"og:locale\" content=\"fr_CA\" \/>\n<meta property=\"og:type\" content=\"article\" \/>\n<meta property=\"og:title\" content=\"Dr. Renaud - Radiance White S\u00e9rum Correcteur de Pigment - Spa Sant\u00e9 Le N\u00e9nuphar\" \/>\n<meta property=\"og:description\" content=\"Pour tous les types de peau, m\u00eame les plus sensibles Un puissant s\u00e9rum qui cible les taches brunes dues \u00e0 l\u2019\u00e2ge, au soleil, ou \u00e0 l\u2019inflammation \u2022 Att\u00e9nue les taches brunes. l\u2019acide tranexamique aide \u00e0 visiblement att\u00e9nuer l\u2019hyperpigmentation, diminue l\u2019apparence des marques post-acn\u00e9, r\u00e9duit visiblement le m\u00e9lasma et diminue les rougeurs gr\u00e2ce \u00e0 son action &hellip;\" \/>\n<meta property=\"og:url\" content=\"https:\/\/publissoft.dev\/spasante\/produit\/dr-renaud-radiance-white-serum-correcteur-de-pigment\/\" \/>\n<meta property=\"og:site_name\" content=\"Spa Sant\u00e9 Le N\u00e9nuphar\" \/>\n<meta property=\"article:publisher\" content=\"https:\/\/www.facebook.com\/SpaSanteLeNenuphar\" \/>\n<meta property=\"article:modified_time\" content=\"2024-04-22T18:43:11+00:00\" \/>\n<meta property=\"og:image\" content=\"https:\/\/publissoft.dev\/spasante\/wp-content\/uploads\/2022\/04\/SpasanteleNenuphar-RadianceWhiteserum-scaled.jpg\" \/>\n\t<meta property=\"og:image:width\" content=\"2560\" \/>\n\t<meta property=\"og:image:height\" content=\"2560\" \/>\n\t<meta property=\"og:image:type\" content=\"image\/jpeg\" \/>\n<meta name=\"twitter:card\" content=\"summary_large_image\" \/>\n<meta name=\"twitter:label1\" content=\"Estimation du temps de lecture\" \/>\n\t<meta name=\"twitter:data1\" content=\"2 minutes\" \/>\n<script type=\"application\/ld+json\" class=\"yoast-schema-graph\">{\"@context\":\"https:\/\/schema.org\",\"@graph\":[{\"@type\":\"WebPage\",\"@id\":\"https:\/\/publissoft.dev\/spasante\/produit\/dr-renaud-radiance-white-serum-correcteur-de-pigment\/\",\"url\":\"https:\/\/publissoft.dev\/spasante\/produit\/dr-renaud-radiance-white-serum-correcteur-de-pigment\/\",\"name\":\"Dr. Renaud - Radiance White S\u00e9rum Correcteur de Pigment - Spa Sant\u00e9 Le N\u00e9nuphar\",\"isPartOf\":{\"@id\":\"https:\/\/publissoft.dev\/spasante\/#website\"},\"primaryImageOfPage\":{\"@id\":\"https:\/\/publissoft.dev\/spasante\/produit\/dr-renaud-radiance-white-serum-correcteur-de-pigment\/#primaryimage\"},\"image\":{\"@id\":\"https:\/\/publissoft.dev\/spasante\/produit\/dr-renaud-radiance-white-serum-correcteur-de-pigment\/#primaryimage\"},\"thumbnailUrl\":\"https:\/\/publissoft.dev\/spasante\/wp-content\/uploads\/2022\/04\/SpasanteleNenuphar-RadianceWhiteserum-scaled.jpg\",\"datePublished\":\"2022-04-08T03:34:10+00:00\",\"dateModified\":\"2024-04-22T18:43:11+00:00\",\"breadcrumb\":{\"@id\":\"https:\/\/publissoft.dev\/spasante\/produit\/dr-renaud-radiance-white-serum-correcteur-de-pigment\/#breadcrumb\"},\"inLanguage\":\"fr-CA\",\"potentialAction\":[{\"@type\":\"ReadAction\",\"target\":[\"https:\/\/publissoft.dev\/spasante\/produit\/dr-renaud-radiance-white-serum-correcteur-de-pigment\/\"]}]},{\"@type\":\"ImageObject\",\"inLanguage\":\"fr-CA\",\"@id\":\"https:\/\/publissoft.dev\/spasante\/produit\/dr-renaud-radiance-white-serum-correcteur-de-pigment\/#primaryimage\",\"url\":\"https:\/\/publissoft.dev\/spasante\/wp-content\/uploads\/2022\/04\/SpasanteleNenuphar-RadianceWhiteserum-scaled.jpg\",\"contentUrl\":\"https:\/\/publissoft.dev\/spasante\/wp-content\/uploads\/2022\/04\/SpasanteleNenuphar-RadianceWhiteserum-scaled.jpg\",\"width\":2560,\"height\":2560},{\"@type\":\"BreadcrumbList\",\"@id\":\"https:\/\/publissoft.dev\/spasante\/produit\/dr-renaud-radiance-white-serum-correcteur-de-pigment\/#breadcrumb\",\"itemListElement\":[{\"@type\":\"ListItem\",\"position\":1,\"name\":\"Accueil\",\"item\":\"https:\/\/publissoft.dev\/spasante\/\"},{\"@type\":\"ListItem\",\"position\":2,\"name\":\"Boutique\",\"item\":\"https:\/\/publissoft.dev\/spasante\/boutique\/\"},{\"@type\":\"ListItem\",\"position\":3,\"name\":\"Dr. Renaud &#8211; Radiance White S\u00e9rum Correcteur de Pigment\"}]},{\"@type\":\"WebSite\",\"@id\":\"https:\/\/publissoft.dev\/spasante\/#website\",\"url\":\"https:\/\/publissoft.dev\/spasante\/\",\"name\":\"Spa Sant\u00e9 Le N\u00e9nuphar\",\"description\":\"\",\"publisher\":{\"@id\":\"https:\/\/publissoft.dev\/spasante\/#organization\"},\"potentialAction\":[{\"@type\":\"SearchAction\",\"target\":{\"@type\":\"EntryPoint\",\"urlTemplate\":\"https:\/\/publissoft.dev\/spasante\/?s={search_term_string}\"},\"query-input\":\"required name=search_term_string\"}],\"inLanguage\":\"fr-CA\"},{\"@type\":\"Organization\",\"@id\":\"https:\/\/publissoft.dev\/spasante\/#organization\",\"name\":\"Spa Sant\u00e9 Le N\u00e9nuphar\",\"url\":\"https:\/\/publissoft.dev\/spasante\/\",\"logo\":{\"@type\":\"ImageObject\",\"inLanguage\":\"fr-CA\",\"@id\":\"https:\/\/publissoft.dev\/spasante\/#\/schema\/logo\/image\/\",\"url\":\"https:\/\/publissoft.dev\/spasante\/wp-content\/uploads\/2022\/11\/logo-jpg.jpeg\",\"contentUrl\":\"https:\/\/publissoft.dev\/spasante\/wp-content\/uploads\/2022\/11\/logo-jpg.jpeg\",\"width\":900,\"height\":900,\"caption\":\"Spa Sant\u00e9 Le N\u00e9nuphar\"},\"image\":{\"@id\":\"https:\/\/publissoft.dev\/spasante\/#\/schema\/logo\/image\/\"},\"sameAs\":[\"https:\/\/www.facebook.com\/SpaSanteLeNenuphar\",\"https:\/\/www.instagram.com\/spasantelenenuphar\/?hl=fr\"]}]}<\/script>\n<!-- \/ Yoast SEO plugin. -->","yoast_head_json":{"title":"Dr. Renaud - Radiance White S\u00e9rum Correcteur de Pigment - Spa Sant\u00e9 Le N\u00e9nuphar","robots":{"index":"noindex","follow":"follow","max-snippet":"max-snippet:-1","max-image-preview":"max-image-preview:large","max-video-preview":"max-video-preview:-1"},"og_locale":"fr_CA","og_type":"article","og_title":"Dr. Renaud - Radiance White S\u00e9rum Correcteur de Pigment - Spa Sant\u00e9 Le N\u00e9nuphar","og_description":"Pour tous les types de peau, m\u00eame les plus sensibles Un puissant s\u00e9rum qui cible les taches brunes dues \u00e0 l\u2019\u00e2ge, au soleil, ou \u00e0 l\u2019inflammation \u2022 Att\u00e9nue les taches brunes. l\u2019acide tranexamique aide \u00e0 visiblement att\u00e9nuer l\u2019hyperpigmentation, diminue l\u2019apparence des marques post-acn\u00e9, r\u00e9duit visiblement le m\u00e9lasma et diminue les rougeurs gr\u00e2ce \u00e0 son action &hellip;","og_url":"https:\/\/publissoft.dev\/spasante\/produit\/dr-renaud-radiance-white-serum-correcteur-de-pigment\/","og_site_name":"Spa Sant\u00e9 Le N\u00e9nuphar","article_publisher":"https:\/\/www.facebook.com\/SpaSanteLeNenuphar","article_modified_time":"2024-04-22T18:43:11+00:00","og_image":[{"width":2560,"height":2560,"url":"https:\/\/publissoft.dev\/spasante\/wp-content\/uploads\/2022\/04\/SpasanteleNenuphar-RadianceWhiteserum-scaled.jpg","type":"image\/jpeg"}],"twitter_card":"summary_large_image","twitter_misc":{"Estimation du temps de lecture":"2 minutes"},"schema":{"@context":"https:\/\/schema.org","@graph":[{"@type":"WebPage","@id":"https:\/\/publissoft.dev\/spasante\/produit\/dr-renaud-radiance-white-serum-correcteur-de-pigment\/","url":"https:\/\/publissoft.dev\/spasante\/produit\/dr-renaud-radiance-white-serum-correcteur-de-pigment\/","name":"Dr. Renaud - Radiance White S\u00e9rum Correcteur de Pigment - Spa Sant\u00e9 Le N\u00e9nuphar","isPartOf":{"@id":"https:\/\/publissoft.dev\/spasante\/#website"},"primaryImageOfPage":{"@id":"https:\/\/publissoft.dev\/spasante\/produit\/dr-renaud-radiance-white-serum-correcteur-de-pigment\/#primaryimage"},"image":{"@id":"https:\/\/publissoft.dev\/spasante\/produit\/dr-renaud-radiance-white-serum-correcteur-de-pigment\/#primaryimage"},"thumbnailUrl":"https:\/\/publissoft.dev\/spasante\/wp-content\/uploads\/2022\/04\/SpasanteleNenuphar-RadianceWhiteserum-scaled.jpg","datePublished":"2022-04-08T03:34:10+00:00","dateModified":"2024-04-22T18:43:11+00:00","breadcrumb":{"@id":"https:\/\/publissoft.dev\/spasante\/produit\/dr-renaud-radiance-white-serum-correcteur-de-pigment\/#breadcrumb"},"inLanguage":"fr-CA","potentialAction":[{"@type":"ReadAction","target":["https:\/\/publissoft.dev\/spasante\/produit\/dr-renaud-radiance-white-serum-correcteur-de-pigment\/"]}]},{"@type":"ImageObject","inLanguage":"fr-CA","@id":"https:\/\/publissoft.dev\/spasante\/produit\/dr-renaud-radiance-white-serum-correcteur-de-pigment\/#primaryimage","url":"https:\/\/publissoft.dev\/spasante\/wp-content\/uploads\/2022\/04\/SpasanteleNenuphar-RadianceWhiteserum-scaled.jpg","contentUrl":"https:\/\/publissoft.dev\/spasante\/wp-content\/uploads\/2022\/04\/SpasanteleNenuphar-RadianceWhiteserum-scaled.jpg","width":2560,"height":2560},{"@type":"BreadcrumbList","@id":"https:\/\/publissoft.dev\/spasante\/produit\/dr-renaud-radiance-white-serum-correcteur-de-pigment\/#breadcrumb","itemListElement":[{"@type":"ListItem","position":1,"name":"Accueil","item":"https:\/\/publissoft.dev\/spasante\/"},{"@type":"ListItem","position":2,"name":"Boutique","item":"https:\/\/publissoft.dev\/spasante\/boutique\/"},{"@type":"ListItem","position":3,"name":"Dr. Renaud &#8211; Radiance White S\u00e9rum Correcteur de Pigment"}]},{"@type":"WebSite","@id":"https:\/\/publissoft.dev\/spasante\/#website","url":"https:\/\/publissoft.dev\/spasante\/","name":"Spa Sant\u00e9 Le N\u00e9nuphar","description":"","publisher":{"@id":"https:\/\/publissoft.dev\/spasante\/#organization"},"potentialAction":[{"@type":"SearchAction","target":{"@type":"EntryPoint","urlTemplate":"https:\/\/publissoft.dev\/spasante\/?s={search_term_string}"},"query-input":"required name=search_term_string"}],"inLanguage":"fr-CA"},{"@type":"Organization","@id":"https:\/\/publissoft.dev\/spasante\/#organization","name":"Spa Sant\u00e9 Le N\u00e9nuphar","url":"https:\/\/publissoft.dev\/spasante\/","logo":{"@type":"ImageObject","inLanguage":"fr-CA","@id":"https:\/\/publissoft.dev\/spasante\/#\/schema\/logo\/image\/","url":"https:\/\/publissoft.dev\/spasante\/wp-content\/uploads\/2022\/11\/logo-jpg.jpeg","contentUrl":"https:\/\/publissoft.dev\/spasante\/wp-content\/uploads\/2022\/11\/logo-jpg.jpeg","width":900,"height":900,"caption":"Spa Sant\u00e9 Le N\u00e9nuphar"},"image":{"@id":"https:\/\/publissoft.dev\/spasante\/#\/schema\/logo\/image\/"},"sameAs":["https:\/\/www.facebook.com\/SpaSanteLeNenuphar","https:\/\/www.instagram.com\/spasantelenenuphar\/?hl=fr"]}]}},"_links":{"self":[{"href":"https:\/\/publissoft.dev\/spasante\/wp-json\/wp\/v2\/product\/2117","targetHints":{"allow":["GET"]}}],"collection":[{"href":"https:\/\/publissoft.dev\/spasante\/wp-json\/wp\/v2\/product"}],"about":[{"href":"https:\/\/publissoft.dev\/spasante\/wp-json\/wp\/v2\/types\/product"}],"wp:featuredmedia":[{"embeddable":true,"href":"https:\/\/publissoft.dev\/spasante\/wp-json\/wp\/v2\/media\/2120"}],"wp:attachment":[{"href":"https:\/\/publissoft.dev\/spasante\/wp-json\/wp\/v2\/media?parent=2117"}],"wp:term":[{"taxonomy":"product_cat","embeddable":true,"href":"https:\/\/publissoft.dev\/spasante\/wp-json\/wp\/v2\/product_cat?post=2117"},{"taxonomy":"product_tag","embeddable":true,"href":"https:\/\/publissoft.dev\/spasante\/wp-json\/wp\/v2\/product_tag?post=2117"},{"taxonomy":"giftcard-category","embeddable":true,"href":"https:\/\/publissoft.dev\/spasante\/wp-json\/wp\/v2\/giftcard-category?post=2117"}],"curies":[{"name":"wp","href":"https:\/\/api.w.org\/{rel}","templated":true}]}}