{"id":2121,"date":"2022-04-07T23:34:14","date_gmt":"2022-04-08T03:34:14","guid":{"rendered":"https:\/\/publissoft.dev\/spasante\/produit\/dr-renaud-sebobalance-lotion-assainissante-resserres-pores\/"},"modified":"2024-01-30T10:30:02","modified_gmt":"2024-01-30T15:30:02","slug":"dr-renaud-sebobalance-lotion-assainissante-resserres-pores","status":"publish","type":"product","link":"https:\/\/publissoft.dev\/spasante\/produit\/dr-renaud-sebobalance-lotion-assainissante-resserres-pores\/","title":{"rendered":"Dr. Renaud &#8211; SeboBalance \u2013 Lotion assainissante resserres pores"},"content":{"rendered":"<p data-mce-fragment=\"1\"><strong>SeboBalance \u2013 Lotion assainissante<\/strong><\/p>\n<p data-mce-fragment=\"1\">\u2212 Assainit, rafra\u00eechit et calme l\u2019\u00e9piderme<br \/>\n\u2212 R\u00e9tablit l\u2019\u00e9quilibre de la peau<br \/>\n\u2212 Resserre les pores dilat\u00e9s permettant d\u2019affiner le grain de peau<\/p>\n<p data-mce-fragment=\"1\">Lotion tonique sans alcool aux propri\u00e9t\u00e9s astringentes con\u00e7ue sp\u00e9cifiquement pour les peaux grasses et les peaux com\u00e9doniennes \u00e0 tendance acn\u00e9ique. Avec son agr\u00e9able ar\u00f4me d\u2019orange, de romarin et de sauge \u00e0 l\u2019action apaisante, purifiante et tonifiante, la lotion assainissante SeboBalance procure une vive sensation de fra\u00eecheur!<\/p>\n<p data-mce-fragment=\"1\"><strong data-mce-fragment=\"1\">Conseils d\u2019utilisation<\/strong><\/p>\n<p data-mce-fragment=\"1\">Matin et soir, apr\u00e8s un nettoyage minutieux de la peau, appliquer la lotion assainissante SeboBalance sur le visage et le cou \u00e0 l\u2019aide d\u2019un coton applicateur. Ne pas rincer.<\/p>\n<p data-mce-fragment=\"1\">Cette lotion peut aussi \u00eatre appliqu\u00e9e localement, sous forme de compresses ou \u00e0 l\u2019aide de cotons-tiges<\/p>\n<p data-mce-fragment=\"1\"><strong>Format<\/strong> 225ml<\/p>\n","protected":false},"excerpt":{"rendered":"<p>SeboBalance \u2013 Lotion assainissante \u2212 Assainit, rafra\u00eechit et calme l\u2019\u00e9piderme \u2212 R\u00e9tablit l\u2019\u00e9quilibre de la peau \u2212 Resserre les pores dilat\u00e9s permettant d\u2019affiner le grain de peau Lotion tonique sans alcool aux propri\u00e9t\u00e9s astringentes con\u00e7ue sp\u00e9cifiquement pour les peaux grasses et les peaux com\u00e9doniennes \u00e0 tendance acn\u00e9ique. Avec son agr\u00e9able ar\u00f4me d\u2019orange, de romarin et &hellip;<\/p>\n","protected":false},"featured_media":2128,"template":"","meta":{"_acf_changed":false,"_genesis_hide_title":false,"_genesis_hide_breadcrumbs":false,"_genesis_hide_singular_image":false,"_genesis_hide_footer_widgets":false,"_genesis_custom_body_class":"","_genesis_custom_post_class":"","_genesis_layout":""},"product_cat":[37,31,77],"product_tag":[],"giftcard-category":[],"class_list":{"0":"post-2121","1":"product","2":"type-product","3":"status-publish","4":"has-post-thumbnail","6":"product_cat-produits","7":"product_cat-laboratoire-dr-renaud","8":"product_cat-produits-en-promotion","9":"entry","11":"first","12":"instock","13":"taxable","14":"shipping-taxable","15":"purchasable","16":"product-type-simple"},"acf":[],"yoast_head":"<!-- This site is optimized with the Yoast SEO plugin v22.5 - https:\/\/yoast.com\/wordpress\/plugins\/seo\/ -->\n<title>Dr. Renaud - SeboBalance \u2013 Lotion assainissante resserres pores - Spa Sant\u00e9 Le N\u00e9nuphar<\/title>\n<meta name=\"robots\" content=\"noindex, follow, max-snippet:-1, max-image-preview:large, max-video-preview:-1\" \/>\n<meta property=\"og:locale\" content=\"fr_CA\" \/>\n<meta property=\"og:type\" content=\"article\" \/>\n<meta property=\"og:title\" content=\"Dr. Renaud - SeboBalance \u2013 Lotion assainissante resserres pores - Spa Sant\u00e9 Le N\u00e9nuphar\" \/>\n<meta property=\"og:description\" content=\"SeboBalance \u2013 Lotion assainissante \u2212 Assainit, rafra\u00eechit et calme l\u2019\u00e9piderme \u2212 R\u00e9tablit l\u2019\u00e9quilibre de la peau \u2212 Resserre les pores dilat\u00e9s permettant d\u2019affiner le grain de peau Lotion tonique sans alcool aux propri\u00e9t\u00e9s astringentes con\u00e7ue sp\u00e9cifiquement pour les peaux grasses et les peaux com\u00e9doniennes \u00e0 tendance acn\u00e9ique. Avec son agr\u00e9able ar\u00f4me d\u2019orange, de romarin et &hellip;\" \/>\n<meta property=\"og:url\" content=\"https:\/\/publissoft.dev\/spasante\/produit\/dr-renaud-sebobalance-lotion-assainissante-resserres-pores\/\" \/>\n<meta property=\"og:site_name\" content=\"Spa Sant\u00e9 Le N\u00e9nuphar\" \/>\n<meta property=\"article:publisher\" content=\"https:\/\/www.facebook.com\/SpaSanteLeNenuphar\" \/>\n<meta property=\"article:modified_time\" content=\"2024-01-30T15:30:02+00:00\" \/>\n<meta property=\"og:image\" content=\"https:\/\/publissoft.dev\/spasante\/wp-content\/uploads\/2022\/04\/SeboBalance-Lotionassainissanteresserrespores.jpg\" \/>\n\t<meta property=\"og:image:width\" content=\"800\" \/>\n\t<meta property=\"og:image:height\" content=\"800\" \/>\n\t<meta property=\"og:image:type\" content=\"image\/jpeg\" \/>\n<meta name=\"twitter:card\" content=\"summary_large_image\" \/>\n<meta name=\"twitter:label1\" content=\"Estimation du temps de lecture\" \/>\n\t<meta name=\"twitter:data1\" content=\"1 minute\" \/>\n<script type=\"application\/ld+json\" class=\"yoast-schema-graph\">{\"@context\":\"https:\/\/schema.org\",\"@graph\":[{\"@type\":\"WebPage\",\"@id\":\"https:\/\/publissoft.dev\/spasante\/produit\/dr-renaud-sebobalance-lotion-assainissante-resserres-pores\/\",\"url\":\"https:\/\/publissoft.dev\/spasante\/produit\/dr-renaud-sebobalance-lotion-assainissante-resserres-pores\/\",\"name\":\"Dr. Renaud - SeboBalance \u2013 Lotion assainissante resserres pores - Spa Sant\u00e9 Le N\u00e9nuphar\",\"isPartOf\":{\"@id\":\"https:\/\/publissoft.dev\/spasante\/#website\"},\"primaryImageOfPage\":{\"@id\":\"https:\/\/publissoft.dev\/spasante\/produit\/dr-renaud-sebobalance-lotion-assainissante-resserres-pores\/#primaryimage\"},\"image\":{\"@id\":\"https:\/\/publissoft.dev\/spasante\/produit\/dr-renaud-sebobalance-lotion-assainissante-resserres-pores\/#primaryimage\"},\"thumbnailUrl\":\"https:\/\/publissoft.dev\/spasante\/wp-content\/uploads\/2022\/04\/SeboBalance-Lotionassainissanteresserrespores.jpg\",\"datePublished\":\"2022-04-08T03:34:14+00:00\",\"dateModified\":\"2024-01-30T15:30:02+00:00\",\"breadcrumb\":{\"@id\":\"https:\/\/publissoft.dev\/spasante\/produit\/dr-renaud-sebobalance-lotion-assainissante-resserres-pores\/#breadcrumb\"},\"inLanguage\":\"fr-CA\",\"potentialAction\":[{\"@type\":\"ReadAction\",\"target\":[\"https:\/\/publissoft.dev\/spasante\/produit\/dr-renaud-sebobalance-lotion-assainissante-resserres-pores\/\"]}]},{\"@type\":\"ImageObject\",\"inLanguage\":\"fr-CA\",\"@id\":\"https:\/\/publissoft.dev\/spasante\/produit\/dr-renaud-sebobalance-lotion-assainissante-resserres-pores\/#primaryimage\",\"url\":\"https:\/\/publissoft.dev\/spasante\/wp-content\/uploads\/2022\/04\/SeboBalance-Lotionassainissanteresserrespores.jpg\",\"contentUrl\":\"https:\/\/publissoft.dev\/spasante\/wp-content\/uploads\/2022\/04\/SeboBalance-Lotionassainissanteresserrespores.jpg\",\"width\":800,\"height\":800},{\"@type\":\"BreadcrumbList\",\"@id\":\"https:\/\/publissoft.dev\/spasante\/produit\/dr-renaud-sebobalance-lotion-assainissante-resserres-pores\/#breadcrumb\",\"itemListElement\":[{\"@type\":\"ListItem\",\"position\":1,\"name\":\"Accueil\",\"item\":\"https:\/\/publissoft.dev\/spasante\/\"},{\"@type\":\"ListItem\",\"position\":2,\"name\":\"Boutique\",\"item\":\"https:\/\/publissoft.dev\/spasante\/boutique\/\"},{\"@type\":\"ListItem\",\"position\":3,\"name\":\"Dr. Renaud &#8211; SeboBalance \u2013 Lotion assainissante resserres pores\"}]},{\"@type\":\"WebSite\",\"@id\":\"https:\/\/publissoft.dev\/spasante\/#website\",\"url\":\"https:\/\/publissoft.dev\/spasante\/\",\"name\":\"Spa Sant\u00e9 Le N\u00e9nuphar\",\"description\":\"\",\"publisher\":{\"@id\":\"https:\/\/publissoft.dev\/spasante\/#organization\"},\"potentialAction\":[{\"@type\":\"SearchAction\",\"target\":{\"@type\":\"EntryPoint\",\"urlTemplate\":\"https:\/\/publissoft.dev\/spasante\/?s={search_term_string}\"},\"query-input\":\"required name=search_term_string\"}],\"inLanguage\":\"fr-CA\"},{\"@type\":\"Organization\",\"@id\":\"https:\/\/publissoft.dev\/spasante\/#organization\",\"name\":\"Spa Sant\u00e9 Le N\u00e9nuphar\",\"url\":\"https:\/\/publissoft.dev\/spasante\/\",\"logo\":{\"@type\":\"ImageObject\",\"inLanguage\":\"fr-CA\",\"@id\":\"https:\/\/publissoft.dev\/spasante\/#\/schema\/logo\/image\/\",\"url\":\"https:\/\/publissoft.dev\/spasante\/wp-content\/uploads\/2022\/11\/logo-jpg.jpeg\",\"contentUrl\":\"https:\/\/publissoft.dev\/spasante\/wp-content\/uploads\/2022\/11\/logo-jpg.jpeg\",\"width\":900,\"height\":900,\"caption\":\"Spa Sant\u00e9 Le N\u00e9nuphar\"},\"image\":{\"@id\":\"https:\/\/publissoft.dev\/spasante\/#\/schema\/logo\/image\/\"},\"sameAs\":[\"https:\/\/www.facebook.com\/SpaSanteLeNenuphar\",\"https:\/\/www.instagram.com\/spasantelenenuphar\/?hl=fr\"]}]}<\/script>\n<!-- \/ Yoast SEO plugin. -->","yoast_head_json":{"title":"Dr. Renaud - SeboBalance \u2013 Lotion assainissante resserres pores - Spa Sant\u00e9 Le N\u00e9nuphar","robots":{"index":"noindex","follow":"follow","max-snippet":"max-snippet:-1","max-image-preview":"max-image-preview:large","max-video-preview":"max-video-preview:-1"},"og_locale":"fr_CA","og_type":"article","og_title":"Dr. Renaud - SeboBalance \u2013 Lotion assainissante resserres pores - Spa Sant\u00e9 Le N\u00e9nuphar","og_description":"SeboBalance \u2013 Lotion assainissante \u2212 Assainit, rafra\u00eechit et calme l\u2019\u00e9piderme \u2212 R\u00e9tablit l\u2019\u00e9quilibre de la peau \u2212 Resserre les pores dilat\u00e9s permettant d\u2019affiner le grain de peau Lotion tonique sans alcool aux propri\u00e9t\u00e9s astringentes con\u00e7ue sp\u00e9cifiquement pour les peaux grasses et les peaux com\u00e9doniennes \u00e0 tendance acn\u00e9ique. Avec son agr\u00e9able ar\u00f4me d\u2019orange, de romarin et &hellip;","og_url":"https:\/\/publissoft.dev\/spasante\/produit\/dr-renaud-sebobalance-lotion-assainissante-resserres-pores\/","og_site_name":"Spa Sant\u00e9 Le N\u00e9nuphar","article_publisher":"https:\/\/www.facebook.com\/SpaSanteLeNenuphar","article_modified_time":"2024-01-30T15:30:02+00:00","og_image":[{"width":800,"height":800,"url":"https:\/\/publissoft.dev\/spasante\/wp-content\/uploads\/2022\/04\/SeboBalance-Lotionassainissanteresserrespores.jpg","type":"image\/jpeg"}],"twitter_card":"summary_large_image","twitter_misc":{"Estimation du temps de lecture":"1 minute"},"schema":{"@context":"https:\/\/schema.org","@graph":[{"@type":"WebPage","@id":"https:\/\/publissoft.dev\/spasante\/produit\/dr-renaud-sebobalance-lotion-assainissante-resserres-pores\/","url":"https:\/\/publissoft.dev\/spasante\/produit\/dr-renaud-sebobalance-lotion-assainissante-resserres-pores\/","name":"Dr. Renaud - SeboBalance \u2013 Lotion assainissante resserres pores - Spa Sant\u00e9 Le N\u00e9nuphar","isPartOf":{"@id":"https:\/\/publissoft.dev\/spasante\/#website"},"primaryImageOfPage":{"@id":"https:\/\/publissoft.dev\/spasante\/produit\/dr-renaud-sebobalance-lotion-assainissante-resserres-pores\/#primaryimage"},"image":{"@id":"https:\/\/publissoft.dev\/spasante\/produit\/dr-renaud-sebobalance-lotion-assainissante-resserres-pores\/#primaryimage"},"thumbnailUrl":"https:\/\/publissoft.dev\/spasante\/wp-content\/uploads\/2022\/04\/SeboBalance-Lotionassainissanteresserrespores.jpg","datePublished":"2022-04-08T03:34:14+00:00","dateModified":"2024-01-30T15:30:02+00:00","breadcrumb":{"@id":"https:\/\/publissoft.dev\/spasante\/produit\/dr-renaud-sebobalance-lotion-assainissante-resserres-pores\/#breadcrumb"},"inLanguage":"fr-CA","potentialAction":[{"@type":"ReadAction","target":["https:\/\/publissoft.dev\/spasante\/produit\/dr-renaud-sebobalance-lotion-assainissante-resserres-pores\/"]}]},{"@type":"ImageObject","inLanguage":"fr-CA","@id":"https:\/\/publissoft.dev\/spasante\/produit\/dr-renaud-sebobalance-lotion-assainissante-resserres-pores\/#primaryimage","url":"https:\/\/publissoft.dev\/spasante\/wp-content\/uploads\/2022\/04\/SeboBalance-Lotionassainissanteresserrespores.jpg","contentUrl":"https:\/\/publissoft.dev\/spasante\/wp-content\/uploads\/2022\/04\/SeboBalance-Lotionassainissanteresserrespores.jpg","width":800,"height":800},{"@type":"BreadcrumbList","@id":"https:\/\/publissoft.dev\/spasante\/produit\/dr-renaud-sebobalance-lotion-assainissante-resserres-pores\/#breadcrumb","itemListElement":[{"@type":"ListItem","position":1,"name":"Accueil","item":"https:\/\/publissoft.dev\/spasante\/"},{"@type":"ListItem","position":2,"name":"Boutique","item":"https:\/\/publissoft.dev\/spasante\/boutique\/"},{"@type":"ListItem","position":3,"name":"Dr. Renaud &#8211; SeboBalance \u2013 Lotion assainissante resserres pores"}]},{"@type":"WebSite","@id":"https:\/\/publissoft.dev\/spasante\/#website","url":"https:\/\/publissoft.dev\/spasante\/","name":"Spa Sant\u00e9 Le N\u00e9nuphar","description":"","publisher":{"@id":"https:\/\/publissoft.dev\/spasante\/#organization"},"potentialAction":[{"@type":"SearchAction","target":{"@type":"EntryPoint","urlTemplate":"https:\/\/publissoft.dev\/spasante\/?s={search_term_string}"},"query-input":"required name=search_term_string"}],"inLanguage":"fr-CA"},{"@type":"Organization","@id":"https:\/\/publissoft.dev\/spasante\/#organization","name":"Spa Sant\u00e9 Le N\u00e9nuphar","url":"https:\/\/publissoft.dev\/spasante\/","logo":{"@type":"ImageObject","inLanguage":"fr-CA","@id":"https:\/\/publissoft.dev\/spasante\/#\/schema\/logo\/image\/","url":"https:\/\/publissoft.dev\/spasante\/wp-content\/uploads\/2022\/11\/logo-jpg.jpeg","contentUrl":"https:\/\/publissoft.dev\/spasante\/wp-content\/uploads\/2022\/11\/logo-jpg.jpeg","width":900,"height":900,"caption":"Spa Sant\u00e9 Le N\u00e9nuphar"},"image":{"@id":"https:\/\/publissoft.dev\/spasante\/#\/schema\/logo\/image\/"},"sameAs":["https:\/\/www.facebook.com\/SpaSanteLeNenuphar","https:\/\/www.instagram.com\/spasantelenenuphar\/?hl=fr"]}]}},"_links":{"self":[{"href":"https:\/\/publissoft.dev\/spasante\/wp-json\/wp\/v2\/product\/2121","targetHints":{"allow":["GET"]}}],"collection":[{"href":"https:\/\/publissoft.dev\/spasante\/wp-json\/wp\/v2\/product"}],"about":[{"href":"https:\/\/publissoft.dev\/spasante\/wp-json\/wp\/v2\/types\/product"}],"wp:featuredmedia":[{"embeddable":true,"href":"https:\/\/publissoft.dev\/spasante\/wp-json\/wp\/v2\/media\/2128"}],"wp:attachment":[{"href":"https:\/\/publissoft.dev\/spasante\/wp-json\/wp\/v2\/media?parent=2121"}],"wp:term":[{"taxonomy":"product_cat","embeddable":true,"href":"https:\/\/publissoft.dev\/spasante\/wp-json\/wp\/v2\/product_cat?post=2121"},{"taxonomy":"product_tag","embeddable":true,"href":"https:\/\/publissoft.dev\/spasante\/wp-json\/wp\/v2\/product_tag?post=2121"},{"taxonomy":"giftcard-category","embeddable":true,"href":"https:\/\/publissoft.dev\/spasante\/wp-json\/wp\/v2\/giftcard-category?post=2121"}],"curies":[{"name":"wp","href":"https:\/\/api.w.org\/{rel}","templated":true}]}}