{"id":2219,"date":"2022-04-07T23:35:39","date_gmt":"2022-04-08T03:35:39","guid":{"rendered":"https:\/\/publissoft.dev\/spasante\/produit\/rose-buddha-legging-ostara\/"},"modified":"2024-01-25T11:08:35","modified_gmt":"2024-01-25T16:08:35","slug":"rose-buddha-legging-ostara","status":"publish","type":"product","link":"https:\/\/publissoft.dev\/spasante\/produit\/rose-buddha-legging-ostara\/","title":{"rendered":"Rose Buddha &#8211; Legging Ostara"},"content":{"rendered":"<div data-mce-fragment=\"1\">\n<p data-mce-fragment=\"1\">\u00a0<b data-mce-fragment=\"1\"><i data-mce-fragment=\"1\">Legging Taille Haute Ostara.<\/i><\/b><span data-mce-fragment=\"1\">\u00a0<\/span>D\u00e9ploie tes ailes.\u00a0 F\u00eate de l\u2019\u00e9quinoxe du printemps et d\u00e9esse nordique, Ostara repr\u00e9sente le renouveau, la nature qui s\u2019\u00e9veille. Fais comme le papillon de nuit qui malgr\u00e9 la noirceur d\u00e9ploie ses ailes magnifiques. Permets-toi de vivre une renaissance. T<span data-mce-fragment=\"1\">on Legging Taille Haute OSTARA a \u00e9t\u00e9 dessin\u00e9 en exclusivit\u00e9 par l&#8217;artiste \u00c9milie Beaudoin.<\/span><b data-mce-fragment=\"1\"><i data-mce-fragment=\"1\"><u data-mce-fragment=\"1\"><br data-mce-fragment=\"1\" \/><\/u><\/i><\/b><\/p>\n<\/div>\n<div class=\"full_description\" data-mce-fragment=\"1\">\n<p data-mce-fragment=\"1\"><span data-mce-fragment=\"1\"><b data-mce-fragment=\"1\"><i data-mce-fragment=\"1\"><u data-mce-fragment=\"1\">Description:<\/u><\/i><\/b><br data-mce-fragment=\"1\" \/><\/span><\/p>\n<\/div>\n<ul data-mce-fragment=\"1\">\n<li data-mce-fragment=\"1\"><span data-mce-fragment=\"1\">Fait avec amour \u00e0 l&#8217;aide de 10 bouteilles de plastique recycl\u00e9es au Qu\u00e9bec<\/span><\/li>\n<li data-mce-fragment=\"1\"><span data-mce-fragment=\"1\">Tissu\u00a0\u00a0\u00c9COLIGHT\u00a0qui offre une coupe flatteuse et hyper-confortable<\/span><\/li>\n<li data-mce-fragment=\"1\">S\u00e8che rapidement<\/li>\n<li data-mce-fragment=\"1\">FPS 50 (parfait pour jouer dans l&#8217;eau)<\/li>\n<li data-mce-fragment=\"1\">R\u00c9VERSIBLE et certifi\u00e9 Oeko-Tek 100<\/li>\n<\/ul>\n","protected":false},"excerpt":{"rendered":"<p>\u00a0Legging Taille Haute Ostara.\u00a0D\u00e9ploie tes ailes.\u00a0 F\u00eate de l\u2019\u00e9quinoxe du printemps et d\u00e9esse nordique, Ostara repr\u00e9sente le renouveau, la nature qui s\u2019\u00e9veille. Fais comme le papillon de nuit qui malgr\u00e9 la noirceur d\u00e9ploie ses ailes magnifiques. Permets-toi de vivre une renaissance. Ton Legging Taille Haute OSTARA a \u00e9t\u00e9 dessin\u00e9 en exclusivit\u00e9 par l&#8217;artiste \u00c9milie Beaudoin. &hellip;<\/p>\n","protected":false},"featured_media":2235,"template":"","meta":{"_acf_changed":false,"_genesis_hide_title":false,"_genesis_hide_breadcrumbs":false,"_genesis_hide_singular_image":false,"_genesis_hide_footer_widgets":false,"_genesis_custom_body_class":"","_genesis_custom_post_class":"","_genesis_layout":""},"product_cat":[37,92,42],"product_tag":[],"giftcard-category":[],"class_list":{"0":"post-2219","1":"product","2":"type-product","3":"status-publish","4":"has-post-thumbnail","6":"product_cat-produits","7":"product_cat-produits-en-liquidation","8":"product_cat-rose-buddha","9":"entry","11":"first","12":"instock","13":"sale","14":"taxable","15":"shipping-taxable","16":"purchasable","17":"product-type-variable"},"acf":[],"yoast_head":"<!-- This site is optimized with the Yoast SEO plugin v22.5 - https:\/\/yoast.com\/wordpress\/plugins\/seo\/ -->\n<title>Rose Buddha - Legging Ostara - Spa Sant\u00e9 Le N\u00e9nuphar<\/title>\n<meta name=\"description\" content=\"\u00a0Legging Taille Haute Ostara.\u00a0D\u00e9ploie tes ailes.\u00a0 F\u00eate de l\u2019\u00e9quinoxe du printemps et d\u00e9esse nordique, Ostara repr\u00e9sente le renouveau, la nature qui s\u2019\u00e9veille. Fais comme le papillon de nuit qui malgr\u00e9 la noirceur d\u00e9ploie ses ailes magnifiques. Permets-toi de vivre une renaissance. Ton Legging Taille Haute OSTARA a \u00e9t\u00e9 dessin\u00e9 en exclusivit\u00e9 par l&#039;artiste \u00c9milie Beaudoin.\" \/>\n<meta name=\"robots\" content=\"noindex, follow, max-snippet:-1, max-image-preview:large, max-video-preview:-1\" \/>\n<meta property=\"og:locale\" content=\"fr_CA\" \/>\n<meta property=\"og:type\" content=\"article\" \/>\n<meta property=\"og:title\" content=\"Rose Buddha - Legging Ostara - Spa Sant\u00e9 Le N\u00e9nuphar\" \/>\n<meta property=\"og:description\" content=\"\u00a0Legging Taille Haute Ostara.\u00a0D\u00e9ploie tes ailes.\u00a0 F\u00eate de l\u2019\u00e9quinoxe du printemps et d\u00e9esse nordique, Ostara repr\u00e9sente le renouveau, la nature qui s\u2019\u00e9veille. Fais comme le papillon de nuit qui malgr\u00e9 la noirceur d\u00e9ploie ses ailes magnifiques. Permets-toi de vivre une renaissance. Ton Legging Taille Haute OSTARA a \u00e9t\u00e9 dessin\u00e9 en exclusivit\u00e9 par l&#039;artiste \u00c9milie Beaudoin.\" \/>\n<meta property=\"og:url\" content=\"https:\/\/publissoft.dev\/spasante\/produit\/rose-buddha-legging-ostara\/\" \/>\n<meta property=\"og:site_name\" content=\"Spa Sant\u00e9 Le N\u00e9nuphar\" \/>\n<meta property=\"article:publisher\" content=\"https:\/\/www.facebook.com\/SpaSanteLeNenuphar\" \/>\n<meta property=\"article:modified_time\" content=\"2024-01-25T16:08:35+00:00\" \/>\n<meta property=\"og:image\" content=\"https:\/\/publissoft.dev\/spasante\/wp-content\/uploads\/2022\/04\/spa_sante_le_nenuphar_-_legging_ostara_brique.jpg\" \/>\n\t<meta property=\"og:image:width\" content=\"600\" \/>\n\t<meta property=\"og:image:height\" content=\"900\" \/>\n\t<meta property=\"og:image:type\" content=\"image\/jpeg\" \/>\n<meta name=\"twitter:card\" content=\"summary_large_image\" \/>\n<meta name=\"twitter:label1\" content=\"Estimation du temps de lecture\" \/>\n\t<meta name=\"twitter:data1\" content=\"1 minute\" \/>\n<script type=\"application\/ld+json\" class=\"yoast-schema-graph\">{\"@context\":\"https:\/\/schema.org\",\"@graph\":[{\"@type\":\"WebPage\",\"@id\":\"https:\/\/publissoft.dev\/spasante\/produit\/rose-buddha-legging-ostara\/\",\"url\":\"https:\/\/publissoft.dev\/spasante\/produit\/rose-buddha-legging-ostara\/\",\"name\":\"Rose Buddha - Legging Ostara - Spa Sant\u00e9 Le N\u00e9nuphar\",\"isPartOf\":{\"@id\":\"https:\/\/publissoft.dev\/spasante\/#website\"},\"primaryImageOfPage\":{\"@id\":\"https:\/\/publissoft.dev\/spasante\/produit\/rose-buddha-legging-ostara\/#primaryimage\"},\"image\":{\"@id\":\"https:\/\/publissoft.dev\/spasante\/produit\/rose-buddha-legging-ostara\/#primaryimage\"},\"thumbnailUrl\":\"https:\/\/publissoft.dev\/spasante\/wp-content\/uploads\/2022\/04\/spa_sante_le_nenuphar_-_legging_ostara_brique.jpg\",\"datePublished\":\"2022-04-08T03:35:39+00:00\",\"dateModified\":\"2024-01-25T16:08:35+00:00\",\"description\":\"\u00a0Legging Taille Haute Ostara.\u00a0D\u00e9ploie tes ailes.\u00a0 F\u00eate de l\u2019\u00e9quinoxe du printemps et d\u00e9esse nordique, Ostara repr\u00e9sente le renouveau, la nature qui s\u2019\u00e9veille. Fais comme le papillon de nuit qui malgr\u00e9 la noirceur d\u00e9ploie ses ailes magnifiques. Permets-toi de vivre une renaissance. Ton Legging Taille Haute OSTARA a \u00e9t\u00e9 dessin\u00e9 en exclusivit\u00e9 par l'artiste \u00c9milie Beaudoin.\",\"breadcrumb\":{\"@id\":\"https:\/\/publissoft.dev\/spasante\/produit\/rose-buddha-legging-ostara\/#breadcrumb\"},\"inLanguage\":\"fr-CA\",\"potentialAction\":[{\"@type\":\"ReadAction\",\"target\":[\"https:\/\/publissoft.dev\/spasante\/produit\/rose-buddha-legging-ostara\/\"]}]},{\"@type\":\"ImageObject\",\"inLanguage\":\"fr-CA\",\"@id\":\"https:\/\/publissoft.dev\/spasante\/produit\/rose-buddha-legging-ostara\/#primaryimage\",\"url\":\"https:\/\/publissoft.dev\/spasante\/wp-content\/uploads\/2022\/04\/spa_sante_le_nenuphar_-_legging_ostara_brique.jpg\",\"contentUrl\":\"https:\/\/publissoft.dev\/spasante\/wp-content\/uploads\/2022\/04\/spa_sante_le_nenuphar_-_legging_ostara_brique.jpg\",\"width\":600,\"height\":900},{\"@type\":\"BreadcrumbList\",\"@id\":\"https:\/\/publissoft.dev\/spasante\/produit\/rose-buddha-legging-ostara\/#breadcrumb\",\"itemListElement\":[{\"@type\":\"ListItem\",\"position\":1,\"name\":\"Accueil\",\"item\":\"https:\/\/publissoft.dev\/spasante\/\"},{\"@type\":\"ListItem\",\"position\":2,\"name\":\"Boutique\",\"item\":\"https:\/\/publissoft.dev\/spasante\/boutique\/\"},{\"@type\":\"ListItem\",\"position\":3,\"name\":\"Rose Buddha &#8211; Legging Ostara\"}]},{\"@type\":\"WebSite\",\"@id\":\"https:\/\/publissoft.dev\/spasante\/#website\",\"url\":\"https:\/\/publissoft.dev\/spasante\/\",\"name\":\"Spa Sant\u00e9 Le N\u00e9nuphar\",\"description\":\"\",\"publisher\":{\"@id\":\"https:\/\/publissoft.dev\/spasante\/#organization\"},\"potentialAction\":[{\"@type\":\"SearchAction\",\"target\":{\"@type\":\"EntryPoint\",\"urlTemplate\":\"https:\/\/publissoft.dev\/spasante\/?s={search_term_string}\"},\"query-input\":\"required name=search_term_string\"}],\"inLanguage\":\"fr-CA\"},{\"@type\":\"Organization\",\"@id\":\"https:\/\/publissoft.dev\/spasante\/#organization\",\"name\":\"Spa Sant\u00e9 Le N\u00e9nuphar\",\"url\":\"https:\/\/publissoft.dev\/spasante\/\",\"logo\":{\"@type\":\"ImageObject\",\"inLanguage\":\"fr-CA\",\"@id\":\"https:\/\/publissoft.dev\/spasante\/#\/schema\/logo\/image\/\",\"url\":\"https:\/\/publissoft.dev\/spasante\/wp-content\/uploads\/2022\/11\/logo-jpg.jpeg\",\"contentUrl\":\"https:\/\/publissoft.dev\/spasante\/wp-content\/uploads\/2022\/11\/logo-jpg.jpeg\",\"width\":900,\"height\":900,\"caption\":\"Spa Sant\u00e9 Le N\u00e9nuphar\"},\"image\":{\"@id\":\"https:\/\/publissoft.dev\/spasante\/#\/schema\/logo\/image\/\"},\"sameAs\":[\"https:\/\/www.facebook.com\/SpaSanteLeNenuphar\",\"https:\/\/www.instagram.com\/spasantelenenuphar\/?hl=fr\"]}]}<\/script>\n<!-- \/ Yoast SEO plugin. -->","yoast_head_json":{"title":"Rose Buddha - Legging Ostara - Spa Sant\u00e9 Le N\u00e9nuphar","description":"\u00a0Legging Taille Haute Ostara.\u00a0D\u00e9ploie tes ailes.\u00a0 F\u00eate de l\u2019\u00e9quinoxe du printemps et d\u00e9esse nordique, Ostara repr\u00e9sente le renouveau, la nature qui s\u2019\u00e9veille. Fais comme le papillon de nuit qui malgr\u00e9 la noirceur d\u00e9ploie ses ailes magnifiques. Permets-toi de vivre une renaissance. Ton Legging Taille Haute OSTARA a \u00e9t\u00e9 dessin\u00e9 en exclusivit\u00e9 par l'artiste \u00c9milie Beaudoin.","robots":{"index":"noindex","follow":"follow","max-snippet":"max-snippet:-1","max-image-preview":"max-image-preview:large","max-video-preview":"max-video-preview:-1"},"og_locale":"fr_CA","og_type":"article","og_title":"Rose Buddha - Legging Ostara - Spa Sant\u00e9 Le N\u00e9nuphar","og_description":"\u00a0Legging Taille Haute Ostara.\u00a0D\u00e9ploie tes ailes.\u00a0 F\u00eate de l\u2019\u00e9quinoxe du printemps et d\u00e9esse nordique, Ostara repr\u00e9sente le renouveau, la nature qui s\u2019\u00e9veille. Fais comme le papillon de nuit qui malgr\u00e9 la noirceur d\u00e9ploie ses ailes magnifiques. Permets-toi de vivre une renaissance. Ton Legging Taille Haute OSTARA a \u00e9t\u00e9 dessin\u00e9 en exclusivit\u00e9 par l'artiste \u00c9milie Beaudoin.","og_url":"https:\/\/publissoft.dev\/spasante\/produit\/rose-buddha-legging-ostara\/","og_site_name":"Spa Sant\u00e9 Le N\u00e9nuphar","article_publisher":"https:\/\/www.facebook.com\/SpaSanteLeNenuphar","article_modified_time":"2024-01-25T16:08:35+00:00","og_image":[{"width":600,"height":900,"url":"https:\/\/publissoft.dev\/spasante\/wp-content\/uploads\/2022\/04\/spa_sante_le_nenuphar_-_legging_ostara_brique.jpg","type":"image\/jpeg"}],"twitter_card":"summary_large_image","twitter_misc":{"Estimation du temps de lecture":"1 minute"},"schema":{"@context":"https:\/\/schema.org","@graph":[{"@type":"WebPage","@id":"https:\/\/publissoft.dev\/spasante\/produit\/rose-buddha-legging-ostara\/","url":"https:\/\/publissoft.dev\/spasante\/produit\/rose-buddha-legging-ostara\/","name":"Rose Buddha - Legging Ostara - Spa Sant\u00e9 Le N\u00e9nuphar","isPartOf":{"@id":"https:\/\/publissoft.dev\/spasante\/#website"},"primaryImageOfPage":{"@id":"https:\/\/publissoft.dev\/spasante\/produit\/rose-buddha-legging-ostara\/#primaryimage"},"image":{"@id":"https:\/\/publissoft.dev\/spasante\/produit\/rose-buddha-legging-ostara\/#primaryimage"},"thumbnailUrl":"https:\/\/publissoft.dev\/spasante\/wp-content\/uploads\/2022\/04\/spa_sante_le_nenuphar_-_legging_ostara_brique.jpg","datePublished":"2022-04-08T03:35:39+00:00","dateModified":"2024-01-25T16:08:35+00:00","description":"\u00a0Legging Taille Haute Ostara.\u00a0D\u00e9ploie tes ailes.\u00a0 F\u00eate de l\u2019\u00e9quinoxe du printemps et d\u00e9esse nordique, Ostara repr\u00e9sente le renouveau, la nature qui s\u2019\u00e9veille. Fais comme le papillon de nuit qui malgr\u00e9 la noirceur d\u00e9ploie ses ailes magnifiques. Permets-toi de vivre une renaissance. Ton Legging Taille Haute OSTARA a \u00e9t\u00e9 dessin\u00e9 en exclusivit\u00e9 par l'artiste \u00c9milie Beaudoin.","breadcrumb":{"@id":"https:\/\/publissoft.dev\/spasante\/produit\/rose-buddha-legging-ostara\/#breadcrumb"},"inLanguage":"fr-CA","potentialAction":[{"@type":"ReadAction","target":["https:\/\/publissoft.dev\/spasante\/produit\/rose-buddha-legging-ostara\/"]}]},{"@type":"ImageObject","inLanguage":"fr-CA","@id":"https:\/\/publissoft.dev\/spasante\/produit\/rose-buddha-legging-ostara\/#primaryimage","url":"https:\/\/publissoft.dev\/spasante\/wp-content\/uploads\/2022\/04\/spa_sante_le_nenuphar_-_legging_ostara_brique.jpg","contentUrl":"https:\/\/publissoft.dev\/spasante\/wp-content\/uploads\/2022\/04\/spa_sante_le_nenuphar_-_legging_ostara_brique.jpg","width":600,"height":900},{"@type":"BreadcrumbList","@id":"https:\/\/publissoft.dev\/spasante\/produit\/rose-buddha-legging-ostara\/#breadcrumb","itemListElement":[{"@type":"ListItem","position":1,"name":"Accueil","item":"https:\/\/publissoft.dev\/spasante\/"},{"@type":"ListItem","position":2,"name":"Boutique","item":"https:\/\/publissoft.dev\/spasante\/boutique\/"},{"@type":"ListItem","position":3,"name":"Rose Buddha &#8211; Legging Ostara"}]},{"@type":"WebSite","@id":"https:\/\/publissoft.dev\/spasante\/#website","url":"https:\/\/publissoft.dev\/spasante\/","name":"Spa Sant\u00e9 Le N\u00e9nuphar","description":"","publisher":{"@id":"https:\/\/publissoft.dev\/spasante\/#organization"},"potentialAction":[{"@type":"SearchAction","target":{"@type":"EntryPoint","urlTemplate":"https:\/\/publissoft.dev\/spasante\/?s={search_term_string}"},"query-input":"required name=search_term_string"}],"inLanguage":"fr-CA"},{"@type":"Organization","@id":"https:\/\/publissoft.dev\/spasante\/#organization","name":"Spa Sant\u00e9 Le N\u00e9nuphar","url":"https:\/\/publissoft.dev\/spasante\/","logo":{"@type":"ImageObject","inLanguage":"fr-CA","@id":"https:\/\/publissoft.dev\/spasante\/#\/schema\/logo\/image\/","url":"https:\/\/publissoft.dev\/spasante\/wp-content\/uploads\/2022\/11\/logo-jpg.jpeg","contentUrl":"https:\/\/publissoft.dev\/spasante\/wp-content\/uploads\/2022\/11\/logo-jpg.jpeg","width":900,"height":900,"caption":"Spa Sant\u00e9 Le N\u00e9nuphar"},"image":{"@id":"https:\/\/publissoft.dev\/spasante\/#\/schema\/logo\/image\/"},"sameAs":["https:\/\/www.facebook.com\/SpaSanteLeNenuphar","https:\/\/www.instagram.com\/spasantelenenuphar\/?hl=fr"]}]}},"_links":{"self":[{"href":"https:\/\/publissoft.dev\/spasante\/wp-json\/wp\/v2\/product\/2219","targetHints":{"allow":["GET"]}}],"collection":[{"href":"https:\/\/publissoft.dev\/spasante\/wp-json\/wp\/v2\/product"}],"about":[{"href":"https:\/\/publissoft.dev\/spasante\/wp-json\/wp\/v2\/types\/product"}],"wp:featuredmedia":[{"embeddable":true,"href":"https:\/\/publissoft.dev\/spasante\/wp-json\/wp\/v2\/media\/2235"}],"wp:attachment":[{"href":"https:\/\/publissoft.dev\/spasante\/wp-json\/wp\/v2\/media?parent=2219"}],"wp:term":[{"taxonomy":"product_cat","embeddable":true,"href":"https:\/\/publissoft.dev\/spasante\/wp-json\/wp\/v2\/product_cat?post=2219"},{"taxonomy":"product_tag","embeddable":true,"href":"https:\/\/publissoft.dev\/spasante\/wp-json\/wp\/v2\/product_tag?post=2219"},{"taxonomy":"giftcard-category","embeddable":true,"href":"https:\/\/publissoft.dev\/spasante\/wp-json\/wp\/v2\/giftcard-category?post=2219"}],"curies":[{"name":"wp","href":"https:\/\/api.w.org\/{rel}","templated":true}]}}