{"id":3039,"date":"2022-07-09T15:12:40","date_gmt":"2022-07-09T19:12:40","guid":{"rendered":"https:\/\/publissoft.dev\/spasante\/?post_type=product&#038;p=3039"},"modified":"2024-01-30T10:28:43","modified_gmt":"2024-01-30T15:28:43","slug":"dr-renaud-lait-fluide-nettoyant-sebobalance","status":"publish","type":"product","link":"https:\/\/publissoft.dev\/spasante\/produit\/dr-renaud-lait-fluide-nettoyant-sebobalance\/","title":{"rendered":"Dr. Renaud &#8211; Lait Fluide nettoyant Sebobalance"},"content":{"rendered":"<div class=\"product-form--price-container\">\n<div>\n<p>Lait nettoyant de texture innovatrice, fluide et fondante, \u00e0 la fois l\u00e9g\u00e8re et soyeuse, con\u00e7u sp\u00e9cifiquement pour les peaux grasses<br \/>\n225 ml<\/p>\n<p>Formule \u00ab haute tol\u00e9rance \u00bb renfermant exclusivement des mati\u00e8res premi\u00e8res et des ingr\u00e9dients actifs non com\u00e9dog\u00e8nes, elle redonne \u00e0 la peau toute sa puret\u00e9 ainsi qu\u2019une vive sensation de fra\u00eecheur.<\/p>\n<\/div>\n<\/div>\n<div class=\"product-form--variants\"><\/div>\n<div class=\"product-form--button-container\" data-enabled=\"true\" data-item=\"secondary-button\"><\/div>\n","protected":false},"excerpt":{"rendered":"<p>Lait nettoyant de texture innovatrice, fluide et fondante, \u00e0 la fois l\u00e9g\u00e8re et soyeuse, con\u00e7u sp\u00e9cifiquement pour les peaux grasses 225 ml Formule \u00ab haute tol\u00e9rance \u00bb renfermant exclusivement des mati\u00e8res premi\u00e8res et des ingr\u00e9dients actifs non com\u00e9dog\u00e8nes, elle redonne \u00e0 la peau toute sa puret\u00e9 ainsi qu\u2019une vive sensation de fra\u00eecheur.<\/p>\n","protected":false},"featured_media":3040,"template":"","meta":{"_acf_changed":false,"_genesis_hide_title":false,"_genesis_hide_breadcrumbs":false,"_genesis_hide_singular_image":false,"_genesis_hide_footer_widgets":false,"_genesis_custom_body_class":"","_genesis_custom_post_class":"","_genesis_layout":""},"product_cat":[37,31,77],"product_tag":[],"giftcard-category":[],"class_list":{"0":"post-3039","1":"product","2":"type-product","3":"status-publish","4":"has-post-thumbnail","6":"product_cat-produits","7":"product_cat-laboratoire-dr-renaud","8":"product_cat-produits-en-promotion","9":"entry","11":"first","12":"instock","13":"taxable","14":"shipping-taxable","15":"purchasable","16":"product-type-simple"},"acf":[],"yoast_head":"<!-- This site is optimized with the Yoast SEO plugin v22.5 - https:\/\/yoast.com\/wordpress\/plugins\/seo\/ -->\n<title>Dr. Renaud - Lait Fluide nettoyant Sebobalance - Spa Sant\u00e9 Le N\u00e9nuphar<\/title>\n<meta name=\"robots\" content=\"noindex, follow, max-snippet:-1, max-image-preview:large, max-video-preview:-1\" \/>\n<meta property=\"og:locale\" content=\"fr_CA\" \/>\n<meta property=\"og:type\" content=\"article\" \/>\n<meta property=\"og:title\" content=\"Dr. Renaud - Lait Fluide nettoyant Sebobalance - Spa Sant\u00e9 Le N\u00e9nuphar\" \/>\n<meta property=\"og:description\" content=\"Lait nettoyant de texture innovatrice, fluide et fondante, \u00e0 la fois l\u00e9g\u00e8re et soyeuse, con\u00e7u sp\u00e9cifiquement pour les peaux grasses 225 ml Formule \u00ab haute tol\u00e9rance \u00bb renfermant exclusivement des mati\u00e8res premi\u00e8res et des ingr\u00e9dients actifs non com\u00e9dog\u00e8nes, elle redonne \u00e0 la peau toute sa puret\u00e9 ainsi qu\u2019une vive sensation de fra\u00eecheur.\" \/>\n<meta property=\"og:url\" content=\"https:\/\/publissoft.dev\/spasante\/produit\/dr-renaud-lait-fluide-nettoyant-sebobalance\/\" \/>\n<meta property=\"og:site_name\" content=\"Spa Sant\u00e9 Le N\u00e9nuphar\" \/>\n<meta property=\"article:publisher\" content=\"https:\/\/www.facebook.com\/SpaSanteLeNenuphar\" \/>\n<meta property=\"article:modified_time\" content=\"2024-01-30T15:28:43+00:00\" \/>\n<meta property=\"og:image\" content=\"https:\/\/publissoft.dev\/spasante\/wp-content\/uploads\/2022\/07\/Spa-Sante-le-Nenuphar-SeboBalance_lait_225ml.jpg\" \/>\n\t<meta property=\"og:image:width\" content=\"1000\" \/>\n\t<meta property=\"og:image:height\" content=\"1000\" \/>\n\t<meta property=\"og:image:type\" content=\"image\/jpeg\" \/>\n<meta name=\"twitter:card\" content=\"summary_large_image\" \/>\n<meta name=\"twitter:label1\" content=\"Estimation du temps de lecture\" \/>\n\t<meta name=\"twitter:data1\" content=\"1 minute\" \/>\n<script type=\"application\/ld+json\" class=\"yoast-schema-graph\">{\"@context\":\"https:\/\/schema.org\",\"@graph\":[{\"@type\":\"WebPage\",\"@id\":\"https:\/\/publissoft.dev\/spasante\/produit\/dr-renaud-lait-fluide-nettoyant-sebobalance\/\",\"url\":\"https:\/\/publissoft.dev\/spasante\/produit\/dr-renaud-lait-fluide-nettoyant-sebobalance\/\",\"name\":\"Dr. Renaud - Lait Fluide nettoyant Sebobalance - Spa Sant\u00e9 Le N\u00e9nuphar\",\"isPartOf\":{\"@id\":\"https:\/\/publissoft.dev\/spasante\/#website\"},\"primaryImageOfPage\":{\"@id\":\"https:\/\/publissoft.dev\/spasante\/produit\/dr-renaud-lait-fluide-nettoyant-sebobalance\/#primaryimage\"},\"image\":{\"@id\":\"https:\/\/publissoft.dev\/spasante\/produit\/dr-renaud-lait-fluide-nettoyant-sebobalance\/#primaryimage\"},\"thumbnailUrl\":\"https:\/\/publissoft.dev\/spasante\/wp-content\/uploads\/2022\/07\/Spa-Sante-le-Nenuphar-SeboBalance_lait_225ml.jpg\",\"datePublished\":\"2022-07-09T19:12:40+00:00\",\"dateModified\":\"2024-01-30T15:28:43+00:00\",\"breadcrumb\":{\"@id\":\"https:\/\/publissoft.dev\/spasante\/produit\/dr-renaud-lait-fluide-nettoyant-sebobalance\/#breadcrumb\"},\"inLanguage\":\"fr-CA\",\"potentialAction\":[{\"@type\":\"ReadAction\",\"target\":[\"https:\/\/publissoft.dev\/spasante\/produit\/dr-renaud-lait-fluide-nettoyant-sebobalance\/\"]}]},{\"@type\":\"ImageObject\",\"inLanguage\":\"fr-CA\",\"@id\":\"https:\/\/publissoft.dev\/spasante\/produit\/dr-renaud-lait-fluide-nettoyant-sebobalance\/#primaryimage\",\"url\":\"https:\/\/publissoft.dev\/spasante\/wp-content\/uploads\/2022\/07\/Spa-Sante-le-Nenuphar-SeboBalance_lait_225ml.jpg\",\"contentUrl\":\"https:\/\/publissoft.dev\/spasante\/wp-content\/uploads\/2022\/07\/Spa-Sante-le-Nenuphar-SeboBalance_lait_225ml.jpg\",\"width\":1000,\"height\":1000},{\"@type\":\"BreadcrumbList\",\"@id\":\"https:\/\/publissoft.dev\/spasante\/produit\/dr-renaud-lait-fluide-nettoyant-sebobalance\/#breadcrumb\",\"itemListElement\":[{\"@type\":\"ListItem\",\"position\":1,\"name\":\"Accueil\",\"item\":\"https:\/\/publissoft.dev\/spasante\/\"},{\"@type\":\"ListItem\",\"position\":2,\"name\":\"Boutique\",\"item\":\"https:\/\/publissoft.dev\/spasante\/boutique\/\"},{\"@type\":\"ListItem\",\"position\":3,\"name\":\"Dr. Renaud &#8211; Lait Fluide nettoyant Sebobalance\"}]},{\"@type\":\"WebSite\",\"@id\":\"https:\/\/publissoft.dev\/spasante\/#website\",\"url\":\"https:\/\/publissoft.dev\/spasante\/\",\"name\":\"Spa Sant\u00e9 Le N\u00e9nuphar\",\"description\":\"\",\"publisher\":{\"@id\":\"https:\/\/publissoft.dev\/spasante\/#organization\"},\"potentialAction\":[{\"@type\":\"SearchAction\",\"target\":{\"@type\":\"EntryPoint\",\"urlTemplate\":\"https:\/\/publissoft.dev\/spasante\/?s={search_term_string}\"},\"query-input\":\"required name=search_term_string\"}],\"inLanguage\":\"fr-CA\"},{\"@type\":\"Organization\",\"@id\":\"https:\/\/publissoft.dev\/spasante\/#organization\",\"name\":\"Spa Sant\u00e9 Le N\u00e9nuphar\",\"url\":\"https:\/\/publissoft.dev\/spasante\/\",\"logo\":{\"@type\":\"ImageObject\",\"inLanguage\":\"fr-CA\",\"@id\":\"https:\/\/publissoft.dev\/spasante\/#\/schema\/logo\/image\/\",\"url\":\"https:\/\/publissoft.dev\/spasante\/wp-content\/uploads\/2022\/11\/logo-jpg.jpeg\",\"contentUrl\":\"https:\/\/publissoft.dev\/spasante\/wp-content\/uploads\/2022\/11\/logo-jpg.jpeg\",\"width\":900,\"height\":900,\"caption\":\"Spa Sant\u00e9 Le N\u00e9nuphar\"},\"image\":{\"@id\":\"https:\/\/publissoft.dev\/spasante\/#\/schema\/logo\/image\/\"},\"sameAs\":[\"https:\/\/www.facebook.com\/SpaSanteLeNenuphar\",\"https:\/\/www.instagram.com\/spasantelenenuphar\/?hl=fr\"]}]}<\/script>\n<!-- \/ Yoast SEO plugin. -->","yoast_head_json":{"title":"Dr. Renaud - Lait Fluide nettoyant Sebobalance - Spa Sant\u00e9 Le N\u00e9nuphar","robots":{"index":"noindex","follow":"follow","max-snippet":"max-snippet:-1","max-image-preview":"max-image-preview:large","max-video-preview":"max-video-preview:-1"},"og_locale":"fr_CA","og_type":"article","og_title":"Dr. Renaud - Lait Fluide nettoyant Sebobalance - Spa Sant\u00e9 Le N\u00e9nuphar","og_description":"Lait nettoyant de texture innovatrice, fluide et fondante, \u00e0 la fois l\u00e9g\u00e8re et soyeuse, con\u00e7u sp\u00e9cifiquement pour les peaux grasses 225 ml Formule \u00ab haute tol\u00e9rance \u00bb renfermant exclusivement des mati\u00e8res premi\u00e8res et des ingr\u00e9dients actifs non com\u00e9dog\u00e8nes, elle redonne \u00e0 la peau toute sa puret\u00e9 ainsi qu\u2019une vive sensation de fra\u00eecheur.","og_url":"https:\/\/publissoft.dev\/spasante\/produit\/dr-renaud-lait-fluide-nettoyant-sebobalance\/","og_site_name":"Spa Sant\u00e9 Le N\u00e9nuphar","article_publisher":"https:\/\/www.facebook.com\/SpaSanteLeNenuphar","article_modified_time":"2024-01-30T15:28:43+00:00","og_image":[{"width":1000,"height":1000,"url":"https:\/\/publissoft.dev\/spasante\/wp-content\/uploads\/2022\/07\/Spa-Sante-le-Nenuphar-SeboBalance_lait_225ml.jpg","type":"image\/jpeg"}],"twitter_card":"summary_large_image","twitter_misc":{"Estimation du temps de lecture":"1 minute"},"schema":{"@context":"https:\/\/schema.org","@graph":[{"@type":"WebPage","@id":"https:\/\/publissoft.dev\/spasante\/produit\/dr-renaud-lait-fluide-nettoyant-sebobalance\/","url":"https:\/\/publissoft.dev\/spasante\/produit\/dr-renaud-lait-fluide-nettoyant-sebobalance\/","name":"Dr. Renaud - Lait Fluide nettoyant Sebobalance - Spa Sant\u00e9 Le N\u00e9nuphar","isPartOf":{"@id":"https:\/\/publissoft.dev\/spasante\/#website"},"primaryImageOfPage":{"@id":"https:\/\/publissoft.dev\/spasante\/produit\/dr-renaud-lait-fluide-nettoyant-sebobalance\/#primaryimage"},"image":{"@id":"https:\/\/publissoft.dev\/spasante\/produit\/dr-renaud-lait-fluide-nettoyant-sebobalance\/#primaryimage"},"thumbnailUrl":"https:\/\/publissoft.dev\/spasante\/wp-content\/uploads\/2022\/07\/Spa-Sante-le-Nenuphar-SeboBalance_lait_225ml.jpg","datePublished":"2022-07-09T19:12:40+00:00","dateModified":"2024-01-30T15:28:43+00:00","breadcrumb":{"@id":"https:\/\/publissoft.dev\/spasante\/produit\/dr-renaud-lait-fluide-nettoyant-sebobalance\/#breadcrumb"},"inLanguage":"fr-CA","potentialAction":[{"@type":"ReadAction","target":["https:\/\/publissoft.dev\/spasante\/produit\/dr-renaud-lait-fluide-nettoyant-sebobalance\/"]}]},{"@type":"ImageObject","inLanguage":"fr-CA","@id":"https:\/\/publissoft.dev\/spasante\/produit\/dr-renaud-lait-fluide-nettoyant-sebobalance\/#primaryimage","url":"https:\/\/publissoft.dev\/spasante\/wp-content\/uploads\/2022\/07\/Spa-Sante-le-Nenuphar-SeboBalance_lait_225ml.jpg","contentUrl":"https:\/\/publissoft.dev\/spasante\/wp-content\/uploads\/2022\/07\/Spa-Sante-le-Nenuphar-SeboBalance_lait_225ml.jpg","width":1000,"height":1000},{"@type":"BreadcrumbList","@id":"https:\/\/publissoft.dev\/spasante\/produit\/dr-renaud-lait-fluide-nettoyant-sebobalance\/#breadcrumb","itemListElement":[{"@type":"ListItem","position":1,"name":"Accueil","item":"https:\/\/publissoft.dev\/spasante\/"},{"@type":"ListItem","position":2,"name":"Boutique","item":"https:\/\/publissoft.dev\/spasante\/boutique\/"},{"@type":"ListItem","position":3,"name":"Dr. Renaud &#8211; Lait Fluide nettoyant Sebobalance"}]},{"@type":"WebSite","@id":"https:\/\/publissoft.dev\/spasante\/#website","url":"https:\/\/publissoft.dev\/spasante\/","name":"Spa Sant\u00e9 Le N\u00e9nuphar","description":"","publisher":{"@id":"https:\/\/publissoft.dev\/spasante\/#organization"},"potentialAction":[{"@type":"SearchAction","target":{"@type":"EntryPoint","urlTemplate":"https:\/\/publissoft.dev\/spasante\/?s={search_term_string}"},"query-input":"required name=search_term_string"}],"inLanguage":"fr-CA"},{"@type":"Organization","@id":"https:\/\/publissoft.dev\/spasante\/#organization","name":"Spa Sant\u00e9 Le N\u00e9nuphar","url":"https:\/\/publissoft.dev\/spasante\/","logo":{"@type":"ImageObject","inLanguage":"fr-CA","@id":"https:\/\/publissoft.dev\/spasante\/#\/schema\/logo\/image\/","url":"https:\/\/publissoft.dev\/spasante\/wp-content\/uploads\/2022\/11\/logo-jpg.jpeg","contentUrl":"https:\/\/publissoft.dev\/spasante\/wp-content\/uploads\/2022\/11\/logo-jpg.jpeg","width":900,"height":900,"caption":"Spa Sant\u00e9 Le N\u00e9nuphar"},"image":{"@id":"https:\/\/publissoft.dev\/spasante\/#\/schema\/logo\/image\/"},"sameAs":["https:\/\/www.facebook.com\/SpaSanteLeNenuphar","https:\/\/www.instagram.com\/spasantelenenuphar\/?hl=fr"]}]}},"_links":{"self":[{"href":"https:\/\/publissoft.dev\/spasante\/wp-json\/wp\/v2\/product\/3039","targetHints":{"allow":["GET"]}}],"collection":[{"href":"https:\/\/publissoft.dev\/spasante\/wp-json\/wp\/v2\/product"}],"about":[{"href":"https:\/\/publissoft.dev\/spasante\/wp-json\/wp\/v2\/types\/product"}],"wp:featuredmedia":[{"embeddable":true,"href":"https:\/\/publissoft.dev\/spasante\/wp-json\/wp\/v2\/media\/3040"}],"wp:attachment":[{"href":"https:\/\/publissoft.dev\/spasante\/wp-json\/wp\/v2\/media?parent=3039"}],"wp:term":[{"taxonomy":"product_cat","embeddable":true,"href":"https:\/\/publissoft.dev\/spasante\/wp-json\/wp\/v2\/product_cat?post=3039"},{"taxonomy":"product_tag","embeddable":true,"href":"https:\/\/publissoft.dev\/spasante\/wp-json\/wp\/v2\/product_tag?post=3039"},{"taxonomy":"giftcard-category","embeddable":true,"href":"https:\/\/publissoft.dev\/spasante\/wp-json\/wp\/v2\/giftcard-category?post=3039"}],"curies":[{"name":"wp","href":"https:\/\/api.w.org\/{rel}","templated":true}]}}