{"id":3693,"date":"2022-10-31T14:32:05","date_gmt":"2022-10-31T18:32:05","guid":{"rendered":"https:\/\/publissoft.dev\/spasante\/?post_type=product&#038;p=3693"},"modified":"2023-10-10T10:15:17","modified_gmt":"2023-10-10T14:15:17","slug":"thalgo-men-baume-apres-rasage","status":"publish","type":"product","link":"https:\/\/publissoft.dev\/spasante\/produit\/thalgo-men-baume-apres-rasage\/","title":{"rendered":"Thalgo Men &#8211; Baume Apr\u00e8s-Rasage"},"content":{"rendered":"<p>Sans alcool, sa formule fluide et fra\u00eeche p\u00e9n\u00e8tre en un instant. Ses actifs apaisants et r\u00e9parateurs soulagent efficacement la peau des m\u00e9faits du rasage. La peau regagne souplesse et confort.<\/p>\n","protected":false},"excerpt":{"rendered":"<p>Sans alcool, sa formule fluide et fra\u00eeche p\u00e9n\u00e8tre en un instant. Ses actifs apaisants et r\u00e9parateurs soulagent efficacement la peau des m\u00e9faits du rasage. La peau regagne souplesse et confort.<\/p>\n","protected":false},"featured_media":3694,"template":"","meta":{"_acf_changed":false,"_genesis_hide_title":false,"_genesis_hide_breadcrumbs":false,"_genesis_hide_singular_image":false,"_genesis_hide_footer_widgets":false,"_genesis_custom_body_class":"","_genesis_custom_post_class":"","_genesis_layout":""},"product_cat":[37,45],"product_tag":[],"giftcard-category":[],"class_list":{"0":"post-3693","1":"product","2":"type-product","3":"status-publish","4":"has-post-thumbnail","6":"product_cat-produits","7":"product_cat-thalgo","8":"entry","10":"first","11":"instock","12":"taxable","13":"shipping-taxable","14":"purchasable","15":"product-type-simple"},"acf":[],"yoast_head":"<!-- This site is optimized with the Yoast SEO plugin v22.5 - https:\/\/yoast.com\/wordpress\/plugins\/seo\/ -->\n<title>Thalgo Men - Baume Apr\u00e8s-Rasage - Spa Sant\u00e9 Le N\u00e9nuphar<\/title>\n<meta name=\"description\" content=\"Sans alcool, sa formule fluide et fra\u00eeche p\u00e9n\u00e8tre en un instant. Ses actifs apaisants et r\u00e9parateurs soulagent efficacement la peau des m\u00e9faits du rasage. La peau regagne souplesse et confort.\" \/>\n<meta name=\"robots\" content=\"noindex, follow, max-snippet:-1, max-image-preview:large, max-video-preview:-1\" \/>\n<meta property=\"og:locale\" content=\"fr_CA\" \/>\n<meta property=\"og:type\" content=\"article\" \/>\n<meta property=\"og:title\" content=\"Thalgo Men - Baume Apr\u00e8s-Rasage - Spa Sant\u00e9 Le N\u00e9nuphar\" \/>\n<meta property=\"og:description\" content=\"Sans alcool, sa formule fluide et fra\u00eeche p\u00e9n\u00e8tre en un instant. Ses actifs apaisants et r\u00e9parateurs soulagent efficacement la peau des m\u00e9faits du rasage. La peau regagne souplesse et confort.\" \/>\n<meta property=\"og:url\" content=\"https:\/\/publissoft.dev\/spasante\/produit\/thalgo-men-baume-apres-rasage\/\" \/>\n<meta property=\"og:site_name\" content=\"Spa Sant\u00e9 Le N\u00e9nuphar\" \/>\n<meta property=\"article:publisher\" content=\"https:\/\/www.facebook.com\/SpaSanteLeNenuphar\" \/>\n<meta property=\"article:modified_time\" content=\"2023-10-10T14:15:17+00:00\" \/>\n<meta property=\"og:image\" content=\"https:\/\/publissoft.dev\/spasante\/wp-content\/uploads\/2022\/10\/Thalgo-apres-rasage.jpg\" \/>\n\t<meta property=\"og:image:width\" content=\"493\" \/>\n\t<meta property=\"og:image:height\" content=\"492\" \/>\n\t<meta property=\"og:image:type\" content=\"image\/jpeg\" \/>\n<meta name=\"twitter:card\" content=\"summary_large_image\" \/>\n<meta name=\"twitter:label1\" content=\"Estimation du temps de lecture\" \/>\n\t<meta name=\"twitter:data1\" content=\"1 minute\" \/>\n<script type=\"application\/ld+json\" class=\"yoast-schema-graph\">{\"@context\":\"https:\/\/schema.org\",\"@graph\":[{\"@type\":\"WebPage\",\"@id\":\"https:\/\/publissoft.dev\/spasante\/produit\/thalgo-men-baume-apres-rasage\/\",\"url\":\"https:\/\/publissoft.dev\/spasante\/produit\/thalgo-men-baume-apres-rasage\/\",\"name\":\"Thalgo Men - Baume Apr\u00e8s-Rasage - Spa Sant\u00e9 Le N\u00e9nuphar\",\"isPartOf\":{\"@id\":\"https:\/\/publissoft.dev\/spasante\/#website\"},\"primaryImageOfPage\":{\"@id\":\"https:\/\/publissoft.dev\/spasante\/produit\/thalgo-men-baume-apres-rasage\/#primaryimage\"},\"image\":{\"@id\":\"https:\/\/publissoft.dev\/spasante\/produit\/thalgo-men-baume-apres-rasage\/#primaryimage\"},\"thumbnailUrl\":\"https:\/\/publissoft.dev\/spasante\/wp-content\/uploads\/2022\/10\/Thalgo-apres-rasage.jpg\",\"datePublished\":\"2022-10-31T18:32:05+00:00\",\"dateModified\":\"2023-10-10T14:15:17+00:00\",\"description\":\"Sans alcool, sa formule fluide et fra\u00eeche p\u00e9n\u00e8tre en un instant. Ses actifs apaisants et r\u00e9parateurs soulagent efficacement la peau des m\u00e9faits du rasage. La peau regagne souplesse et confort.\",\"breadcrumb\":{\"@id\":\"https:\/\/publissoft.dev\/spasante\/produit\/thalgo-men-baume-apres-rasage\/#breadcrumb\"},\"inLanguage\":\"fr-CA\",\"potentialAction\":[{\"@type\":\"ReadAction\",\"target\":[\"https:\/\/publissoft.dev\/spasante\/produit\/thalgo-men-baume-apres-rasage\/\"]}]},{\"@type\":\"ImageObject\",\"inLanguage\":\"fr-CA\",\"@id\":\"https:\/\/publissoft.dev\/spasante\/produit\/thalgo-men-baume-apres-rasage\/#primaryimage\",\"url\":\"https:\/\/publissoft.dev\/spasante\/wp-content\/uploads\/2022\/10\/Thalgo-apres-rasage.jpg\",\"contentUrl\":\"https:\/\/publissoft.dev\/spasante\/wp-content\/uploads\/2022\/10\/Thalgo-apres-rasage.jpg\",\"width\":493,\"height\":492},{\"@type\":\"BreadcrumbList\",\"@id\":\"https:\/\/publissoft.dev\/spasante\/produit\/thalgo-men-baume-apres-rasage\/#breadcrumb\",\"itemListElement\":[{\"@type\":\"ListItem\",\"position\":1,\"name\":\"Accueil\",\"item\":\"https:\/\/publissoft.dev\/spasante\/\"},{\"@type\":\"ListItem\",\"position\":2,\"name\":\"Boutique\",\"item\":\"https:\/\/publissoft.dev\/spasante\/boutique\/\"},{\"@type\":\"ListItem\",\"position\":3,\"name\":\"Thalgo Men &#8211; Baume Apr\u00e8s-Rasage\"}]},{\"@type\":\"WebSite\",\"@id\":\"https:\/\/publissoft.dev\/spasante\/#website\",\"url\":\"https:\/\/publissoft.dev\/spasante\/\",\"name\":\"Spa Sant\u00e9 Le N\u00e9nuphar\",\"description\":\"\",\"publisher\":{\"@id\":\"https:\/\/publissoft.dev\/spasante\/#organization\"},\"potentialAction\":[{\"@type\":\"SearchAction\",\"target\":{\"@type\":\"EntryPoint\",\"urlTemplate\":\"https:\/\/publissoft.dev\/spasante\/?s={search_term_string}\"},\"query-input\":\"required name=search_term_string\"}],\"inLanguage\":\"fr-CA\"},{\"@type\":\"Organization\",\"@id\":\"https:\/\/publissoft.dev\/spasante\/#organization\",\"name\":\"Spa Sant\u00e9 Le N\u00e9nuphar\",\"url\":\"https:\/\/publissoft.dev\/spasante\/\",\"logo\":{\"@type\":\"ImageObject\",\"inLanguage\":\"fr-CA\",\"@id\":\"https:\/\/publissoft.dev\/spasante\/#\/schema\/logo\/image\/\",\"url\":\"https:\/\/publissoft.dev\/spasante\/wp-content\/uploads\/2022\/11\/logo-jpg.jpeg\",\"contentUrl\":\"https:\/\/publissoft.dev\/spasante\/wp-content\/uploads\/2022\/11\/logo-jpg.jpeg\",\"width\":900,\"height\":900,\"caption\":\"Spa Sant\u00e9 Le N\u00e9nuphar\"},\"image\":{\"@id\":\"https:\/\/publissoft.dev\/spasante\/#\/schema\/logo\/image\/\"},\"sameAs\":[\"https:\/\/www.facebook.com\/SpaSanteLeNenuphar\",\"https:\/\/www.instagram.com\/spasantelenenuphar\/?hl=fr\"]}]}<\/script>\n<!-- \/ Yoast SEO plugin. -->","yoast_head_json":{"title":"Thalgo Men - Baume Apr\u00e8s-Rasage - Spa Sant\u00e9 Le N\u00e9nuphar","description":"Sans alcool, sa formule fluide et fra\u00eeche p\u00e9n\u00e8tre en un instant. Ses actifs apaisants et r\u00e9parateurs soulagent efficacement la peau des m\u00e9faits du rasage. La peau regagne souplesse et confort.","robots":{"index":"noindex","follow":"follow","max-snippet":"max-snippet:-1","max-image-preview":"max-image-preview:large","max-video-preview":"max-video-preview:-1"},"og_locale":"fr_CA","og_type":"article","og_title":"Thalgo Men - Baume Apr\u00e8s-Rasage - Spa Sant\u00e9 Le N\u00e9nuphar","og_description":"Sans alcool, sa formule fluide et fra\u00eeche p\u00e9n\u00e8tre en un instant. Ses actifs apaisants et r\u00e9parateurs soulagent efficacement la peau des m\u00e9faits du rasage. La peau regagne souplesse et confort.","og_url":"https:\/\/publissoft.dev\/spasante\/produit\/thalgo-men-baume-apres-rasage\/","og_site_name":"Spa Sant\u00e9 Le N\u00e9nuphar","article_publisher":"https:\/\/www.facebook.com\/SpaSanteLeNenuphar","article_modified_time":"2023-10-10T14:15:17+00:00","og_image":[{"width":493,"height":492,"url":"https:\/\/publissoft.dev\/spasante\/wp-content\/uploads\/2022\/10\/Thalgo-apres-rasage.jpg","type":"image\/jpeg"}],"twitter_card":"summary_large_image","twitter_misc":{"Estimation du temps de lecture":"1 minute"},"schema":{"@context":"https:\/\/schema.org","@graph":[{"@type":"WebPage","@id":"https:\/\/publissoft.dev\/spasante\/produit\/thalgo-men-baume-apres-rasage\/","url":"https:\/\/publissoft.dev\/spasante\/produit\/thalgo-men-baume-apres-rasage\/","name":"Thalgo Men - Baume Apr\u00e8s-Rasage - Spa Sant\u00e9 Le N\u00e9nuphar","isPartOf":{"@id":"https:\/\/publissoft.dev\/spasante\/#website"},"primaryImageOfPage":{"@id":"https:\/\/publissoft.dev\/spasante\/produit\/thalgo-men-baume-apres-rasage\/#primaryimage"},"image":{"@id":"https:\/\/publissoft.dev\/spasante\/produit\/thalgo-men-baume-apres-rasage\/#primaryimage"},"thumbnailUrl":"https:\/\/publissoft.dev\/spasante\/wp-content\/uploads\/2022\/10\/Thalgo-apres-rasage.jpg","datePublished":"2022-10-31T18:32:05+00:00","dateModified":"2023-10-10T14:15:17+00:00","description":"Sans alcool, sa formule fluide et fra\u00eeche p\u00e9n\u00e8tre en un instant. Ses actifs apaisants et r\u00e9parateurs soulagent efficacement la peau des m\u00e9faits du rasage. La peau regagne souplesse et confort.","breadcrumb":{"@id":"https:\/\/publissoft.dev\/spasante\/produit\/thalgo-men-baume-apres-rasage\/#breadcrumb"},"inLanguage":"fr-CA","potentialAction":[{"@type":"ReadAction","target":["https:\/\/publissoft.dev\/spasante\/produit\/thalgo-men-baume-apres-rasage\/"]}]},{"@type":"ImageObject","inLanguage":"fr-CA","@id":"https:\/\/publissoft.dev\/spasante\/produit\/thalgo-men-baume-apres-rasage\/#primaryimage","url":"https:\/\/publissoft.dev\/spasante\/wp-content\/uploads\/2022\/10\/Thalgo-apres-rasage.jpg","contentUrl":"https:\/\/publissoft.dev\/spasante\/wp-content\/uploads\/2022\/10\/Thalgo-apres-rasage.jpg","width":493,"height":492},{"@type":"BreadcrumbList","@id":"https:\/\/publissoft.dev\/spasante\/produit\/thalgo-men-baume-apres-rasage\/#breadcrumb","itemListElement":[{"@type":"ListItem","position":1,"name":"Accueil","item":"https:\/\/publissoft.dev\/spasante\/"},{"@type":"ListItem","position":2,"name":"Boutique","item":"https:\/\/publissoft.dev\/spasante\/boutique\/"},{"@type":"ListItem","position":3,"name":"Thalgo Men &#8211; Baume Apr\u00e8s-Rasage"}]},{"@type":"WebSite","@id":"https:\/\/publissoft.dev\/spasante\/#website","url":"https:\/\/publissoft.dev\/spasante\/","name":"Spa Sant\u00e9 Le N\u00e9nuphar","description":"","publisher":{"@id":"https:\/\/publissoft.dev\/spasante\/#organization"},"potentialAction":[{"@type":"SearchAction","target":{"@type":"EntryPoint","urlTemplate":"https:\/\/publissoft.dev\/spasante\/?s={search_term_string}"},"query-input":"required name=search_term_string"}],"inLanguage":"fr-CA"},{"@type":"Organization","@id":"https:\/\/publissoft.dev\/spasante\/#organization","name":"Spa Sant\u00e9 Le N\u00e9nuphar","url":"https:\/\/publissoft.dev\/spasante\/","logo":{"@type":"ImageObject","inLanguage":"fr-CA","@id":"https:\/\/publissoft.dev\/spasante\/#\/schema\/logo\/image\/","url":"https:\/\/publissoft.dev\/spasante\/wp-content\/uploads\/2022\/11\/logo-jpg.jpeg","contentUrl":"https:\/\/publissoft.dev\/spasante\/wp-content\/uploads\/2022\/11\/logo-jpg.jpeg","width":900,"height":900,"caption":"Spa Sant\u00e9 Le N\u00e9nuphar"},"image":{"@id":"https:\/\/publissoft.dev\/spasante\/#\/schema\/logo\/image\/"},"sameAs":["https:\/\/www.facebook.com\/SpaSanteLeNenuphar","https:\/\/www.instagram.com\/spasantelenenuphar\/?hl=fr"]}]}},"_links":{"self":[{"href":"https:\/\/publissoft.dev\/spasante\/wp-json\/wp\/v2\/product\/3693","targetHints":{"allow":["GET"]}}],"collection":[{"href":"https:\/\/publissoft.dev\/spasante\/wp-json\/wp\/v2\/product"}],"about":[{"href":"https:\/\/publissoft.dev\/spasante\/wp-json\/wp\/v2\/types\/product"}],"wp:featuredmedia":[{"embeddable":true,"href":"https:\/\/publissoft.dev\/spasante\/wp-json\/wp\/v2\/media\/3694"}],"wp:attachment":[{"href":"https:\/\/publissoft.dev\/spasante\/wp-json\/wp\/v2\/media?parent=3693"}],"wp:term":[{"taxonomy":"product_cat","embeddable":true,"href":"https:\/\/publissoft.dev\/spasante\/wp-json\/wp\/v2\/product_cat?post=3693"},{"taxonomy":"product_tag","embeddable":true,"href":"https:\/\/publissoft.dev\/spasante\/wp-json\/wp\/v2\/product_tag?post=3693"},{"taxonomy":"giftcard-category","embeddable":true,"href":"https:\/\/publissoft.dev\/spasante\/wp-json\/wp\/v2\/giftcard-category?post=3693"}],"curies":[{"name":"wp","href":"https:\/\/api.w.org\/{rel}","templated":true}]}}