{"id":3921,"date":"2022-11-09T12:55:17","date_gmt":"2022-11-09T17:55:17","guid":{"rendered":"https:\/\/publissoft.dev\/spasante\/?post_type=product&#038;p=3921"},"modified":"2023-05-15T09:57:19","modified_gmt":"2023-05-15T13:57:19","slug":"orthocure-promag","status":"publish","type":"product","link":"https:\/\/publissoft.dev\/spasante\/produit\/orthocure-promag\/","title":{"rendered":"OrthoCure &#8211; ProMag +"},"content":{"rendered":"<p>En combinaison avec le massage, les ingr\u00e9dients actifs du PROMag+ aident \u00e0 faire rel\u00e2cher les tensions et les douleurs musculaires afin d\u2019optimiser la r\u00e9cup\u00e9ration.<\/p>\n<p>Trois sources de magn\u00e9sium en application topique comme solution novatrice pour les muscles affect\u00e9s :<\/p>\n<ul>\n<li>Aide \u00e0 la pr\u00e9paration et la r\u00e9cup\u00e9ration \u00a0 musculaires<\/li>\n<li>Favorise le maintien de la souplesse articulaire<\/li>\n<li>Aide \u00e0 soulager la douleur, les crampes et l\u2019inflammation<\/li>\n<\/ul>\n<p>Vaporisez directement sur la peau et faire p\u00e9n\u00e9trer. Par la suite, appliquez les huiles essentielles et rub\u00e9fiants appropri\u00e9s.<\/p>\n<p>Appliquer PROMag+ avant et apr\u00e8s un effort musculaire pour un effet optimal.<\/p>\n","protected":false},"excerpt":{"rendered":"<p>En combinaison avec le massage, les ingr\u00e9dients actifs du PROMag+ aident \u00e0 faire rel\u00e2cher les tensions et les douleurs musculaires afin d\u2019optimiser la r\u00e9cup\u00e9ration. Trois sources de magn\u00e9sium en application topique comme solution novatrice pour les muscles affect\u00e9s : Aide \u00e0 la pr\u00e9paration et la r\u00e9cup\u00e9ration \u00a0 musculaires Favorise le maintien de la souplesse articulaire &hellip;<\/p>\n","protected":false},"featured_media":3922,"template":"","meta":{"_acf_changed":false,"_genesis_hide_title":false,"_genesis_hide_breadcrumbs":false,"_genesis_hide_singular_image":false,"_genesis_hide_footer_widgets":false,"_genesis_custom_body_class":"","_genesis_custom_post_class":"","_genesis_layout":""},"product_cat":[69,37],"product_tag":[],"giftcard-category":[],"class_list":{"0":"post-3921","1":"product","2":"type-product","3":"status-publish","4":"has-post-thumbnail","6":"product_cat-orthocure","7":"product_cat-produits","8":"entry","10":"first","11":"instock","12":"taxable","13":"shipping-taxable","14":"purchasable","15":"product-type-simple"},"acf":[],"yoast_head":"<!-- This site is optimized with the Yoast SEO plugin v22.5 - https:\/\/yoast.com\/wordpress\/plugins\/seo\/ -->\n<title>OrthoCure - ProMag + - Spa Sant\u00e9 Le N\u00e9nuphar<\/title>\n<meta name=\"description\" content=\"En combinaison avec le massage, les ingr\u00e9dients actifs du PROMag+ aident \u00e0 faire rel\u00e2cher les tensions et les douleurs musculaires afin d\u2019optimiser la r\u00e9cup\u00e9ration.\" \/>\n<meta name=\"robots\" content=\"noindex, follow, max-snippet:-1, max-image-preview:large, max-video-preview:-1\" \/>\n<meta property=\"og:locale\" content=\"fr_CA\" \/>\n<meta property=\"og:type\" content=\"article\" \/>\n<meta property=\"og:title\" content=\"OrthoCure - ProMag + - Spa Sant\u00e9 Le N\u00e9nuphar\" \/>\n<meta property=\"og:description\" content=\"En combinaison avec le massage, les ingr\u00e9dients actifs du PROMag+ aident \u00e0 faire rel\u00e2cher les tensions et les douleurs musculaires afin d\u2019optimiser la r\u00e9cup\u00e9ration.\" \/>\n<meta property=\"og:url\" content=\"https:\/\/publissoft.dev\/spasante\/produit\/orthocure-promag\/\" \/>\n<meta property=\"og:site_name\" content=\"Spa Sant\u00e9 Le N\u00e9nuphar\" \/>\n<meta property=\"article:publisher\" content=\"https:\/\/www.facebook.com\/SpaSanteLeNenuphar\" \/>\n<meta property=\"article:modified_time\" content=\"2023-05-15T13:57:19+00:00\" \/>\n<meta property=\"og:image\" content=\"https:\/\/publissoft.dev\/spasante\/wp-content\/uploads\/2022\/11\/ProMag.png\" \/>\n\t<meta property=\"og:image:width\" content=\"252\" \/>\n\t<meta property=\"og:image:height\" content=\"462\" \/>\n\t<meta property=\"og:image:type\" content=\"image\/png\" \/>\n<meta name=\"twitter:card\" content=\"summary_large_image\" \/>\n<meta name=\"twitter:label1\" content=\"Estimation du temps de lecture\" \/>\n\t<meta name=\"twitter:data1\" content=\"1 minute\" \/>\n<script type=\"application\/ld+json\" class=\"yoast-schema-graph\">{\"@context\":\"https:\/\/schema.org\",\"@graph\":[{\"@type\":\"WebPage\",\"@id\":\"https:\/\/publissoft.dev\/spasante\/produit\/orthocure-promag\/\",\"url\":\"https:\/\/publissoft.dev\/spasante\/produit\/orthocure-promag\/\",\"name\":\"OrthoCure - ProMag + - Spa Sant\u00e9 Le N\u00e9nuphar\",\"isPartOf\":{\"@id\":\"https:\/\/publissoft.dev\/spasante\/#website\"},\"primaryImageOfPage\":{\"@id\":\"https:\/\/publissoft.dev\/spasante\/produit\/orthocure-promag\/#primaryimage\"},\"image\":{\"@id\":\"https:\/\/publissoft.dev\/spasante\/produit\/orthocure-promag\/#primaryimage\"},\"thumbnailUrl\":\"https:\/\/publissoft.dev\/spasante\/wp-content\/uploads\/2022\/11\/ProMag.png\",\"datePublished\":\"2022-11-09T17:55:17+00:00\",\"dateModified\":\"2023-05-15T13:57:19+00:00\",\"description\":\"En combinaison avec le massage, les ingr\u00e9dients actifs du PROMag+ aident \u00e0 faire rel\u00e2cher les tensions et les douleurs musculaires afin d\u2019optimiser la r\u00e9cup\u00e9ration.\",\"breadcrumb\":{\"@id\":\"https:\/\/publissoft.dev\/spasante\/produit\/orthocure-promag\/#breadcrumb\"},\"inLanguage\":\"fr-CA\",\"potentialAction\":[{\"@type\":\"ReadAction\",\"target\":[\"https:\/\/publissoft.dev\/spasante\/produit\/orthocure-promag\/\"]}]},{\"@type\":\"ImageObject\",\"inLanguage\":\"fr-CA\",\"@id\":\"https:\/\/publissoft.dev\/spasante\/produit\/orthocure-promag\/#primaryimage\",\"url\":\"https:\/\/publissoft.dev\/spasante\/wp-content\/uploads\/2022\/11\/ProMag.png\",\"contentUrl\":\"https:\/\/publissoft.dev\/spasante\/wp-content\/uploads\/2022\/11\/ProMag.png\",\"width\":252,\"height\":462},{\"@type\":\"BreadcrumbList\",\"@id\":\"https:\/\/publissoft.dev\/spasante\/produit\/orthocure-promag\/#breadcrumb\",\"itemListElement\":[{\"@type\":\"ListItem\",\"position\":1,\"name\":\"Accueil\",\"item\":\"https:\/\/publissoft.dev\/spasante\/\"},{\"@type\":\"ListItem\",\"position\":2,\"name\":\"Boutique\",\"item\":\"https:\/\/publissoft.dev\/spasante\/boutique\/\"},{\"@type\":\"ListItem\",\"position\":3,\"name\":\"OrthoCure &#8211; ProMag +\"}]},{\"@type\":\"WebSite\",\"@id\":\"https:\/\/publissoft.dev\/spasante\/#website\",\"url\":\"https:\/\/publissoft.dev\/spasante\/\",\"name\":\"Spa Sant\u00e9 Le N\u00e9nuphar\",\"description\":\"\",\"publisher\":{\"@id\":\"https:\/\/publissoft.dev\/spasante\/#organization\"},\"potentialAction\":[{\"@type\":\"SearchAction\",\"target\":{\"@type\":\"EntryPoint\",\"urlTemplate\":\"https:\/\/publissoft.dev\/spasante\/?s={search_term_string}\"},\"query-input\":\"required name=search_term_string\"}],\"inLanguage\":\"fr-CA\"},{\"@type\":\"Organization\",\"@id\":\"https:\/\/publissoft.dev\/spasante\/#organization\",\"name\":\"Spa Sant\u00e9 Le N\u00e9nuphar\",\"url\":\"https:\/\/publissoft.dev\/spasante\/\",\"logo\":{\"@type\":\"ImageObject\",\"inLanguage\":\"fr-CA\",\"@id\":\"https:\/\/publissoft.dev\/spasante\/#\/schema\/logo\/image\/\",\"url\":\"https:\/\/publissoft.dev\/spasante\/wp-content\/uploads\/2022\/11\/logo-jpg.jpeg\",\"contentUrl\":\"https:\/\/publissoft.dev\/spasante\/wp-content\/uploads\/2022\/11\/logo-jpg.jpeg\",\"width\":900,\"height\":900,\"caption\":\"Spa Sant\u00e9 Le N\u00e9nuphar\"},\"image\":{\"@id\":\"https:\/\/publissoft.dev\/spasante\/#\/schema\/logo\/image\/\"},\"sameAs\":[\"https:\/\/www.facebook.com\/SpaSanteLeNenuphar\",\"https:\/\/www.instagram.com\/spasantelenenuphar\/?hl=fr\"]}]}<\/script>\n<!-- \/ Yoast SEO plugin. -->","yoast_head_json":{"title":"OrthoCure - ProMag + - Spa Sant\u00e9 Le N\u00e9nuphar","description":"En combinaison avec le massage, les ingr\u00e9dients actifs du PROMag+ aident \u00e0 faire rel\u00e2cher les tensions et les douleurs musculaires afin d\u2019optimiser la r\u00e9cup\u00e9ration.","robots":{"index":"noindex","follow":"follow","max-snippet":"max-snippet:-1","max-image-preview":"max-image-preview:large","max-video-preview":"max-video-preview:-1"},"og_locale":"fr_CA","og_type":"article","og_title":"OrthoCure - ProMag + - Spa Sant\u00e9 Le N\u00e9nuphar","og_description":"En combinaison avec le massage, les ingr\u00e9dients actifs du PROMag+ aident \u00e0 faire rel\u00e2cher les tensions et les douleurs musculaires afin d\u2019optimiser la r\u00e9cup\u00e9ration.","og_url":"https:\/\/publissoft.dev\/spasante\/produit\/orthocure-promag\/","og_site_name":"Spa Sant\u00e9 Le N\u00e9nuphar","article_publisher":"https:\/\/www.facebook.com\/SpaSanteLeNenuphar","article_modified_time":"2023-05-15T13:57:19+00:00","og_image":[{"width":252,"height":462,"url":"https:\/\/publissoft.dev\/spasante\/wp-content\/uploads\/2022\/11\/ProMag.png","type":"image\/png"}],"twitter_card":"summary_large_image","twitter_misc":{"Estimation du temps de lecture":"1 minute"},"schema":{"@context":"https:\/\/schema.org","@graph":[{"@type":"WebPage","@id":"https:\/\/publissoft.dev\/spasante\/produit\/orthocure-promag\/","url":"https:\/\/publissoft.dev\/spasante\/produit\/orthocure-promag\/","name":"OrthoCure - ProMag + - Spa Sant\u00e9 Le N\u00e9nuphar","isPartOf":{"@id":"https:\/\/publissoft.dev\/spasante\/#website"},"primaryImageOfPage":{"@id":"https:\/\/publissoft.dev\/spasante\/produit\/orthocure-promag\/#primaryimage"},"image":{"@id":"https:\/\/publissoft.dev\/spasante\/produit\/orthocure-promag\/#primaryimage"},"thumbnailUrl":"https:\/\/publissoft.dev\/spasante\/wp-content\/uploads\/2022\/11\/ProMag.png","datePublished":"2022-11-09T17:55:17+00:00","dateModified":"2023-05-15T13:57:19+00:00","description":"En combinaison avec le massage, les ingr\u00e9dients actifs du PROMag+ aident \u00e0 faire rel\u00e2cher les tensions et les douleurs musculaires afin d\u2019optimiser la r\u00e9cup\u00e9ration.","breadcrumb":{"@id":"https:\/\/publissoft.dev\/spasante\/produit\/orthocure-promag\/#breadcrumb"},"inLanguage":"fr-CA","potentialAction":[{"@type":"ReadAction","target":["https:\/\/publissoft.dev\/spasante\/produit\/orthocure-promag\/"]}]},{"@type":"ImageObject","inLanguage":"fr-CA","@id":"https:\/\/publissoft.dev\/spasante\/produit\/orthocure-promag\/#primaryimage","url":"https:\/\/publissoft.dev\/spasante\/wp-content\/uploads\/2022\/11\/ProMag.png","contentUrl":"https:\/\/publissoft.dev\/spasante\/wp-content\/uploads\/2022\/11\/ProMag.png","width":252,"height":462},{"@type":"BreadcrumbList","@id":"https:\/\/publissoft.dev\/spasante\/produit\/orthocure-promag\/#breadcrumb","itemListElement":[{"@type":"ListItem","position":1,"name":"Accueil","item":"https:\/\/publissoft.dev\/spasante\/"},{"@type":"ListItem","position":2,"name":"Boutique","item":"https:\/\/publissoft.dev\/spasante\/boutique\/"},{"@type":"ListItem","position":3,"name":"OrthoCure &#8211; ProMag +"}]},{"@type":"WebSite","@id":"https:\/\/publissoft.dev\/spasante\/#website","url":"https:\/\/publissoft.dev\/spasante\/","name":"Spa Sant\u00e9 Le N\u00e9nuphar","description":"","publisher":{"@id":"https:\/\/publissoft.dev\/spasante\/#organization"},"potentialAction":[{"@type":"SearchAction","target":{"@type":"EntryPoint","urlTemplate":"https:\/\/publissoft.dev\/spasante\/?s={search_term_string}"},"query-input":"required name=search_term_string"}],"inLanguage":"fr-CA"},{"@type":"Organization","@id":"https:\/\/publissoft.dev\/spasante\/#organization","name":"Spa Sant\u00e9 Le N\u00e9nuphar","url":"https:\/\/publissoft.dev\/spasante\/","logo":{"@type":"ImageObject","inLanguage":"fr-CA","@id":"https:\/\/publissoft.dev\/spasante\/#\/schema\/logo\/image\/","url":"https:\/\/publissoft.dev\/spasante\/wp-content\/uploads\/2022\/11\/logo-jpg.jpeg","contentUrl":"https:\/\/publissoft.dev\/spasante\/wp-content\/uploads\/2022\/11\/logo-jpg.jpeg","width":900,"height":900,"caption":"Spa Sant\u00e9 Le N\u00e9nuphar"},"image":{"@id":"https:\/\/publissoft.dev\/spasante\/#\/schema\/logo\/image\/"},"sameAs":["https:\/\/www.facebook.com\/SpaSanteLeNenuphar","https:\/\/www.instagram.com\/spasantelenenuphar\/?hl=fr"]}]}},"_links":{"self":[{"href":"https:\/\/publissoft.dev\/spasante\/wp-json\/wp\/v2\/product\/3921","targetHints":{"allow":["GET"]}}],"collection":[{"href":"https:\/\/publissoft.dev\/spasante\/wp-json\/wp\/v2\/product"}],"about":[{"href":"https:\/\/publissoft.dev\/spasante\/wp-json\/wp\/v2\/types\/product"}],"wp:featuredmedia":[{"embeddable":true,"href":"https:\/\/publissoft.dev\/spasante\/wp-json\/wp\/v2\/media\/3922"}],"wp:attachment":[{"href":"https:\/\/publissoft.dev\/spasante\/wp-json\/wp\/v2\/media?parent=3921"}],"wp:term":[{"taxonomy":"product_cat","embeddable":true,"href":"https:\/\/publissoft.dev\/spasante\/wp-json\/wp\/v2\/product_cat?post=3921"},{"taxonomy":"product_tag","embeddable":true,"href":"https:\/\/publissoft.dev\/spasante\/wp-json\/wp\/v2\/product_tag?post=3921"},{"taxonomy":"giftcard-category","embeddable":true,"href":"https:\/\/publissoft.dev\/spasante\/wp-json\/wp\/v2\/giftcard-category?post=3921"}],"curies":[{"name":"wp","href":"https:\/\/api.w.org\/{rel}","templated":true}]}}