{"id":5646,"date":"2023-08-10T13:49:57","date_gmt":"2023-08-10T17:49:57","guid":{"rendered":"https:\/\/publissoft.dev\/spasante\/?post_type=product&#038;p=5646"},"modified":"2024-01-10T11:52:24","modified_gmt":"2024-01-10T16:52:24","slug":"soin-du-cuir-chevelu-soin-capillaire","status":"publish","type":"product","link":"https:\/\/publissoft.dev\/spasante\/produit\/soin-du-cuir-chevelu-soin-capillaire\/","title":{"rendered":"Soins du Cuir Chevelu"},"content":{"rendered":"<p>NOS SOINS CAPILLAIRES<\/p>\n<p><strong>SOIN D\u00c9TENTE<\/strong><\/p>\n<p><strong>Ce soin est conseill\u00e9 pour les gens d\u00e9sirant stimuler la pousse et la croissance des cheveux, qui d\u00e9sirent une chevelure en sant\u00e9 ou qui d\u00e9sirent simplement un soin d\u00e9tente.<\/strong><\/p>\n<p>Ce soin utilise un appareil de haute-fr\u00e9quence dans le but de stimuler le cuir chevelu et la pousse des cheveux.<\/p>\n<p>Suivi de l&#8217;application d&#8217;un soin capillaire, celui-ci accompagn\u00e9 d&#8217;un massage en profondeur du cuir chevelu.<\/p>\n<p>Un complexe adapt\u00e9 \u00e0 votre type de cheveux et de cuir chevelu sera ensuite appos\u00e9; pour enchainer avec un masque d&#8217;hydratation pour la pointe des cheveux.<\/p>\n<p>Vous repartirez avec un chignon.<\/p>\n<p>N.B: Le masque hydratant peut \u00eatre garder toute la journ\u00e9e ou toute la nuit et \u00eatre rinc\u00e9 lors de votre prochaine douche.<\/p>\n<p>&nbsp;<\/p>\n<p><strong>SOIN D\u00c9TOX<\/strong><\/p>\n<p><strong>Ce soin est con\u00e7u pour les personnes ayant des probl\u00e8mes de pellicules, de psoriasis ou ecz\u00e9ma.\u00a0 Il calme les d\u00e9mangeaisons et l&#8217;irritation du cuir chevelu.<\/strong><\/p>\n<p>Le soin d\u00e9bute par le passage de la haute fr\u00e9quence, qui dans ce cas pr\u00e9cis, aura pour but de traiter les cuirs chevelus gras, avec d\u00e9p\u00f4ts, galles ou cro\u00fbtes avec sa fonction antiseptique.<\/p>\n<p>Application d&#8217;un peeling apaisant sur le cuir chevelu, suivi d&#8217;une douche pour le rin\u00e7age.<\/p>\n<p>Les \u00e9tapes suivantes sont les m\u00eames que dans le soin d\u00e9tente.<\/p>\n<p>&nbsp;<\/p>\n<p>Nous utilisons les produits capillaires BIOESTH\u00c9TIQUE qui sont \u00e0 la pointe des avanc\u00e9es dermatologiques.\u00a0 Ils utilisent des substances actives brevet\u00e9es, aux r\u00e9sultats scientifiques prouv\u00e9s au niveau biotechnologie.<\/p>\n<p>&nbsp;<\/p>\n<p><strong>UN PLUS LORS DE VOTRE PROCHAIN SOIN !<\/strong><\/p>\n<p>N.B: Vous pouvez \u00e9galement l&#8217;ajouter \u00e0 votre soin pr\u00e9f\u00e9r\u00e9: soin du visage ou du corps.<\/p>\n<p>&nbsp;<\/p>\n<p>&nbsp;<\/p>\n<p>&nbsp;<\/p>\n","protected":false},"excerpt":{"rendered":"<p>NOS SOINS CAPILLAIRES SOIN D\u00c9TENTE Ce soin est conseill\u00e9 pour les gens d\u00e9sirant stimuler la pousse et la croissance des cheveux, qui d\u00e9sirent une chevelure en sant\u00e9 ou qui d\u00e9sirent simplement un soin d\u00e9tente. Ce soin utilise un appareil de haute-fr\u00e9quence dans le but de stimuler le cuir chevelu et la pousse des cheveux. Suivi &hellip;<\/p>\n","protected":false},"featured_media":5651,"template":"","meta":{"_acf_changed":false,"_genesis_hide_title":false,"_genesis_hide_breadcrumbs":false,"_genesis_hide_singular_image":false,"_genesis_hide_footer_widgets":false,"_genesis_custom_body_class":"","_genesis_custom_post_class":"","_genesis_layout":""},"product_cat":[43,66],"product_tag":[],"giftcard-category":[],"class_list":{"0":"post-5646","1":"product","2":"type-product","3":"status-publish","4":"has-post-thumbnail","6":"product_cat-soins","7":"product_cat-soins-corporels","8":"entry","10":"first","11":"instock","12":"taxable","13":"shipping-taxable","14":"purchasable","15":"product-type-variable"},"acf":[],"yoast_head":"<!-- This site is optimized with the Yoast SEO plugin v22.5 - https:\/\/yoast.com\/wordpress\/plugins\/seo\/ -->\n<title>Soins du Cuir Chevelu - Spa Sant\u00e9 Le N\u00e9nuphar<\/title>\n<meta name=\"description\" content=\"Cuir chevelu | Soin capillaire | traitement des pointes | Stimule la pousse des cheveux | Croissance des cheveux | Calme les d\u00e9mangeaisons | Ecz\u00e9ma | Psoriasis | Cro\u00fbtes | Cheveux gras | Massage de la t\u00eate | Haute fr\u00e9quence | Bioesth\u00e9tique | Masque capillaire | Peeling du cuir chevelu |\" \/>\n<meta name=\"robots\" content=\"noindex, follow, max-snippet:-1, max-image-preview:large, max-video-preview:-1\" \/>\n<meta property=\"og:locale\" content=\"fr_CA\" \/>\n<meta property=\"og:type\" content=\"article\" \/>\n<meta property=\"og:title\" content=\"Soins du Cuir Chevelu - Spa Sant\u00e9 Le N\u00e9nuphar\" \/>\n<meta property=\"og:description\" content=\"Cuir chevelu | Soin capillaire | traitement des pointes | Stimule la pousse des cheveux | Croissance des cheveux | Calme les d\u00e9mangeaisons | Ecz\u00e9ma | Psoriasis | Cro\u00fbtes | Cheveux gras | Massage de la t\u00eate | Haute fr\u00e9quence | Bioesth\u00e9tique | Masque capillaire | Peeling du cuir chevelu |\" \/>\n<meta property=\"og:url\" content=\"https:\/\/publissoft.dev\/spasante\/produit\/soin-du-cuir-chevelu-soin-capillaire\/\" \/>\n<meta property=\"og:site_name\" content=\"Spa Sant\u00e9 Le N\u00e9nuphar\" \/>\n<meta property=\"article:publisher\" content=\"https:\/\/www.facebook.com\/SpaSanteLeNenuphar\" \/>\n<meta property=\"article:modified_time\" content=\"2024-01-10T16:52:24+00:00\" \/>\n<meta property=\"og:image\" content=\"https:\/\/publissoft.dev\/spasante\/wp-content\/uploads\/2023\/08\/soin-capillaire-hf-1.jpg\" \/>\n\t<meta property=\"og:image:width\" content=\"507\" \/>\n\t<meta property=\"og:image:height\" content=\"673\" \/>\n\t<meta property=\"og:image:type\" content=\"image\/jpeg\" \/>\n<meta name=\"twitter:card\" content=\"summary_large_image\" \/>\n<meta name=\"twitter:label1\" content=\"Estimation du temps de lecture\" \/>\n\t<meta name=\"twitter:data1\" content=\"2 minutes\" \/>\n<script type=\"application\/ld+json\" class=\"yoast-schema-graph\">{\"@context\":\"https:\/\/schema.org\",\"@graph\":[{\"@type\":\"WebPage\",\"@id\":\"https:\/\/publissoft.dev\/spasante\/produit\/soin-du-cuir-chevelu-soin-capillaire\/\",\"url\":\"https:\/\/publissoft.dev\/spasante\/produit\/soin-du-cuir-chevelu-soin-capillaire\/\",\"name\":\"Soins du Cuir Chevelu - Spa Sant\u00e9 Le N\u00e9nuphar\",\"isPartOf\":{\"@id\":\"https:\/\/publissoft.dev\/spasante\/#website\"},\"primaryImageOfPage\":{\"@id\":\"https:\/\/publissoft.dev\/spasante\/produit\/soin-du-cuir-chevelu-soin-capillaire\/#primaryimage\"},\"image\":{\"@id\":\"https:\/\/publissoft.dev\/spasante\/produit\/soin-du-cuir-chevelu-soin-capillaire\/#primaryimage\"},\"thumbnailUrl\":\"https:\/\/publissoft.dev\/spasante\/wp-content\/uploads\/2023\/08\/soin-capillaire-hf-1.jpg\",\"datePublished\":\"2023-08-10T17:49:57+00:00\",\"dateModified\":\"2024-01-10T16:52:24+00:00\",\"description\":\"Cuir chevelu | Soin capillaire | traitement des pointes | Stimule la pousse des cheveux | Croissance des cheveux | Calme les d\u00e9mangeaisons | Ecz\u00e9ma | Psoriasis | Cro\u00fbtes | Cheveux gras | Massage de la t\u00eate | Haute fr\u00e9quence | Bioesth\u00e9tique | Masque capillaire | Peeling du cuir chevelu |\",\"breadcrumb\":{\"@id\":\"https:\/\/publissoft.dev\/spasante\/produit\/soin-du-cuir-chevelu-soin-capillaire\/#breadcrumb\"},\"inLanguage\":\"fr-CA\",\"potentialAction\":[{\"@type\":\"ReadAction\",\"target\":[\"https:\/\/publissoft.dev\/spasante\/produit\/soin-du-cuir-chevelu-soin-capillaire\/\"]}]},{\"@type\":\"ImageObject\",\"inLanguage\":\"fr-CA\",\"@id\":\"https:\/\/publissoft.dev\/spasante\/produit\/soin-du-cuir-chevelu-soin-capillaire\/#primaryimage\",\"url\":\"https:\/\/publissoft.dev\/spasante\/wp-content\/uploads\/2023\/08\/soin-capillaire-hf-1.jpg\",\"contentUrl\":\"https:\/\/publissoft.dev\/spasante\/wp-content\/uploads\/2023\/08\/soin-capillaire-hf-1.jpg\",\"width\":507,\"height\":673},{\"@type\":\"BreadcrumbList\",\"@id\":\"https:\/\/publissoft.dev\/spasante\/produit\/soin-du-cuir-chevelu-soin-capillaire\/#breadcrumb\",\"itemListElement\":[{\"@type\":\"ListItem\",\"position\":1,\"name\":\"Accueil\",\"item\":\"https:\/\/publissoft.dev\/spasante\/\"},{\"@type\":\"ListItem\",\"position\":2,\"name\":\"Boutique\",\"item\":\"https:\/\/publissoft.dev\/spasante\/boutique\/\"},{\"@type\":\"ListItem\",\"position\":3,\"name\":\"Soins du Cuir Chevelu\"}]},{\"@type\":\"WebSite\",\"@id\":\"https:\/\/publissoft.dev\/spasante\/#website\",\"url\":\"https:\/\/publissoft.dev\/spasante\/\",\"name\":\"Spa Sant\u00e9 Le N\u00e9nuphar\",\"description\":\"\",\"publisher\":{\"@id\":\"https:\/\/publissoft.dev\/spasante\/#organization\"},\"potentialAction\":[{\"@type\":\"SearchAction\",\"target\":{\"@type\":\"EntryPoint\",\"urlTemplate\":\"https:\/\/publissoft.dev\/spasante\/?s={search_term_string}\"},\"query-input\":\"required name=search_term_string\"}],\"inLanguage\":\"fr-CA\"},{\"@type\":\"Organization\",\"@id\":\"https:\/\/publissoft.dev\/spasante\/#organization\",\"name\":\"Spa Sant\u00e9 Le N\u00e9nuphar\",\"url\":\"https:\/\/publissoft.dev\/spasante\/\",\"logo\":{\"@type\":\"ImageObject\",\"inLanguage\":\"fr-CA\",\"@id\":\"https:\/\/publissoft.dev\/spasante\/#\/schema\/logo\/image\/\",\"url\":\"https:\/\/publissoft.dev\/spasante\/wp-content\/uploads\/2022\/11\/logo-jpg.jpeg\",\"contentUrl\":\"https:\/\/publissoft.dev\/spasante\/wp-content\/uploads\/2022\/11\/logo-jpg.jpeg\",\"width\":900,\"height\":900,\"caption\":\"Spa Sant\u00e9 Le N\u00e9nuphar\"},\"image\":{\"@id\":\"https:\/\/publissoft.dev\/spasante\/#\/schema\/logo\/image\/\"},\"sameAs\":[\"https:\/\/www.facebook.com\/SpaSanteLeNenuphar\",\"https:\/\/www.instagram.com\/spasantelenenuphar\/?hl=fr\"]}]}<\/script>\n<!-- \/ Yoast SEO plugin. -->","yoast_head_json":{"title":"Soins du Cuir Chevelu - Spa Sant\u00e9 Le N\u00e9nuphar","description":"Cuir chevelu | Soin capillaire | traitement des pointes | Stimule la pousse des cheveux | Croissance des cheveux | Calme les d\u00e9mangeaisons | Ecz\u00e9ma | Psoriasis | Cro\u00fbtes | Cheveux gras | Massage de la t\u00eate | Haute fr\u00e9quence | Bioesth\u00e9tique | Masque capillaire | Peeling du cuir chevelu |","robots":{"index":"noindex","follow":"follow","max-snippet":"max-snippet:-1","max-image-preview":"max-image-preview:large","max-video-preview":"max-video-preview:-1"},"og_locale":"fr_CA","og_type":"article","og_title":"Soins du Cuir Chevelu - Spa Sant\u00e9 Le N\u00e9nuphar","og_description":"Cuir chevelu | Soin capillaire | traitement des pointes | Stimule la pousse des cheveux | Croissance des cheveux | Calme les d\u00e9mangeaisons | Ecz\u00e9ma | Psoriasis | Cro\u00fbtes | Cheveux gras | Massage de la t\u00eate | Haute fr\u00e9quence | Bioesth\u00e9tique | Masque capillaire | Peeling du cuir chevelu |","og_url":"https:\/\/publissoft.dev\/spasante\/produit\/soin-du-cuir-chevelu-soin-capillaire\/","og_site_name":"Spa Sant\u00e9 Le N\u00e9nuphar","article_publisher":"https:\/\/www.facebook.com\/SpaSanteLeNenuphar","article_modified_time":"2024-01-10T16:52:24+00:00","og_image":[{"width":507,"height":673,"url":"https:\/\/publissoft.dev\/spasante\/wp-content\/uploads\/2023\/08\/soin-capillaire-hf-1.jpg","type":"image\/jpeg"}],"twitter_card":"summary_large_image","twitter_misc":{"Estimation du temps de lecture":"2 minutes"},"schema":{"@context":"https:\/\/schema.org","@graph":[{"@type":"WebPage","@id":"https:\/\/publissoft.dev\/spasante\/produit\/soin-du-cuir-chevelu-soin-capillaire\/","url":"https:\/\/publissoft.dev\/spasante\/produit\/soin-du-cuir-chevelu-soin-capillaire\/","name":"Soins du Cuir Chevelu - Spa Sant\u00e9 Le N\u00e9nuphar","isPartOf":{"@id":"https:\/\/publissoft.dev\/spasante\/#website"},"primaryImageOfPage":{"@id":"https:\/\/publissoft.dev\/spasante\/produit\/soin-du-cuir-chevelu-soin-capillaire\/#primaryimage"},"image":{"@id":"https:\/\/publissoft.dev\/spasante\/produit\/soin-du-cuir-chevelu-soin-capillaire\/#primaryimage"},"thumbnailUrl":"https:\/\/publissoft.dev\/spasante\/wp-content\/uploads\/2023\/08\/soin-capillaire-hf-1.jpg","datePublished":"2023-08-10T17:49:57+00:00","dateModified":"2024-01-10T16:52:24+00:00","description":"Cuir chevelu | Soin capillaire | traitement des pointes | Stimule la pousse des cheveux | Croissance des cheveux | Calme les d\u00e9mangeaisons | Ecz\u00e9ma | Psoriasis | Cro\u00fbtes | Cheveux gras | Massage de la t\u00eate | Haute fr\u00e9quence | Bioesth\u00e9tique | Masque capillaire | Peeling du cuir chevelu |","breadcrumb":{"@id":"https:\/\/publissoft.dev\/spasante\/produit\/soin-du-cuir-chevelu-soin-capillaire\/#breadcrumb"},"inLanguage":"fr-CA","potentialAction":[{"@type":"ReadAction","target":["https:\/\/publissoft.dev\/spasante\/produit\/soin-du-cuir-chevelu-soin-capillaire\/"]}]},{"@type":"ImageObject","inLanguage":"fr-CA","@id":"https:\/\/publissoft.dev\/spasante\/produit\/soin-du-cuir-chevelu-soin-capillaire\/#primaryimage","url":"https:\/\/publissoft.dev\/spasante\/wp-content\/uploads\/2023\/08\/soin-capillaire-hf-1.jpg","contentUrl":"https:\/\/publissoft.dev\/spasante\/wp-content\/uploads\/2023\/08\/soin-capillaire-hf-1.jpg","width":507,"height":673},{"@type":"BreadcrumbList","@id":"https:\/\/publissoft.dev\/spasante\/produit\/soin-du-cuir-chevelu-soin-capillaire\/#breadcrumb","itemListElement":[{"@type":"ListItem","position":1,"name":"Accueil","item":"https:\/\/publissoft.dev\/spasante\/"},{"@type":"ListItem","position":2,"name":"Boutique","item":"https:\/\/publissoft.dev\/spasante\/boutique\/"},{"@type":"ListItem","position":3,"name":"Soins du Cuir Chevelu"}]},{"@type":"WebSite","@id":"https:\/\/publissoft.dev\/spasante\/#website","url":"https:\/\/publissoft.dev\/spasante\/","name":"Spa Sant\u00e9 Le N\u00e9nuphar","description":"","publisher":{"@id":"https:\/\/publissoft.dev\/spasante\/#organization"},"potentialAction":[{"@type":"SearchAction","target":{"@type":"EntryPoint","urlTemplate":"https:\/\/publissoft.dev\/spasante\/?s={search_term_string}"},"query-input":"required name=search_term_string"}],"inLanguage":"fr-CA"},{"@type":"Organization","@id":"https:\/\/publissoft.dev\/spasante\/#organization","name":"Spa Sant\u00e9 Le N\u00e9nuphar","url":"https:\/\/publissoft.dev\/spasante\/","logo":{"@type":"ImageObject","inLanguage":"fr-CA","@id":"https:\/\/publissoft.dev\/spasante\/#\/schema\/logo\/image\/","url":"https:\/\/publissoft.dev\/spasante\/wp-content\/uploads\/2022\/11\/logo-jpg.jpeg","contentUrl":"https:\/\/publissoft.dev\/spasante\/wp-content\/uploads\/2022\/11\/logo-jpg.jpeg","width":900,"height":900,"caption":"Spa Sant\u00e9 Le N\u00e9nuphar"},"image":{"@id":"https:\/\/publissoft.dev\/spasante\/#\/schema\/logo\/image\/"},"sameAs":["https:\/\/www.facebook.com\/SpaSanteLeNenuphar","https:\/\/www.instagram.com\/spasantelenenuphar\/?hl=fr"]}]}},"_links":{"self":[{"href":"https:\/\/publissoft.dev\/spasante\/wp-json\/wp\/v2\/product\/5646","targetHints":{"allow":["GET"]}}],"collection":[{"href":"https:\/\/publissoft.dev\/spasante\/wp-json\/wp\/v2\/product"}],"about":[{"href":"https:\/\/publissoft.dev\/spasante\/wp-json\/wp\/v2\/types\/product"}],"wp:featuredmedia":[{"embeddable":true,"href":"https:\/\/publissoft.dev\/spasante\/wp-json\/wp\/v2\/media\/5651"}],"wp:attachment":[{"href":"https:\/\/publissoft.dev\/spasante\/wp-json\/wp\/v2\/media?parent=5646"}],"wp:term":[{"taxonomy":"product_cat","embeddable":true,"href":"https:\/\/publissoft.dev\/spasante\/wp-json\/wp\/v2\/product_cat?post=5646"},{"taxonomy":"product_tag","embeddable":true,"href":"https:\/\/publissoft.dev\/spasante\/wp-json\/wp\/v2\/product_tag?post=5646"},{"taxonomy":"giftcard-category","embeddable":true,"href":"https:\/\/publissoft.dev\/spasante\/wp-json\/wp\/v2\/giftcard-category?post=5646"}],"curies":[{"name":"wp","href":"https:\/\/api.w.org\/{rel}","templated":true}]}}