{"id":5864,"date":"2023-09-26T15:04:53","date_gmt":"2023-09-26T19:04:53","guid":{"rendered":"https:\/\/publissoft.dev\/spasante\/?post_type=product&#038;p=5864"},"modified":"2023-09-26T15:08:48","modified_gmt":"2023-09-26T19:08:48","slug":"aquafolia-creme-raffermissante-cou-et-decollete","status":"publish","type":"product","link":"https:\/\/publissoft.dev\/spasante\/produit\/aquafolia-creme-raffermissante-cou-et-decollete\/","title":{"rendered":"Aquafolia- Cr\u00e8me raffermissante cou et d\u00e9collet\u00e9"},"content":{"rendered":"<div class=\"page\" title=\"Page 1\">\n<div class=\"layoutArea\">\n<div class=\"column\">\n<p>Une cre\u0300me nourrissante, remodelante et liftante*. Elle remode\u0300le l\u2019ovale du visage. Diminue l\u2019apparence du double menton, des rides et des ridules tout en redonnant souplesse et e\u0301lasticite\u0301 a\u0300 la peau. Elle favorise les de\u0301fenses naturelles de la peau et redonne une apparence sante\u0301 de jeunesse au cou et au de\u0301collete\u0301.<\/p>\n<p>Formule\u0301e d\u2019un extrait biotech d\u2019algue rouge (Gigartina Stellata), d\u2019extrait de cellules souches de plante, d\u2019un lysat de ferment de bacte\u0301ries, d\u2019extrait de Plantago Lanceolata et de vitamine B3 (niacinamide), elle transforme l\u2019aspect de la peau de\u0300s la premie\u0300re application. Sa texture riche et fondante laisse la peau lisse et repulpe\u0301e*.<\/p>\n<div class=\"page\" title=\"Page 1\">\n<div class=\"layoutArea\">\n<div class=\"column\">\n<p>*En termes d\u2019apparence et\/ou de sensation<\/p>\n<\/div>\n<\/div>\n<\/div>\n<\/div>\n<\/div>\n<\/div>\n","protected":false},"excerpt":{"rendered":"<p>Une cre\u0300me nourrissante, remodelante et liftante*. Elle remode\u0300le l\u2019ovale du visage. Diminue l\u2019apparence du double menton, des rides et des ridules tout en redonnant souplesse et e\u0301lasticite\u0301 a\u0300 la peau. Elle favorise les de\u0301fenses naturelles de la peau et redonne une apparence sante\u0301 de jeunesse au cou et au de\u0301collete\u0301. Formule\u0301e d\u2019un extrait biotech d\u2019algue &hellip;<\/p>\n","protected":false},"featured_media":5865,"template":"","meta":{"_acf_changed":false,"_genesis_hide_title":false,"_genesis_hide_breadcrumbs":false,"_genesis_hide_singular_image":false,"_genesis_hide_footer_widgets":false,"_genesis_custom_body_class":"","_genesis_custom_post_class":"","_genesis_layout":""},"product_cat":[37,18],"product_tag":[],"giftcard-category":[],"class_list":{"0":"post-5864","1":"product","2":"type-product","3":"status-publish","4":"has-post-thumbnail","6":"product_cat-produits","7":"product_cat-aquafolia","8":"entry","10":"first","11":"instock","12":"taxable","13":"shipping-taxable","14":"purchasable","15":"product-type-simple"},"acf":[],"yoast_head":"<!-- This site is optimized with the Yoast SEO plugin v22.5 - https:\/\/yoast.com\/wordpress\/plugins\/seo\/ -->\n<title>Aquafolia- Cr\u00e8me raffermissante cou et d\u00e9collet\u00e9 - Spa Sant\u00e9 Le N\u00e9nuphar<\/title>\n<meta name=\"robots\" content=\"noindex, follow, max-snippet:-1, max-image-preview:large, max-video-preview:-1\" \/>\n<meta property=\"og:locale\" content=\"fr_CA\" \/>\n<meta property=\"og:type\" content=\"article\" \/>\n<meta property=\"og:title\" content=\"Aquafolia- Cr\u00e8me raffermissante cou et d\u00e9collet\u00e9 - Spa Sant\u00e9 Le N\u00e9nuphar\" \/>\n<meta property=\"og:description\" content=\"Une cre\u0300me nourrissante, remodelante et liftante*. Elle remode\u0300le l\u2019ovale du visage. Diminue l\u2019apparence du double menton, des rides et des ridules tout en redonnant souplesse et e\u0301lasticite\u0301 a\u0300 la peau. Elle favorise les de\u0301fenses naturelles de la peau et redonne une apparence sante\u0301 de jeunesse au cou et au de\u0301collete\u0301. Formule\u0301e d\u2019un extrait biotech d\u2019algue &hellip;\" \/>\n<meta property=\"og:url\" content=\"https:\/\/publissoft.dev\/spasante\/produit\/aquafolia-creme-raffermissante-cou-et-decollete\/\" \/>\n<meta property=\"og:site_name\" content=\"Spa Sant\u00e9 Le N\u00e9nuphar\" \/>\n<meta property=\"article:publisher\" content=\"https:\/\/www.facebook.com\/SpaSanteLeNenuphar\" \/>\n<meta property=\"article:modified_time\" content=\"2023-09-26T19:08:48+00:00\" \/>\n<meta property=\"og:image\" content=\"https:\/\/publissoft.dev\/spasante\/wp-content\/uploads\/2023\/09\/Capture-decran-le-2023-09-26-a-14.53.51.png\" \/>\n\t<meta property=\"og:image:width\" content=\"974\" \/>\n\t<meta property=\"og:image:height\" content=\"790\" \/>\n\t<meta property=\"og:image:type\" content=\"image\/png\" \/>\n<meta name=\"twitter:card\" content=\"summary_large_image\" \/>\n<meta name=\"twitter:label1\" content=\"Estimation du temps de lecture\" \/>\n\t<meta name=\"twitter:data1\" content=\"1 minute\" \/>\n<script type=\"application\/ld+json\" class=\"yoast-schema-graph\">{\"@context\":\"https:\/\/schema.org\",\"@graph\":[{\"@type\":\"WebPage\",\"@id\":\"https:\/\/publissoft.dev\/spasante\/produit\/aquafolia-creme-raffermissante-cou-et-decollete\/\",\"url\":\"https:\/\/publissoft.dev\/spasante\/produit\/aquafolia-creme-raffermissante-cou-et-decollete\/\",\"name\":\"Aquafolia- Cr\u00e8me raffermissante cou et d\u00e9collet\u00e9 - Spa Sant\u00e9 Le N\u00e9nuphar\",\"isPartOf\":{\"@id\":\"https:\/\/publissoft.dev\/spasante\/#website\"},\"primaryImageOfPage\":{\"@id\":\"https:\/\/publissoft.dev\/spasante\/produit\/aquafolia-creme-raffermissante-cou-et-decollete\/#primaryimage\"},\"image\":{\"@id\":\"https:\/\/publissoft.dev\/spasante\/produit\/aquafolia-creme-raffermissante-cou-et-decollete\/#primaryimage\"},\"thumbnailUrl\":\"https:\/\/publissoft.dev\/spasante\/wp-content\/uploads\/2023\/09\/Capture-decran-le-2023-09-26-a-14.53.51.png\",\"datePublished\":\"2023-09-26T19:04:53+00:00\",\"dateModified\":\"2023-09-26T19:08:48+00:00\",\"breadcrumb\":{\"@id\":\"https:\/\/publissoft.dev\/spasante\/produit\/aquafolia-creme-raffermissante-cou-et-decollete\/#breadcrumb\"},\"inLanguage\":\"fr-CA\",\"potentialAction\":[{\"@type\":\"ReadAction\",\"target\":[\"https:\/\/publissoft.dev\/spasante\/produit\/aquafolia-creme-raffermissante-cou-et-decollete\/\"]}]},{\"@type\":\"ImageObject\",\"inLanguage\":\"fr-CA\",\"@id\":\"https:\/\/publissoft.dev\/spasante\/produit\/aquafolia-creme-raffermissante-cou-et-decollete\/#primaryimage\",\"url\":\"https:\/\/publissoft.dev\/spasante\/wp-content\/uploads\/2023\/09\/Capture-decran-le-2023-09-26-a-14.53.51.png\",\"contentUrl\":\"https:\/\/publissoft.dev\/spasante\/wp-content\/uploads\/2023\/09\/Capture-decran-le-2023-09-26-a-14.53.51.png\",\"width\":974,\"height\":790},{\"@type\":\"BreadcrumbList\",\"@id\":\"https:\/\/publissoft.dev\/spasante\/produit\/aquafolia-creme-raffermissante-cou-et-decollete\/#breadcrumb\",\"itemListElement\":[{\"@type\":\"ListItem\",\"position\":1,\"name\":\"Accueil\",\"item\":\"https:\/\/publissoft.dev\/spasante\/\"},{\"@type\":\"ListItem\",\"position\":2,\"name\":\"Boutique\",\"item\":\"https:\/\/publissoft.dev\/spasante\/boutique\/\"},{\"@type\":\"ListItem\",\"position\":3,\"name\":\"Aquafolia- Cr\u00e8me raffermissante cou et d\u00e9collet\u00e9\"}]},{\"@type\":\"WebSite\",\"@id\":\"https:\/\/publissoft.dev\/spasante\/#website\",\"url\":\"https:\/\/publissoft.dev\/spasante\/\",\"name\":\"Spa Sant\u00e9 Le N\u00e9nuphar\",\"description\":\"\",\"publisher\":{\"@id\":\"https:\/\/publissoft.dev\/spasante\/#organization\"},\"potentialAction\":[{\"@type\":\"SearchAction\",\"target\":{\"@type\":\"EntryPoint\",\"urlTemplate\":\"https:\/\/publissoft.dev\/spasante\/?s={search_term_string}\"},\"query-input\":\"required name=search_term_string\"}],\"inLanguage\":\"fr-CA\"},{\"@type\":\"Organization\",\"@id\":\"https:\/\/publissoft.dev\/spasante\/#organization\",\"name\":\"Spa Sant\u00e9 Le N\u00e9nuphar\",\"url\":\"https:\/\/publissoft.dev\/spasante\/\",\"logo\":{\"@type\":\"ImageObject\",\"inLanguage\":\"fr-CA\",\"@id\":\"https:\/\/publissoft.dev\/spasante\/#\/schema\/logo\/image\/\",\"url\":\"https:\/\/publissoft.dev\/spasante\/wp-content\/uploads\/2022\/11\/logo-jpg.jpeg\",\"contentUrl\":\"https:\/\/publissoft.dev\/spasante\/wp-content\/uploads\/2022\/11\/logo-jpg.jpeg\",\"width\":900,\"height\":900,\"caption\":\"Spa Sant\u00e9 Le N\u00e9nuphar\"},\"image\":{\"@id\":\"https:\/\/publissoft.dev\/spasante\/#\/schema\/logo\/image\/\"},\"sameAs\":[\"https:\/\/www.facebook.com\/SpaSanteLeNenuphar\",\"https:\/\/www.instagram.com\/spasantelenenuphar\/?hl=fr\"]}]}<\/script>\n<!-- \/ Yoast SEO plugin. -->","yoast_head_json":{"title":"Aquafolia- Cr\u00e8me raffermissante cou et d\u00e9collet\u00e9 - Spa Sant\u00e9 Le N\u00e9nuphar","robots":{"index":"noindex","follow":"follow","max-snippet":"max-snippet:-1","max-image-preview":"max-image-preview:large","max-video-preview":"max-video-preview:-1"},"og_locale":"fr_CA","og_type":"article","og_title":"Aquafolia- Cr\u00e8me raffermissante cou et d\u00e9collet\u00e9 - Spa Sant\u00e9 Le N\u00e9nuphar","og_description":"Une cre\u0300me nourrissante, remodelante et liftante*. Elle remode\u0300le l\u2019ovale du visage. Diminue l\u2019apparence du double menton, des rides et des ridules tout en redonnant souplesse et e\u0301lasticite\u0301 a\u0300 la peau. Elle favorise les de\u0301fenses naturelles de la peau et redonne une apparence sante\u0301 de jeunesse au cou et au de\u0301collete\u0301. Formule\u0301e d\u2019un extrait biotech d\u2019algue &hellip;","og_url":"https:\/\/publissoft.dev\/spasante\/produit\/aquafolia-creme-raffermissante-cou-et-decollete\/","og_site_name":"Spa Sant\u00e9 Le N\u00e9nuphar","article_publisher":"https:\/\/www.facebook.com\/SpaSanteLeNenuphar","article_modified_time":"2023-09-26T19:08:48+00:00","og_image":[{"width":974,"height":790,"url":"https:\/\/publissoft.dev\/spasante\/wp-content\/uploads\/2023\/09\/Capture-decran-le-2023-09-26-a-14.53.51.png","type":"image\/png"}],"twitter_card":"summary_large_image","twitter_misc":{"Estimation du temps de lecture":"1 minute"},"schema":{"@context":"https:\/\/schema.org","@graph":[{"@type":"WebPage","@id":"https:\/\/publissoft.dev\/spasante\/produit\/aquafolia-creme-raffermissante-cou-et-decollete\/","url":"https:\/\/publissoft.dev\/spasante\/produit\/aquafolia-creme-raffermissante-cou-et-decollete\/","name":"Aquafolia- Cr\u00e8me raffermissante cou et d\u00e9collet\u00e9 - Spa Sant\u00e9 Le N\u00e9nuphar","isPartOf":{"@id":"https:\/\/publissoft.dev\/spasante\/#website"},"primaryImageOfPage":{"@id":"https:\/\/publissoft.dev\/spasante\/produit\/aquafolia-creme-raffermissante-cou-et-decollete\/#primaryimage"},"image":{"@id":"https:\/\/publissoft.dev\/spasante\/produit\/aquafolia-creme-raffermissante-cou-et-decollete\/#primaryimage"},"thumbnailUrl":"https:\/\/publissoft.dev\/spasante\/wp-content\/uploads\/2023\/09\/Capture-decran-le-2023-09-26-a-14.53.51.png","datePublished":"2023-09-26T19:04:53+00:00","dateModified":"2023-09-26T19:08:48+00:00","breadcrumb":{"@id":"https:\/\/publissoft.dev\/spasante\/produit\/aquafolia-creme-raffermissante-cou-et-decollete\/#breadcrumb"},"inLanguage":"fr-CA","potentialAction":[{"@type":"ReadAction","target":["https:\/\/publissoft.dev\/spasante\/produit\/aquafolia-creme-raffermissante-cou-et-decollete\/"]}]},{"@type":"ImageObject","inLanguage":"fr-CA","@id":"https:\/\/publissoft.dev\/spasante\/produit\/aquafolia-creme-raffermissante-cou-et-decollete\/#primaryimage","url":"https:\/\/publissoft.dev\/spasante\/wp-content\/uploads\/2023\/09\/Capture-decran-le-2023-09-26-a-14.53.51.png","contentUrl":"https:\/\/publissoft.dev\/spasante\/wp-content\/uploads\/2023\/09\/Capture-decran-le-2023-09-26-a-14.53.51.png","width":974,"height":790},{"@type":"BreadcrumbList","@id":"https:\/\/publissoft.dev\/spasante\/produit\/aquafolia-creme-raffermissante-cou-et-decollete\/#breadcrumb","itemListElement":[{"@type":"ListItem","position":1,"name":"Accueil","item":"https:\/\/publissoft.dev\/spasante\/"},{"@type":"ListItem","position":2,"name":"Boutique","item":"https:\/\/publissoft.dev\/spasante\/boutique\/"},{"@type":"ListItem","position":3,"name":"Aquafolia- Cr\u00e8me raffermissante cou et d\u00e9collet\u00e9"}]},{"@type":"WebSite","@id":"https:\/\/publissoft.dev\/spasante\/#website","url":"https:\/\/publissoft.dev\/spasante\/","name":"Spa Sant\u00e9 Le N\u00e9nuphar","description":"","publisher":{"@id":"https:\/\/publissoft.dev\/spasante\/#organization"},"potentialAction":[{"@type":"SearchAction","target":{"@type":"EntryPoint","urlTemplate":"https:\/\/publissoft.dev\/spasante\/?s={search_term_string}"},"query-input":"required name=search_term_string"}],"inLanguage":"fr-CA"},{"@type":"Organization","@id":"https:\/\/publissoft.dev\/spasante\/#organization","name":"Spa Sant\u00e9 Le N\u00e9nuphar","url":"https:\/\/publissoft.dev\/spasante\/","logo":{"@type":"ImageObject","inLanguage":"fr-CA","@id":"https:\/\/publissoft.dev\/spasante\/#\/schema\/logo\/image\/","url":"https:\/\/publissoft.dev\/spasante\/wp-content\/uploads\/2022\/11\/logo-jpg.jpeg","contentUrl":"https:\/\/publissoft.dev\/spasante\/wp-content\/uploads\/2022\/11\/logo-jpg.jpeg","width":900,"height":900,"caption":"Spa Sant\u00e9 Le N\u00e9nuphar"},"image":{"@id":"https:\/\/publissoft.dev\/spasante\/#\/schema\/logo\/image\/"},"sameAs":["https:\/\/www.facebook.com\/SpaSanteLeNenuphar","https:\/\/www.instagram.com\/spasantelenenuphar\/?hl=fr"]}]}},"_links":{"self":[{"href":"https:\/\/publissoft.dev\/spasante\/wp-json\/wp\/v2\/product\/5864","targetHints":{"allow":["GET"]}}],"collection":[{"href":"https:\/\/publissoft.dev\/spasante\/wp-json\/wp\/v2\/product"}],"about":[{"href":"https:\/\/publissoft.dev\/spasante\/wp-json\/wp\/v2\/types\/product"}],"wp:featuredmedia":[{"embeddable":true,"href":"https:\/\/publissoft.dev\/spasante\/wp-json\/wp\/v2\/media\/5865"}],"wp:attachment":[{"href":"https:\/\/publissoft.dev\/spasante\/wp-json\/wp\/v2\/media?parent=5864"}],"wp:term":[{"taxonomy":"product_cat","embeddable":true,"href":"https:\/\/publissoft.dev\/spasante\/wp-json\/wp\/v2\/product_cat?post=5864"},{"taxonomy":"product_tag","embeddable":true,"href":"https:\/\/publissoft.dev\/spasante\/wp-json\/wp\/v2\/product_tag?post=5864"},{"taxonomy":"giftcard-category","embeddable":true,"href":"https:\/\/publissoft.dev\/spasante\/wp-json\/wp\/v2\/giftcard-category?post=5864"}],"curies":[{"name":"wp","href":"https:\/\/api.w.org\/{rel}","templated":true}]}}