{"id":5972,"date":"2023-10-09T09:43:09","date_gmt":"2023-10-09T13:43:09","guid":{"rendered":"https:\/\/publissoft.dev\/spasante\/?post_type=product&#038;p=5972"},"modified":"2024-03-27T10:14:47","modified_gmt":"2024-03-27T14:14:47","slug":"vivier-lotion-traitement-contre-lacne-30-ml","status":"publish","type":"product","link":"https:\/\/publissoft.dev\/spasante\/produit\/vivier-lotion-traitement-contre-lacne-30-ml\/","title":{"rendered":"Vivier &#8211; Lotion traitement contre l&#8217;acn\u00e9 30 ml"},"content":{"rendered":"<p>Description:<\/p>\n<p>Une lotion efficace pour combattre l&#8217;acn\u00e9 et contr\u00f4ler les imperfections, avec 5% de peroxyde de benzoyle, USP, qui \u00e9limine et pr\u00e9vient la formation de nouveaux boutons d&#8217;acn\u00e9, de points noirs et de points blancs. La peau est radieuse et claire.<\/p>\n<p>&nbsp;<\/p>\n<p>Utilisation:<\/p>\n<p>Nettoyez et tonifiez votre visage et appliquez vos s\u00e9rum l\u00e9ger avant de l&#8217;utiliser. Avec le bout des doigts, appliquez une couche fine et uniforme de lotion traitement contre l&#8217;acn\u00e9 sur les zones concern\u00e9es. Appliquez ensuite une cr\u00e8me hydratante et un \u00e9cran solaire si vous le souhaitez.<\/p>\n<div class=\"usage-details-wrapper\">\n<h6><\/h6>\n<h6>*D\u00c9TAILS<\/h6>\n<p>Commencer par une application par jour, puis augmenter graduellement la fr\u00e9quence jusqu\u2019\u00e0 deux ou trois applications par jour, au besoin.<\/p>\n<p>Pour le adultes et enfants 12 ans et plus. Il est conseill\u00e9 aux nouveaux utilisateurs de faire un essai pr\u00e9liminaire en appliquant le produit sur une petite zone une fois par jour pendant trois jours et de surveiller l&#8217;apparition d&#8217;une irritation ou d&#8217;une r\u00e9action..<\/p>\n<\/div>\n","protected":false},"excerpt":{"rendered":"<p>Description: Une lotion efficace pour combattre l&#8217;acn\u00e9 et contr\u00f4ler les imperfections, avec 5% de peroxyde de benzoyle, USP, qui \u00e9limine et pr\u00e9vient la formation de nouveaux boutons d&#8217;acn\u00e9, de points noirs et de points blancs. La peau est radieuse et claire. &nbsp; Utilisation: Nettoyez et tonifiez votre visage et appliquez vos s\u00e9rum l\u00e9ger avant de &hellip;<\/p>\n","protected":false},"featured_media":5973,"template":"","meta":{"_acf_changed":false,"_genesis_hide_title":false,"_genesis_hide_breadcrumbs":false,"_genesis_hide_singular_image":false,"_genesis_hide_footer_widgets":false,"_genesis_custom_body_class":"","_genesis_custom_post_class":"","_genesis_layout":""},"product_cat":[37,87],"product_tag":[],"giftcard-category":[],"class_list":{"0":"post-5972","1":"product","2":"type-product","3":"status-publish","4":"has-post-thumbnail","6":"product_cat-produits","7":"product_cat-vivier","8":"entry","10":"first","11":"instock","12":"taxable","13":"shipping-taxable","14":"purchasable","15":"product-type-simple"},"acf":[],"yoast_head":"<!-- This site is optimized with the Yoast SEO plugin v22.5 - https:\/\/yoast.com\/wordpress\/plugins\/seo\/ -->\n<title>Vivier - Lotion traitement contre l&#039;acn\u00e9 30 ml - Spa Sant\u00e9 Le N\u00e9nuphar<\/title>\n<meta name=\"robots\" content=\"noindex, follow, max-snippet:-1, max-image-preview:large, max-video-preview:-1\" \/>\n<meta property=\"og:locale\" content=\"fr_CA\" \/>\n<meta property=\"og:type\" content=\"article\" \/>\n<meta property=\"og:title\" content=\"Vivier - Lotion traitement contre l&#039;acn\u00e9 30 ml - Spa Sant\u00e9 Le N\u00e9nuphar\" \/>\n<meta property=\"og:description\" content=\"Description: Une lotion efficace pour combattre l&#8217;acn\u00e9 et contr\u00f4ler les imperfections, avec 5% de peroxyde de benzoyle, USP, qui \u00e9limine et pr\u00e9vient la formation de nouveaux boutons d&#8217;acn\u00e9, de points noirs et de points blancs. La peau est radieuse et claire. &nbsp; Utilisation: Nettoyez et tonifiez votre visage et appliquez vos s\u00e9rum l\u00e9ger avant de &hellip;\" \/>\n<meta property=\"og:url\" content=\"https:\/\/publissoft.dev\/spasante\/produit\/vivier-lotion-traitement-contre-lacne-30-ml\/\" \/>\n<meta property=\"og:site_name\" content=\"Spa Sant\u00e9 Le N\u00e9nuphar\" \/>\n<meta property=\"article:publisher\" content=\"https:\/\/www.facebook.com\/SpaSanteLeNenuphar\" \/>\n<meta property=\"article:modified_time\" content=\"2024-03-27T14:14:47+00:00\" \/>\n<meta property=\"og:image\" content=\"https:\/\/publissoft.dev\/spasante\/wp-content\/uploads\/2023\/10\/Capture-decran-le-2023-10-09-a-09.41.31.png\" \/>\n\t<meta property=\"og:image:width\" content=\"380\" \/>\n\t<meta property=\"og:image:height\" content=\"706\" \/>\n\t<meta property=\"og:image:type\" content=\"image\/png\" \/>\n<meta name=\"twitter:card\" content=\"summary_large_image\" \/>\n<meta name=\"twitter:label1\" content=\"Estimation du temps de lecture\" \/>\n\t<meta name=\"twitter:data1\" content=\"1 minute\" \/>\n<script type=\"application\/ld+json\" class=\"yoast-schema-graph\">{\"@context\":\"https:\/\/schema.org\",\"@graph\":[{\"@type\":\"WebPage\",\"@id\":\"https:\/\/publissoft.dev\/spasante\/produit\/vivier-lotion-traitement-contre-lacne-30-ml\/\",\"url\":\"https:\/\/publissoft.dev\/spasante\/produit\/vivier-lotion-traitement-contre-lacne-30-ml\/\",\"name\":\"Vivier - Lotion traitement contre l'acn\u00e9 30 ml - Spa Sant\u00e9 Le N\u00e9nuphar\",\"isPartOf\":{\"@id\":\"https:\/\/publissoft.dev\/spasante\/#website\"},\"primaryImageOfPage\":{\"@id\":\"https:\/\/publissoft.dev\/spasante\/produit\/vivier-lotion-traitement-contre-lacne-30-ml\/#primaryimage\"},\"image\":{\"@id\":\"https:\/\/publissoft.dev\/spasante\/produit\/vivier-lotion-traitement-contre-lacne-30-ml\/#primaryimage\"},\"thumbnailUrl\":\"https:\/\/publissoft.dev\/spasante\/wp-content\/uploads\/2023\/10\/Capture-decran-le-2023-10-09-a-09.41.31.png\",\"datePublished\":\"2023-10-09T13:43:09+00:00\",\"dateModified\":\"2024-03-27T14:14:47+00:00\",\"breadcrumb\":{\"@id\":\"https:\/\/publissoft.dev\/spasante\/produit\/vivier-lotion-traitement-contre-lacne-30-ml\/#breadcrumb\"},\"inLanguage\":\"fr-CA\",\"potentialAction\":[{\"@type\":\"ReadAction\",\"target\":[\"https:\/\/publissoft.dev\/spasante\/produit\/vivier-lotion-traitement-contre-lacne-30-ml\/\"]}]},{\"@type\":\"ImageObject\",\"inLanguage\":\"fr-CA\",\"@id\":\"https:\/\/publissoft.dev\/spasante\/produit\/vivier-lotion-traitement-contre-lacne-30-ml\/#primaryimage\",\"url\":\"https:\/\/publissoft.dev\/spasante\/wp-content\/uploads\/2023\/10\/Capture-decran-le-2023-10-09-a-09.41.31.png\",\"contentUrl\":\"https:\/\/publissoft.dev\/spasante\/wp-content\/uploads\/2023\/10\/Capture-decran-le-2023-10-09-a-09.41.31.png\",\"width\":380,\"height\":706},{\"@type\":\"BreadcrumbList\",\"@id\":\"https:\/\/publissoft.dev\/spasante\/produit\/vivier-lotion-traitement-contre-lacne-30-ml\/#breadcrumb\",\"itemListElement\":[{\"@type\":\"ListItem\",\"position\":1,\"name\":\"Accueil\",\"item\":\"https:\/\/publissoft.dev\/spasante\/\"},{\"@type\":\"ListItem\",\"position\":2,\"name\":\"Boutique\",\"item\":\"https:\/\/publissoft.dev\/spasante\/boutique\/\"},{\"@type\":\"ListItem\",\"position\":3,\"name\":\"Vivier &#8211; Lotion traitement contre l&#8217;acn\u00e9 30 ml\"}]},{\"@type\":\"WebSite\",\"@id\":\"https:\/\/publissoft.dev\/spasante\/#website\",\"url\":\"https:\/\/publissoft.dev\/spasante\/\",\"name\":\"Spa Sant\u00e9 Le N\u00e9nuphar\",\"description\":\"\",\"publisher\":{\"@id\":\"https:\/\/publissoft.dev\/spasante\/#organization\"},\"potentialAction\":[{\"@type\":\"SearchAction\",\"target\":{\"@type\":\"EntryPoint\",\"urlTemplate\":\"https:\/\/publissoft.dev\/spasante\/?s={search_term_string}\"},\"query-input\":\"required name=search_term_string\"}],\"inLanguage\":\"fr-CA\"},{\"@type\":\"Organization\",\"@id\":\"https:\/\/publissoft.dev\/spasante\/#organization\",\"name\":\"Spa Sant\u00e9 Le N\u00e9nuphar\",\"url\":\"https:\/\/publissoft.dev\/spasante\/\",\"logo\":{\"@type\":\"ImageObject\",\"inLanguage\":\"fr-CA\",\"@id\":\"https:\/\/publissoft.dev\/spasante\/#\/schema\/logo\/image\/\",\"url\":\"https:\/\/publissoft.dev\/spasante\/wp-content\/uploads\/2022\/11\/logo-jpg.jpeg\",\"contentUrl\":\"https:\/\/publissoft.dev\/spasante\/wp-content\/uploads\/2022\/11\/logo-jpg.jpeg\",\"width\":900,\"height\":900,\"caption\":\"Spa Sant\u00e9 Le N\u00e9nuphar\"},\"image\":{\"@id\":\"https:\/\/publissoft.dev\/spasante\/#\/schema\/logo\/image\/\"},\"sameAs\":[\"https:\/\/www.facebook.com\/SpaSanteLeNenuphar\",\"https:\/\/www.instagram.com\/spasantelenenuphar\/?hl=fr\"]}]}<\/script>\n<!-- \/ Yoast SEO plugin. -->","yoast_head_json":{"title":"Vivier - Lotion traitement contre l'acn\u00e9 30 ml - Spa Sant\u00e9 Le N\u00e9nuphar","robots":{"index":"noindex","follow":"follow","max-snippet":"max-snippet:-1","max-image-preview":"max-image-preview:large","max-video-preview":"max-video-preview:-1"},"og_locale":"fr_CA","og_type":"article","og_title":"Vivier - Lotion traitement contre l'acn\u00e9 30 ml - Spa Sant\u00e9 Le N\u00e9nuphar","og_description":"Description: Une lotion efficace pour combattre l&#8217;acn\u00e9 et contr\u00f4ler les imperfections, avec 5% de peroxyde de benzoyle, USP, qui \u00e9limine et pr\u00e9vient la formation de nouveaux boutons d&#8217;acn\u00e9, de points noirs et de points blancs. La peau est radieuse et claire. &nbsp; Utilisation: Nettoyez et tonifiez votre visage et appliquez vos s\u00e9rum l\u00e9ger avant de &hellip;","og_url":"https:\/\/publissoft.dev\/spasante\/produit\/vivier-lotion-traitement-contre-lacne-30-ml\/","og_site_name":"Spa Sant\u00e9 Le N\u00e9nuphar","article_publisher":"https:\/\/www.facebook.com\/SpaSanteLeNenuphar","article_modified_time":"2024-03-27T14:14:47+00:00","og_image":[{"width":380,"height":706,"url":"https:\/\/publissoft.dev\/spasante\/wp-content\/uploads\/2023\/10\/Capture-decran-le-2023-10-09-a-09.41.31.png","type":"image\/png"}],"twitter_card":"summary_large_image","twitter_misc":{"Estimation du temps de lecture":"1 minute"},"schema":{"@context":"https:\/\/schema.org","@graph":[{"@type":"WebPage","@id":"https:\/\/publissoft.dev\/spasante\/produit\/vivier-lotion-traitement-contre-lacne-30-ml\/","url":"https:\/\/publissoft.dev\/spasante\/produit\/vivier-lotion-traitement-contre-lacne-30-ml\/","name":"Vivier - Lotion traitement contre l'acn\u00e9 30 ml - Spa Sant\u00e9 Le N\u00e9nuphar","isPartOf":{"@id":"https:\/\/publissoft.dev\/spasante\/#website"},"primaryImageOfPage":{"@id":"https:\/\/publissoft.dev\/spasante\/produit\/vivier-lotion-traitement-contre-lacne-30-ml\/#primaryimage"},"image":{"@id":"https:\/\/publissoft.dev\/spasante\/produit\/vivier-lotion-traitement-contre-lacne-30-ml\/#primaryimage"},"thumbnailUrl":"https:\/\/publissoft.dev\/spasante\/wp-content\/uploads\/2023\/10\/Capture-decran-le-2023-10-09-a-09.41.31.png","datePublished":"2023-10-09T13:43:09+00:00","dateModified":"2024-03-27T14:14:47+00:00","breadcrumb":{"@id":"https:\/\/publissoft.dev\/spasante\/produit\/vivier-lotion-traitement-contre-lacne-30-ml\/#breadcrumb"},"inLanguage":"fr-CA","potentialAction":[{"@type":"ReadAction","target":["https:\/\/publissoft.dev\/spasante\/produit\/vivier-lotion-traitement-contre-lacne-30-ml\/"]}]},{"@type":"ImageObject","inLanguage":"fr-CA","@id":"https:\/\/publissoft.dev\/spasante\/produit\/vivier-lotion-traitement-contre-lacne-30-ml\/#primaryimage","url":"https:\/\/publissoft.dev\/spasante\/wp-content\/uploads\/2023\/10\/Capture-decran-le-2023-10-09-a-09.41.31.png","contentUrl":"https:\/\/publissoft.dev\/spasante\/wp-content\/uploads\/2023\/10\/Capture-decran-le-2023-10-09-a-09.41.31.png","width":380,"height":706},{"@type":"BreadcrumbList","@id":"https:\/\/publissoft.dev\/spasante\/produit\/vivier-lotion-traitement-contre-lacne-30-ml\/#breadcrumb","itemListElement":[{"@type":"ListItem","position":1,"name":"Accueil","item":"https:\/\/publissoft.dev\/spasante\/"},{"@type":"ListItem","position":2,"name":"Boutique","item":"https:\/\/publissoft.dev\/spasante\/boutique\/"},{"@type":"ListItem","position":3,"name":"Vivier &#8211; Lotion traitement contre l&#8217;acn\u00e9 30 ml"}]},{"@type":"WebSite","@id":"https:\/\/publissoft.dev\/spasante\/#website","url":"https:\/\/publissoft.dev\/spasante\/","name":"Spa Sant\u00e9 Le N\u00e9nuphar","description":"","publisher":{"@id":"https:\/\/publissoft.dev\/spasante\/#organization"},"potentialAction":[{"@type":"SearchAction","target":{"@type":"EntryPoint","urlTemplate":"https:\/\/publissoft.dev\/spasante\/?s={search_term_string}"},"query-input":"required name=search_term_string"}],"inLanguage":"fr-CA"},{"@type":"Organization","@id":"https:\/\/publissoft.dev\/spasante\/#organization","name":"Spa Sant\u00e9 Le N\u00e9nuphar","url":"https:\/\/publissoft.dev\/spasante\/","logo":{"@type":"ImageObject","inLanguage":"fr-CA","@id":"https:\/\/publissoft.dev\/spasante\/#\/schema\/logo\/image\/","url":"https:\/\/publissoft.dev\/spasante\/wp-content\/uploads\/2022\/11\/logo-jpg.jpeg","contentUrl":"https:\/\/publissoft.dev\/spasante\/wp-content\/uploads\/2022\/11\/logo-jpg.jpeg","width":900,"height":900,"caption":"Spa Sant\u00e9 Le N\u00e9nuphar"},"image":{"@id":"https:\/\/publissoft.dev\/spasante\/#\/schema\/logo\/image\/"},"sameAs":["https:\/\/www.facebook.com\/SpaSanteLeNenuphar","https:\/\/www.instagram.com\/spasantelenenuphar\/?hl=fr"]}]}},"_links":{"self":[{"href":"https:\/\/publissoft.dev\/spasante\/wp-json\/wp\/v2\/product\/5972","targetHints":{"allow":["GET"]}}],"collection":[{"href":"https:\/\/publissoft.dev\/spasante\/wp-json\/wp\/v2\/product"}],"about":[{"href":"https:\/\/publissoft.dev\/spasante\/wp-json\/wp\/v2\/types\/product"}],"wp:featuredmedia":[{"embeddable":true,"href":"https:\/\/publissoft.dev\/spasante\/wp-json\/wp\/v2\/media\/5973"}],"wp:attachment":[{"href":"https:\/\/publissoft.dev\/spasante\/wp-json\/wp\/v2\/media?parent=5972"}],"wp:term":[{"taxonomy":"product_cat","embeddable":true,"href":"https:\/\/publissoft.dev\/spasante\/wp-json\/wp\/v2\/product_cat?post=5972"},{"taxonomy":"product_tag","embeddable":true,"href":"https:\/\/publissoft.dev\/spasante\/wp-json\/wp\/v2\/product_tag?post=5972"},{"taxonomy":"giftcard-category","embeddable":true,"href":"https:\/\/publissoft.dev\/spasante\/wp-json\/wp\/v2\/giftcard-category?post=5972"}],"curies":[{"name":"wp","href":"https:\/\/api.w.org\/{rel}","templated":true}]}}