{"id":7379,"date":"2024-02-12T11:28:46","date_gmt":"2024-02-12T16:28:46","guid":{"rendered":"https:\/\/publissoft.dev\/spasante\/?post_type=product&#038;p=7379"},"modified":"2024-02-12T11:28:47","modified_gmt":"2024-02-12T16:28:47","slug":"aquafolia-baume-a-levres-aux-epinards","status":"publish","type":"product","link":"https:\/\/publissoft.dev\/spasante\/produit\/aquafolia-baume-a-levres-aux-epinards\/","title":{"rendered":"Aquafolia &#8211; Baume \u00e0 l\u00e8vres aux \u00e9pinards"},"content":{"rendered":"<div class=\"woocommerce-product-details__short-description\">\n<p>R\u00e9parateur, hydratant, repulpant et anti-rides<\/p>\n<\/div>\n<p class=\"font-weight-bold mb-1\"><strong>Description<\/strong><\/p>\n<p>Cet applicateur ergonomique sensoriel <i>airless\u00a0<\/i><i>finger touch<\/i>\u2009 peut \u00eatre nettoy\u00e9 et permet d\u2019emp\u00eacher toute contamination directe, contrairement aux autres produits en pot, appliqu\u00e9s avec les doigts. Cet emballage permet la protection d\u2019une formule hydratante<sup>\u2756<\/sup>.<\/p>\n","protected":false},"excerpt":{"rendered":"<p>R\u00e9parateur, hydratant, repulpant et anti-rides Description Cet applicateur ergonomique sensoriel airless\u00a0finger touch\u2009 peut \u00eatre nettoy\u00e9 et permet d\u2019emp\u00eacher toute contamination directe, contrairement aux autres produits en pot, appliqu\u00e9s avec les doigts. Cet emballage permet la protection d\u2019une formule hydratante\u2756.<\/p>\n","protected":false},"featured_media":7380,"template":"","meta":{"_acf_changed":false,"_genesis_hide_title":false,"_genesis_hide_breadcrumbs":false,"_genesis_hide_singular_image":false,"_genesis_hide_footer_widgets":false,"_genesis_custom_body_class":"","_genesis_custom_post_class":"","_genesis_layout":""},"product_cat":[37,18],"product_tag":[],"giftcard-category":[],"class_list":{"0":"post-7379","1":"product","2":"type-product","3":"status-publish","4":"has-post-thumbnail","6":"product_cat-produits","7":"product_cat-aquafolia","8":"entry","10":"first","11":"instock","12":"taxable","13":"shipping-taxable","14":"purchasable","15":"product-type-simple"},"acf":[],"yoast_head":"<!-- This site is optimized with the Yoast SEO plugin v22.5 - https:\/\/yoast.com\/wordpress\/plugins\/seo\/ -->\n<title>Aquafolia - Baume \u00e0 l\u00e8vres aux \u00e9pinards - Spa Sant\u00e9 Le N\u00e9nuphar<\/title>\n<meta name=\"robots\" content=\"noindex, follow, max-snippet:-1, max-image-preview:large, max-video-preview:-1\" \/>\n<meta property=\"og:locale\" content=\"fr_CA\" \/>\n<meta property=\"og:type\" content=\"article\" \/>\n<meta property=\"og:title\" content=\"Aquafolia - Baume \u00e0 l\u00e8vres aux \u00e9pinards - Spa Sant\u00e9 Le N\u00e9nuphar\" \/>\n<meta property=\"og:description\" content=\"R\u00e9parateur, hydratant, repulpant et anti-rides Description Cet applicateur ergonomique sensoriel airless\u00a0finger touch\u2009 peut \u00eatre nettoy\u00e9 et permet d\u2019emp\u00eacher toute contamination directe, contrairement aux autres produits en pot, appliqu\u00e9s avec les doigts. Cet emballage permet la protection d\u2019une formule hydratante\u2756.\" \/>\n<meta property=\"og:url\" content=\"https:\/\/publissoft.dev\/spasante\/produit\/aquafolia-baume-a-levres-aux-epinards\/\" \/>\n<meta property=\"og:site_name\" content=\"Spa Sant\u00e9 Le N\u00e9nuphar\" \/>\n<meta property=\"article:publisher\" content=\"https:\/\/www.facebook.com\/SpaSanteLeNenuphar\" \/>\n<meta property=\"article:modified_time\" content=\"2024-02-12T16:28:47+00:00\" \/>\n<meta property=\"og:image\" content=\"https:\/\/publissoft.dev\/spasante\/wp-content\/uploads\/2024\/02\/Capture-decran-le-2024-02-12-a-11.25.51.png\" \/>\n\t<meta property=\"og:image:width\" content=\"974\" \/>\n\t<meta property=\"og:image:height\" content=\"1024\" \/>\n\t<meta property=\"og:image:type\" content=\"image\/png\" \/>\n<meta name=\"twitter:card\" content=\"summary_large_image\" \/>\n<meta name=\"twitter:label1\" content=\"Estimation du temps de lecture\" \/>\n\t<meta name=\"twitter:data1\" content=\"1 minute\" \/>\n<script type=\"application\/ld+json\" class=\"yoast-schema-graph\">{\"@context\":\"https:\/\/schema.org\",\"@graph\":[{\"@type\":\"WebPage\",\"@id\":\"https:\/\/publissoft.dev\/spasante\/produit\/aquafolia-baume-a-levres-aux-epinards\/\",\"url\":\"https:\/\/publissoft.dev\/spasante\/produit\/aquafolia-baume-a-levres-aux-epinards\/\",\"name\":\"Aquafolia - Baume \u00e0 l\u00e8vres aux \u00e9pinards - Spa Sant\u00e9 Le N\u00e9nuphar\",\"isPartOf\":{\"@id\":\"https:\/\/publissoft.dev\/spasante\/#website\"},\"primaryImageOfPage\":{\"@id\":\"https:\/\/publissoft.dev\/spasante\/produit\/aquafolia-baume-a-levres-aux-epinards\/#primaryimage\"},\"image\":{\"@id\":\"https:\/\/publissoft.dev\/spasante\/produit\/aquafolia-baume-a-levres-aux-epinards\/#primaryimage\"},\"thumbnailUrl\":\"https:\/\/publissoft.dev\/spasante\/wp-content\/uploads\/2024\/02\/Capture-decran-le-2024-02-12-a-11.25.51.png\",\"datePublished\":\"2024-02-12T16:28:46+00:00\",\"dateModified\":\"2024-02-12T16:28:47+00:00\",\"breadcrumb\":{\"@id\":\"https:\/\/publissoft.dev\/spasante\/produit\/aquafolia-baume-a-levres-aux-epinards\/#breadcrumb\"},\"inLanguage\":\"fr-CA\",\"potentialAction\":[{\"@type\":\"ReadAction\",\"target\":[\"https:\/\/publissoft.dev\/spasante\/produit\/aquafolia-baume-a-levres-aux-epinards\/\"]}]},{\"@type\":\"ImageObject\",\"inLanguage\":\"fr-CA\",\"@id\":\"https:\/\/publissoft.dev\/spasante\/produit\/aquafolia-baume-a-levres-aux-epinards\/#primaryimage\",\"url\":\"https:\/\/publissoft.dev\/spasante\/wp-content\/uploads\/2024\/02\/Capture-decran-le-2024-02-12-a-11.25.51.png\",\"contentUrl\":\"https:\/\/publissoft.dev\/spasante\/wp-content\/uploads\/2024\/02\/Capture-decran-le-2024-02-12-a-11.25.51.png\",\"width\":974,\"height\":1024},{\"@type\":\"BreadcrumbList\",\"@id\":\"https:\/\/publissoft.dev\/spasante\/produit\/aquafolia-baume-a-levres-aux-epinards\/#breadcrumb\",\"itemListElement\":[{\"@type\":\"ListItem\",\"position\":1,\"name\":\"Accueil\",\"item\":\"https:\/\/publissoft.dev\/spasante\/\"},{\"@type\":\"ListItem\",\"position\":2,\"name\":\"Boutique\",\"item\":\"https:\/\/publissoft.dev\/spasante\/boutique\/\"},{\"@type\":\"ListItem\",\"position\":3,\"name\":\"Aquafolia &#8211; Baume \u00e0 l\u00e8vres aux \u00e9pinards\"}]},{\"@type\":\"WebSite\",\"@id\":\"https:\/\/publissoft.dev\/spasante\/#website\",\"url\":\"https:\/\/publissoft.dev\/spasante\/\",\"name\":\"Spa Sant\u00e9 Le N\u00e9nuphar\",\"description\":\"\",\"publisher\":{\"@id\":\"https:\/\/publissoft.dev\/spasante\/#organization\"},\"potentialAction\":[{\"@type\":\"SearchAction\",\"target\":{\"@type\":\"EntryPoint\",\"urlTemplate\":\"https:\/\/publissoft.dev\/spasante\/?s={search_term_string}\"},\"query-input\":\"required name=search_term_string\"}],\"inLanguage\":\"fr-CA\"},{\"@type\":\"Organization\",\"@id\":\"https:\/\/publissoft.dev\/spasante\/#organization\",\"name\":\"Spa Sant\u00e9 Le N\u00e9nuphar\",\"url\":\"https:\/\/publissoft.dev\/spasante\/\",\"logo\":{\"@type\":\"ImageObject\",\"inLanguage\":\"fr-CA\",\"@id\":\"https:\/\/publissoft.dev\/spasante\/#\/schema\/logo\/image\/\",\"url\":\"https:\/\/publissoft.dev\/spasante\/wp-content\/uploads\/2022\/11\/logo-jpg.jpeg\",\"contentUrl\":\"https:\/\/publissoft.dev\/spasante\/wp-content\/uploads\/2022\/11\/logo-jpg.jpeg\",\"width\":900,\"height\":900,\"caption\":\"Spa Sant\u00e9 Le N\u00e9nuphar\"},\"image\":{\"@id\":\"https:\/\/publissoft.dev\/spasante\/#\/schema\/logo\/image\/\"},\"sameAs\":[\"https:\/\/www.facebook.com\/SpaSanteLeNenuphar\",\"https:\/\/www.instagram.com\/spasantelenenuphar\/?hl=fr\"]}]}<\/script>\n<!-- \/ Yoast SEO plugin. -->","yoast_head_json":{"title":"Aquafolia - Baume \u00e0 l\u00e8vres aux \u00e9pinards - Spa Sant\u00e9 Le N\u00e9nuphar","robots":{"index":"noindex","follow":"follow","max-snippet":"max-snippet:-1","max-image-preview":"max-image-preview:large","max-video-preview":"max-video-preview:-1"},"og_locale":"fr_CA","og_type":"article","og_title":"Aquafolia - Baume \u00e0 l\u00e8vres aux \u00e9pinards - Spa Sant\u00e9 Le N\u00e9nuphar","og_description":"R\u00e9parateur, hydratant, repulpant et anti-rides Description Cet applicateur ergonomique sensoriel airless\u00a0finger touch\u2009 peut \u00eatre nettoy\u00e9 et permet d\u2019emp\u00eacher toute contamination directe, contrairement aux autres produits en pot, appliqu\u00e9s avec les doigts. Cet emballage permet la protection d\u2019une formule hydratante\u2756.","og_url":"https:\/\/publissoft.dev\/spasante\/produit\/aquafolia-baume-a-levres-aux-epinards\/","og_site_name":"Spa Sant\u00e9 Le N\u00e9nuphar","article_publisher":"https:\/\/www.facebook.com\/SpaSanteLeNenuphar","article_modified_time":"2024-02-12T16:28:47+00:00","og_image":[{"width":974,"height":1024,"url":"https:\/\/publissoft.dev\/spasante\/wp-content\/uploads\/2024\/02\/Capture-decran-le-2024-02-12-a-11.25.51.png","type":"image\/png"}],"twitter_card":"summary_large_image","twitter_misc":{"Estimation du temps de lecture":"1 minute"},"schema":{"@context":"https:\/\/schema.org","@graph":[{"@type":"WebPage","@id":"https:\/\/publissoft.dev\/spasante\/produit\/aquafolia-baume-a-levres-aux-epinards\/","url":"https:\/\/publissoft.dev\/spasante\/produit\/aquafolia-baume-a-levres-aux-epinards\/","name":"Aquafolia - Baume \u00e0 l\u00e8vres aux \u00e9pinards - Spa Sant\u00e9 Le N\u00e9nuphar","isPartOf":{"@id":"https:\/\/publissoft.dev\/spasante\/#website"},"primaryImageOfPage":{"@id":"https:\/\/publissoft.dev\/spasante\/produit\/aquafolia-baume-a-levres-aux-epinards\/#primaryimage"},"image":{"@id":"https:\/\/publissoft.dev\/spasante\/produit\/aquafolia-baume-a-levres-aux-epinards\/#primaryimage"},"thumbnailUrl":"https:\/\/publissoft.dev\/spasante\/wp-content\/uploads\/2024\/02\/Capture-decran-le-2024-02-12-a-11.25.51.png","datePublished":"2024-02-12T16:28:46+00:00","dateModified":"2024-02-12T16:28:47+00:00","breadcrumb":{"@id":"https:\/\/publissoft.dev\/spasante\/produit\/aquafolia-baume-a-levres-aux-epinards\/#breadcrumb"},"inLanguage":"fr-CA","potentialAction":[{"@type":"ReadAction","target":["https:\/\/publissoft.dev\/spasante\/produit\/aquafolia-baume-a-levres-aux-epinards\/"]}]},{"@type":"ImageObject","inLanguage":"fr-CA","@id":"https:\/\/publissoft.dev\/spasante\/produit\/aquafolia-baume-a-levres-aux-epinards\/#primaryimage","url":"https:\/\/publissoft.dev\/spasante\/wp-content\/uploads\/2024\/02\/Capture-decran-le-2024-02-12-a-11.25.51.png","contentUrl":"https:\/\/publissoft.dev\/spasante\/wp-content\/uploads\/2024\/02\/Capture-decran-le-2024-02-12-a-11.25.51.png","width":974,"height":1024},{"@type":"BreadcrumbList","@id":"https:\/\/publissoft.dev\/spasante\/produit\/aquafolia-baume-a-levres-aux-epinards\/#breadcrumb","itemListElement":[{"@type":"ListItem","position":1,"name":"Accueil","item":"https:\/\/publissoft.dev\/spasante\/"},{"@type":"ListItem","position":2,"name":"Boutique","item":"https:\/\/publissoft.dev\/spasante\/boutique\/"},{"@type":"ListItem","position":3,"name":"Aquafolia &#8211; Baume \u00e0 l\u00e8vres aux \u00e9pinards"}]},{"@type":"WebSite","@id":"https:\/\/publissoft.dev\/spasante\/#website","url":"https:\/\/publissoft.dev\/spasante\/","name":"Spa Sant\u00e9 Le N\u00e9nuphar","description":"","publisher":{"@id":"https:\/\/publissoft.dev\/spasante\/#organization"},"potentialAction":[{"@type":"SearchAction","target":{"@type":"EntryPoint","urlTemplate":"https:\/\/publissoft.dev\/spasante\/?s={search_term_string}"},"query-input":"required name=search_term_string"}],"inLanguage":"fr-CA"},{"@type":"Organization","@id":"https:\/\/publissoft.dev\/spasante\/#organization","name":"Spa Sant\u00e9 Le N\u00e9nuphar","url":"https:\/\/publissoft.dev\/spasante\/","logo":{"@type":"ImageObject","inLanguage":"fr-CA","@id":"https:\/\/publissoft.dev\/spasante\/#\/schema\/logo\/image\/","url":"https:\/\/publissoft.dev\/spasante\/wp-content\/uploads\/2022\/11\/logo-jpg.jpeg","contentUrl":"https:\/\/publissoft.dev\/spasante\/wp-content\/uploads\/2022\/11\/logo-jpg.jpeg","width":900,"height":900,"caption":"Spa Sant\u00e9 Le N\u00e9nuphar"},"image":{"@id":"https:\/\/publissoft.dev\/spasante\/#\/schema\/logo\/image\/"},"sameAs":["https:\/\/www.facebook.com\/SpaSanteLeNenuphar","https:\/\/www.instagram.com\/spasantelenenuphar\/?hl=fr"]}]}},"_links":{"self":[{"href":"https:\/\/publissoft.dev\/spasante\/wp-json\/wp\/v2\/product\/7379","targetHints":{"allow":["GET"]}}],"collection":[{"href":"https:\/\/publissoft.dev\/spasante\/wp-json\/wp\/v2\/product"}],"about":[{"href":"https:\/\/publissoft.dev\/spasante\/wp-json\/wp\/v2\/types\/product"}],"wp:featuredmedia":[{"embeddable":true,"href":"https:\/\/publissoft.dev\/spasante\/wp-json\/wp\/v2\/media\/7380"}],"wp:attachment":[{"href":"https:\/\/publissoft.dev\/spasante\/wp-json\/wp\/v2\/media?parent=7379"}],"wp:term":[{"taxonomy":"product_cat","embeddable":true,"href":"https:\/\/publissoft.dev\/spasante\/wp-json\/wp\/v2\/product_cat?post=7379"},{"taxonomy":"product_tag","embeddable":true,"href":"https:\/\/publissoft.dev\/spasante\/wp-json\/wp\/v2\/product_tag?post=7379"},{"taxonomy":"giftcard-category","embeddable":true,"href":"https:\/\/publissoft.dev\/spasante\/wp-json\/wp\/v2\/giftcard-category?post=7379"}],"curies":[{"name":"wp","href":"https:\/\/api.w.org\/{rel}","templated":true}]}}